000
CDUS41 KCAR 070548
CLICAR


CLIMATE REPORT
NATIONAL WEATHER SERVICE CARIBOU, ME
148 AM EDT SAT APR 7 2018


...................................

...THE CARIBOU ME CLIMATE SUMMARY FOR APRIL 6 2018...

CLIMATE NORMAL PERIOD 1981 TO 2010
CLIMATE RECORD PERIOD 1939 TO 2018


WEATHER ITEM   OBSERVED TIME   RECORD YEAR NORMAL DEPARTURE LAST
                VALUE   (LST)  VALUE       VALUE  FROM      YEAR
                                                  NORMAL
..................................................................
TEMPERATURE (F)
 YESTERDAY
  MAXIMUM         36    327 PM  62    2010  43     -7       44
  MINIMUM          8    453 AM  -4    2015  25    -17       33
  AVERAGE         22                        34    -12       39

PRECIPITATION (IN)
  YESTERDAY        0.03          0.72 1952   0.08  -0.05     0.50
  MONTH TO DATE    1.04                      0.50   0.54     0.69
  SINCE MAR 1      3.74                      3.01   0.73     3.41
  SINCE JAN 1     11.24                      7.93   3.31     9.03

SNOWFALL (IN)
  YESTERDAY        0.9           2.9  1994   0.3    0.6      0.0
  MONTH TO DATE    6.2                       2.3    3.9      1.4
  SINCE MAR 1     32.3                      20.6   11.7     25.0
  SINCE JUL 1    134.6                     103.1   31.5    121.6
  SNOW DEPTH      20

DEGREE DAYS
 HEATING
  YESTERDAY       43                        31     12       26
  MONTH TO DATE  223                       195     28      183
  SINCE MAR 1   1340                      1449   -109     1566
  SINCE JUL 1   7543                      8170   -627     7547

 COOLING
  YESTERDAY        0                         0      0        0
  MONTH TO DATE    0                         0      0        0
  SINCE MAR 1      0                         0      0        0
  SINCE JAN 1      0                         0      0        0
..................................................................


WIND (MPH)
  HIGHEST WIND SPEED    20   HIGHEST WIND DIRECTION    SW (210)
  HIGHEST GUST SPEED    27   HIGHEST GUST DIRECTION    SW (210)
  AVERAGE WIND SPEED     9.0


SKY COVER
  POSSIBLE SUNSHINE  MM
  AVERAGE SKY COVER 0.4


WEATHER CONDITIONS
 THE FOLLOWING WEATHER WAS RECORDED YESTERDAY.
  LIGHT SNOW
  FOG


RELATIVE HUMIDITY (PERCENT)
 HIGHEST    85          1100 PM
 LOWEST     32           300 PM
 AVERAGE    59

..........................................................


THE CARIBOU ME CLIMATE NORMALS FOR TODAY
                         NORMAL    RECORD    YEAR
 MAXIMUM TEMPERATURE (F)   43        60      1993
 MINIMUM TEMPERATURE (F)   26         8      1943


SUNRISE AND SUNSET
APRIL  7 2018.........SUNRISE   600 AM EDT   SUNSET   710 PM EDT
APRIL  8 2018.........SUNRISE   558 AM EDT   SUNSET   711 PM EDT


-  INDICATES NEGATIVE NUMBERS.
R  INDICATES RECORD WAS SET OR TIED.
MM INDICATES DATA IS MISSING.
T  INDICATES TRACE AMOUNT.




$$
