000
CDUS41 KCAR 142026
CLICAR


CLIMATE REPORT
NATIONAL WEATHER SERVICE CARIBOU, ME
426 PM EDT SAT APR 14 2018


...................................

...THE CARIBOU ME CLIMATE SUMMARY FOR APRIL 14 2018...
VALID TODAY AS OF 0400 PM LOCAL TIME.

CLIMATE NORMAL PERIOD 1981 TO 2010
CLIMATE RECORD PERIOD 1939 TO 2018


WEATHER ITEM   OBSERVED TIME   RECORD YEAR NORMAL DEPARTURE LAST
                VALUE   (LST)  VALUE       VALUE  FROM      YEAR
                                                  NORMAL
..................................................................
TEMPERATURE (F)
 TODAY
  MAXIMUM         38   1237 AM  67    1968  47     -9       53
  MINIMUM         24   1123 AM   8    1985  29     -5       31
  AVERAGE         31                        38     -7       42

PRECIPITATION (IN)
  TODAY            0.00          0.65 1952   0.09  -0.09     0.00
  MONTH TO DATE    1.32                      1.23   0.09     1.60
  SINCE MAR 1      4.02                      3.74   0.28     4.32
  SINCE JAN 1     11.52                      8.66   2.86     9.94

SNOWFALL (IN)
  TODAY            0.0           2.9  1961   0.3   -0.3      0.0
  MONTH TO DATE    8.7                       4.8    3.9      1.4
  SINCE MAR 1     34.8                      23.1   11.7     25.0
  SINCE JUL 1    137.1                     105.6   31.5    121.6
  SNOW DEPTH      15

DEGREE DAYS
 HEATING
  TODAY           34                        27      7       23
  MONTH TO DATE  499                       427     72      357
  SINCE MAR 1   1616                      1681    -65     1740
  SINCE JUL 1   7819                      8402   -583     7721

 COOLING
  TODAY            0                         0      0        0
  MONTH TO DATE    0                         0      0        0
  SINCE MAR 1      0                         0      0        0
  SINCE JAN 1      0                         0      0        0
..................................................................


WIND (MPH)
  HIGHEST WIND SPEED    25   HIGHEST WIND DIRECTION    NW (320)
  HIGHEST GUST SPEED    37   HIGHEST GUST DIRECTION    NW (310)
  AVERAGE WIND SPEED    16.4


SKY COVER
  POSSIBLE SUNSHINE  MM
  AVERAGE SKY COVER 0.1


WEATHER CONDITIONS
 THE FOLLOWING WEATHER WAS RECORDED TODAY.
  NO SIGNIFICANT WEATHER WAS OBSERVED.


RELATIVE HUMIDITY (PERCENT)
 HIGHEST    70          1200 AM
 LOWEST     36          1100 AM
 AVERAGE    53

..........................................................


THE CARIBOU ME CLIMATE NORMALS FOR TOMORROW
                         NORMAL    RECORD    YEAR
 MAXIMUM TEMPERATURE (F)   47        65      2012
                                             1994
                                             1987
 MINIMUM TEMPERATURE (F)   30        13      1981


SUNRISE AND SUNSET
APRIL 14 2018.........SUNRISE   546 AM EDT   SUNSET   719 PM EDT
APRIL 15 2018.........SUNRISE   545 AM EDT   SUNSET   720 PM EDT


-  INDICATES NEGATIVE NUMBERS.
R  INDICATES RECORD WAS SET OR TIED.
MM INDICATES DATA IS MISSING.
T  INDICATES TRACE AMOUNT.




$$
