000
CDUS41 KCAR 052026
CLICAR


CLIMATE REPORT
NATIONAL WEATHER SERVICE CARIBOU, ME
426 PM EDT THU APR 5 2018


...................................

...THE CARIBOU ME CLIMATE SUMMARY FOR APRIL 5 2018...
VALID TODAY AS OF 0400 PM LOCAL TIME.

CLIMATE NORMAL PERIOD 1981 TO 2010
CLIMATE RECORD PERIOD 1939 TO 2018


WEATHER ITEM   OBSERVED TIME   RECORD YEAR NORMAL DEPARTURE LAST
                VALUE   (LST)  VALUE       VALUE  FROM      YEAR
                                                  NORMAL
..................................................................
TEMPERATURE (F)
 TODAY
  MAXIMUM         29    202 AM  66    2010  42    -13       34
  MINIMUM         17   1015 AM   1    1995  25     -8       29
  AVERAGE         23                        33    -10       32

PRECIPITATION (IN)
  TODAY            T             1.05 2007   0.08  -0.08     0.18
  MONTH TO DATE    1.01                      0.42   0.59     0.19
  SINCE MAR 1      3.71                      2.93   0.78     2.91
  SINCE JAN 1     11.21                      7.85   3.36     8.53

SNOWFALL (IN)
  TODAY            T             9.9  2007   0.4   -0.4      1.2
  MONTH TO DATE    5.3                       2.0    3.3      1.4
  SINCE MAR 1     31.4                      20.3   11.1     25.0
  SINCE JUL 1    133.7                     102.8   30.9    121.6
  SNOW DEPTH      21

DEGREE DAYS
 HEATING
  TODAY           42                        32     10       33
  MONTH TO DATE  178                       164     14      157
  SINCE MAR 1   1295                      1418   -123     1540
  SINCE JUL 1   7498                      8139   -641     7521

 COOLING
  TODAY            0                         0      0        0
  MONTH TO DATE    0                         0      0        0
  SINCE MAR 1      0                         0      0        0
  SINCE JAN 1      0                         0      0        0
..................................................................


WIND (MPH)
  HIGHEST WIND SPEED    29   HIGHEST WIND DIRECTION     W (250)
  HIGHEST GUST SPEED    41   HIGHEST GUST DIRECTION     W (250)
  AVERAGE WIND SPEED    15.6


SKY COVER
  POSSIBLE SUNSHINE  MM
  AVERAGE SKY COVER 1.0


WEATHER CONDITIONS
 THE FOLLOWING WEATHER WAS RECORDED TODAY.
  LIGHT SNOW
  HAZE


RELATIVE HUMIDITY (PERCENT)
 HIGHEST    92          1200 AM
 LOWEST     51          1200 PM
 AVERAGE    72

..........................................................


THE CARIBOU ME CLIMATE NORMALS FOR TOMORROW
                         NORMAL    RECORD    YEAR
 MAXIMUM TEMPERATURE (F)   43        62      2010
 MINIMUM TEMPERATURE (F)   25        -4      2015


SUNRISE AND SUNSET
APRIL  5 2018.........SUNRISE   604 AM EDT   SUNSET   707 PM EDT
APRIL  6 2018.........SUNRISE   602 AM EDT   SUNSET   708 PM EDT


-  INDICATES NEGATIVE NUMBERS.
R  INDICATES RECORD WAS SET OR TIED.
MM INDICATES DATA IS MISSING.
T  INDICATES TRACE AMOUNT.




$$
