000
CDUS41 KCAR 090546
CLICAR


CLIMATE REPORT
NATIONAL WEATHER SERVICE CARIBOU, ME
146 AM EDT MON APR 9 2018


...................................

...THE CARIBOU ME CLIMATE SUMMARY FOR APRIL 8 2018...

CLIMATE NORMAL PERIOD 1981 TO 2010
CLIMATE RECORD PERIOD 1939 TO 2018


WEATHER ITEM   OBSERVED TIME   RECORD YEAR NORMAL DEPARTURE LAST
                VALUE   (LST)  VALUE       VALUE  FROM      YEAR
                                                  NORMAL
..................................................................
TEMPERATURE (F)
 YESTERDAY
  MAXIMUM         37   1117 AM  61    1945  44     -7       43
  MINIMUM         18   1159 PM   2    1943  26     -8       34
  AVERAGE         28                        35     -7       39

PRECIPITATION (IN)
  YESTERDAY        0.00          0.56 2016   0.09  -0.09     0.11
                                      2012
  MONTH TO DATE    1.18                      0.68   0.50     1.01
  SINCE MAR 1      3.88                      3.19   0.69     3.73
  SINCE JAN 1     11.38                      8.11   3.27     9.35

SNOWFALL (IN)
  YESTERDAY        0.0           6.2  2012   0.4   -0.4       T
  MONTH TO DATE    7.8                       3.0    4.8      1.4
  SINCE MAR 1     33.9                      21.3   12.6     25.0
  SINCE JUL 1    136.2                     103.8   32.4    121.6
  SNOW DEPTH      21

DEGREE DAYS
 HEATING
  YESTERDAY       37                        30      7       26
  MONTH TO DATE  293                       256     37      231
  SINCE MAR 1   1410                      1510   -100     1614
  SINCE JUL 1   7613                      8231   -618     7595

 COOLING
  YESTERDAY        0                         0      0        0
  MONTH TO DATE    0                         0      0        0
  SINCE MAR 1      0                         0      0        0
  SINCE JAN 1      0                         0      0        0
..................................................................


WIND (MPH)
  HIGHEST WIND SPEED    17   HIGHEST WIND DIRECTION     N (350)
  HIGHEST GUST SPEED    25   HIGHEST GUST DIRECTION     N (340)
  AVERAGE WIND SPEED     7.4


SKY COVER
  POSSIBLE SUNSHINE  MM
  AVERAGE SKY COVER 0.2


WEATHER CONDITIONS
 THE FOLLOWING WEATHER WAS RECORDED YESTERDAY.
  NO SIGNIFICANT WEATHER WAS OBSERVED.


RELATIVE HUMIDITY (PERCENT)
 HIGHEST    84           400 AM
 LOWEST     29          1100 AM
 AVERAGE    57

..........................................................


THE CARIBOU ME CLIMATE NORMALS FOR TODAY
                         NORMAL    RECORD    YEAR
 MAXIMUM TEMPERATURE (F)   44        71      1981
 MINIMUM TEMPERATURE (F)   27        11      1974
                                             1943


SUNRISE AND SUNSET
APRIL  9 2018.........SUNRISE   556 AM EDT   SUNSET   712 PM EDT
APRIL 10 2018.........SUNRISE   554 AM EDT   SUNSET   714 PM EDT


-  INDICATES NEGATIVE NUMBERS.
R  INDICATES RECORD WAS SET OR TIED.
MM INDICATES DATA IS MISSING.
T  INDICATES TRACE AMOUNT.




$$
