000
CDUS41 KCAR 020555
CLICAR


CLIMATE REPORT
NATIONAL WEATHER SERVICE CARIBOU, ME
151 AM EDT MON APR 2 2018


...................................

...THE CARIBOU ME CLIMATE SUMMARY FOR APRIL 1 2018...

CLIMATE NORMAL PERIOD 1981 TO 2010
CLIMATE RECORD PERIOD 1939 TO 2018


WEATHER ITEM   OBSERVED TIME   RECORD YEAR NORMAL DEPARTURE LAST
                VALUE   (LST)  VALUE       VALUE  FROM      YEAR
                                                  NORMAL
..................................................................
TEMPERATURE (F)
 YESTERDAY
  MAXIMUM         45   1251 PM  66    1986  40      5       40
  MINIMUM         26   1159 PM   2    1964  23      3       27
  AVERAGE         36                        32      4       34

PRECIPITATION (IN)
  YESTERDAY        T             0.76 2002   0.08  -0.08     0.00
  MONTH TO DATE    T                         0.08  -0.08     0.00
  SINCE MAR 1      2.70                      2.59   0.11     2.72
  SINCE JAN 1     10.20                      7.51   2.69     8.34

SNOWFALL (IN)
  YESTERDAY        0.0           7.5  2011   0.4   -0.4      0.0
  MONTH TO DATE    0.0                       0.4   -0.4      0.0
  SINCE MAR 1     26.1                      18.7    7.4     23.6
  SINCE JUL 1    128.4                     101.2   27.2    120.2
  SNOW DEPTH      20

DEGREE DAYS
 HEATING
  YESTERDAY       29                        34     -5       31
  MONTH TO DATE   29                        34     -5       31
  SINCE MAR 1   1146                      1288   -142     1414
  SINCE JUL 1   7349                      8009   -660     7395

 COOLING
  YESTERDAY        0                         0      0        0
  MONTH TO DATE    0                         0      0        0
  SINCE MAR 1      0                         0      0        0
  SINCE JAN 1      0                         0      0        0
..................................................................


WIND (MPH)
  HIGHEST WIND SPEED    28   HIGHEST WIND DIRECTION     W (250)
  HIGHEST GUST SPEED    39   HIGHEST GUST DIRECTION     W (260)
  AVERAGE WIND SPEED    14.3


SKY COVER
  POSSIBLE SUNSHINE  MM
  AVERAGE SKY COVER 0.7


WEATHER CONDITIONS
 THE FOLLOWING WEATHER WAS RECORDED YESTERDAY.
  LIGHT RAIN


RELATIVE HUMIDITY (PERCENT)
 HIGHEST    75           500 AM
 LOWEST     33           200 PM
 AVERAGE    54

..........................................................


THE CARIBOU ME CLIMATE NORMALS FOR TODAY
                         NORMAL    RECORD    YEAR
 MAXIMUM TEMPERATURE (F)   41        68      2010
 MINIMUM TEMPERATURE (F)   23        -2      1964


SUNRISE AND SUNSET
APRIL  2 2018.........SUNRISE   609 AM EDT   SUNSET   703 PM EDT
APRIL  3 2018.........SUNRISE   607 AM EDT   SUNSET   704 PM EDT


-  INDICATES NEGATIVE NUMBERS.
R  INDICATES RECORD WAS SET OR TIED.
MM INDICATES DATA IS MISSING.
T  INDICATES TRACE AMOUNT.




$$
