000
CDUS41 KCAR 290555
CLICAR


CLIMATE REPORT
NATIONAL WEATHER SERVICE CARIBOU, ME
150 AM EDT THU MAR 29 2018


...................................

...THE CARIBOU ME CLIMATE SUMMARY FOR MARCH 28 2018...

CLIMATE NORMAL PERIOD 1981 TO 2010
CLIMATE RECORD PERIOD 1939 TO 2018


WEATHER ITEM   OBSERVED TIME   RECORD YEAR NORMAL DEPARTURE LAST
                VALUE   (LST)  VALUE       VALUE  FROM      YEAR
                                                  NORMAL
..................................................................
TEMPERATURE (F)
 YESTERDAY
  MAXIMUM         45    122 PM  64    1993  38      7       32
  MINIMUM         30   1159 PM  -7    1974  21      9       25
  AVERAGE         38                        30      8       29

PRECIPITATION (IN)
  YESTERDAY        0.01          0.71 1991   0.08  -0.07     0.32
  MONTH TO DATE    2.06                      2.27  -0.21     2.72
  SINCE MAR 1      2.06                      2.27  -0.21     2.72
  SINCE JAN 1      9.56                      7.19   2.37     8.34

SNOWFALL (IN)
  YESTERDAY        0.2           3.0  2017   0.4   -0.2      3.0
  MONTH TO DATE   26.1                      17.0    9.1     23.6
  SINCE MAR 1     26.1                      17.0    9.1     23.6
  SINCE JUL 1    128.4                      99.5   28.9    120.2
  SNOW DEPTH      24

DEGREE DAYS
 HEATING
  YESTERDAY       27                        35     -8       36
  MONTH TO DATE 1031                      1150   -119     1278
  SINCE MAR 1   1031                      1150   -119     1278
  SINCE JUL 1   7234                      7871   -637     7259

 COOLING
  YESTERDAY        0                         0      0        0
  MONTH TO DATE    0                         0      0        0
  SINCE MAR 1      0                         0      0        0
  SINCE JAN 1      0                         0      0        0
..................................................................


WIND (MPH)
  HIGHEST WIND SPEED    13   HIGHEST WIND DIRECTION     N (340)
  HIGHEST GUST SPEED    16   HIGHEST GUST DIRECTION     N (340)
  AVERAGE WIND SPEED     3.7


SKY COVER
  POSSIBLE SUNSHINE  MM
  AVERAGE SKY COVER 0.9


WEATHER CONDITIONS
 THE FOLLOWING WEATHER WAS RECORDED YESTERDAY.
  LIGHT SNOW
  SLEET


RELATIVE HUMIDITY (PERCENT)
 HIGHEST    75          1000 PM
 LOWEST     47          1200 AM
 AVERAGE    61

..........................................................


THE CARIBOU ME CLIMATE NORMALS FOR TODAY
                         NORMAL    RECORD    YEAR
 MAXIMUM TEMPERATURE (F)   39        58      1986
                                             1945
 MINIMUM TEMPERATURE (F)   21        -3      1974


SUNRISE AND SUNSET
MARCH 29 2018.........SUNRISE   617 AM EDT   SUNSET   657 PM EDT
MARCH 30 2018.........SUNRISE   615 AM EDT   SUNSET   659 PM EDT


-  INDICATES NEGATIVE NUMBERS.
R  INDICATES RECORD WAS SET OR TIED.
MM INDICATES DATA IS MISSING.
T  INDICATES TRACE AMOUNT.




$$
