000
CDUS41 KCAR 010547
CLICAR


CLIMATE REPORT
NATIONAL WEATHER SERVICE CARIBOU, ME
147 AM EDT TUE MAY 1 2018


...................................

...THE CARIBOU ME CLIMATE SUMMARY FOR APRIL 30 2018...

CLIMATE NORMAL PERIOD 1981 TO 2010
CLIMATE RECORD PERIOD 1939 TO 2018


WEATHER ITEM   OBSERVED TIME   RECORD YEAR NORMAL DEPARTURE LAST
                VALUE   (LST)  VALUE       VALUE  FROM      YEAR
                                                  NORMAL
..................................................................
TEMPERATURE (F)
 YESTERDAY
  MAXIMUM         45   1227 PM  82    2004  56    -11       55
  MINIMUM         39   1159 PM  23    1943  36      3       34
  AVERAGE         42                        46     -4       45

PRECIPITATION (IN)
  YESTERDAY        0.97R         0.63 1947   0.09   0.88     0.00
  MONTH TO DATE    4.62                      2.66   1.96     3.86
  SINCE MAR 1      7.32                      5.17   2.15     6.58
  SINCE JAN 1     14.82                     10.09   4.73    12.20

SNOWFALL (IN)
  YESTERDAY        0.0           2.0  1943   0.1   -0.1      0.0
  MONTH TO DATE    8.8                       7.4    1.4      9.4
  SINCE MAR 1     34.9                      25.7    9.2     33.0
  SINCE JUL 1    137.2                     108.2   29.0    129.6
  SNOW DEPTH       T

DEGREE DAYS
 HEATING
  YESTERDAY       23                        19      4       20
  MONTH TO DATE  869                       795     74      704
  SINCE MAR 1   1986                      2045    -59     2087
  SINCE JUL 1   8189                      8766   -577     8068

 COOLING
  YESTERDAY        0                         0      0        0
  MONTH TO DATE    0                         0      0        0
  SINCE MAR 1      0                         0      0        0
  SINCE JAN 1      0                         0      0        0
..................................................................


WIND (MPH)
  HIGHEST WIND SPEED    16   HIGHEST WIND DIRECTION     N (20)
  HIGHEST GUST SPEED    20   HIGHEST GUST DIRECTION     E (70)
  AVERAGE WIND SPEED     7.7


SKY COVER
  POSSIBLE SUNSHINE  MM
  AVERAGE SKY COVER 1.0


WEATHER CONDITIONS
 THE FOLLOWING WEATHER WAS RECORDED YESTERDAY.
  RAIN
  LIGHT RAIN
  FOG


RELATIVE HUMIDITY (PERCENT)
 HIGHEST    93           700 PM
 LOWEST     83          1200 AM
 AVERAGE    88

..........................................................


THE CARIBOU ME CLIMATE NORMALS FOR TODAY
                         NORMAL    RECORD    YEAR
 MAXIMUM TEMPERATURE (F)   56        83      2004
 MINIMUM TEMPERATURE (F)   36        24      1978
                                             1974


SUNRISE AND SUNSET
MAY  1 2018...........SUNRISE   517 AM EDT   SUNSET   742 PM EDT
MAY  2 2018...........SUNRISE   515 AM EDT   SUNSET   744 PM EDT


-  INDICATES NEGATIVE NUMBERS.
R  INDICATES RECORD WAS SET OR TIED.
MM INDICATES DATA IS MISSING.
T  INDICATES TRACE AMOUNT.




$$
