000
CDUS41 KCAR 242026
CLICAR


CLIMATE REPORT
NATIONAL WEATHER SERVICE CARIBOU, ME
426 PM EDT THU MAY 24 2018


...................................

...THE CARIBOU ME CLIMATE SUMMARY FOR MAY 24 2018...
VALID TODAY AS OF 0400 PM LOCAL TIME.

CLIMATE NORMAL PERIOD 1981 TO 2010
CLIMATE RECORD PERIOD 1939 TO 2018


WEATHER ITEM   OBSERVED TIME   RECORD YEAR NORMAL DEPARTURE LAST
                VALUE   (LST)  VALUE       VALUE  FROM      YEAR
                                                  NORMAL
..................................................................
TEMPERATURE (F)
 TODAY
  MAXIMUM         64    259 PM  94    1977  66     -2       71
  MINIMUM         33    403 AM  28    1956  43    -10       43
  AVERAGE         49                        54     -5       57

PRECIPITATION (IN)
  TODAY            0.00          1.14 1955   0.12  -0.12     0.00
  MONTH TO DATE    1.93                      2.53  -0.60     3.73
  SINCE MAR 1      9.25                      7.70   1.55    10.31
  SINCE JAN 1     16.75                     12.62   4.13    15.93

SNOWFALL (IN)
  TODAY            0.0           0.0  2002   0.0    0.0      0.0
  MONTH TO DATE    0.0                       0.5   -0.5       T
  SINCE MAR 1     34.9                      26.2    8.7     33.0
  SINCE JUL 1    137.2                     108.7   28.5    129.6
  SNOW DEPTH       0

DEGREE DAYS
 HEATING
  TODAY           16                        11      5        8
  MONTH TO DATE  323                       354    -31      316
  SINCE MAR 1   2309                      2399    -90     2403
  SINCE JUL 1   8512                      9120   -608     8384

 COOLING
  TODAY            0                         0      0        0
  MONTH TO DATE    0                         0      0        6
  SINCE MAR 1      0                         0      0        6
  SINCE JAN 1      0                         0      0        6
..................................................................


WIND (MPH)
  HIGHEST WIND SPEED    13   HIGHEST WIND DIRECTION    SW (240)
  HIGHEST GUST SPEED    18   HIGHEST GUST DIRECTION    SW (240)
  AVERAGE WIND SPEED     2.9


SKY COVER
  POSSIBLE SUNSHINE  MM
  AVERAGE SKY COVER 0.5


WEATHER CONDITIONS
 THE FOLLOWING WEATHER WAS RECORDED TODAY.
  FOG


RELATIVE HUMIDITY (PERCENT)
 HIGHEST    96           100 AM
 LOWEST     25           200 PM
 AVERAGE    61

..........................................................


THE CARIBOU ME CLIMATE NORMALS FOR TOMORROW
                         NORMAL    RECORD    YEAR
 MAXIMUM TEMPERATURE (F)   66        91      2007
 MINIMUM TEMPERATURE (F)   43        27      1956


SUNRISE AND SUNSET
MAY 24 2018...........SUNRISE   448 AM EDT   SUNSET   811 PM EDT
MAY 25 2018...........SUNRISE   447 AM EDT   SUNSET   812 PM EDT


-  INDICATES NEGATIVE NUMBERS.
R  INDICATES RECORD WAS SET OR TIED.
MM INDICATES DATA IS MISSING.
T  INDICATES TRACE AMOUNT.




$$
