000
CDUS41 KCAR 201202
CLICAR


CLIMATE REPORT
NATIONAL WEATHER SERVICE CARIBOU, ME
751 AM EDT FRI APR 20 2018


...................................

...THE CARIBOU ME CLIMATE SUMMARY FOR APRIL 19 2018...

CLIMATE NORMAL PERIOD 1981 TO 2010
CLIMATE RECORD PERIOD 1939 TO 2018


WEATHER ITEM   OBSERVED TIME   RECORD YEAR NORMAL DEPARTURE LAST
                VALUE   (LST)  VALUE       VALUE  FROM      YEAR
                                                  NORMAL
..................................................................
TEMPERATURE (F)
 YESTERDAY
  MAXIMUM         47    322 PM  72    1987  50     -3       45
  MINIMUM         34    311 AM  17    1961  31      3       30
  AVERAGE         41                        40      1       38

PRECIPITATION (IN)
  YESTERDAY        0.06          0.75 1968   0.09  -0.03     0.18
  MONTH TO DATE    2.29                      1.69   0.60     2.46
  SINCE MAR 1      4.99                      4.20   0.79     5.18
  SINCE JAN 1     12.49                      9.12   3.37    10.80

SNOWFALL (IN)
  YESTERDAY        0.0           3.7  1949   0.3   -0.3      1.1
  MONTH TO DATE    8.7                       6.1    2.6      3.0
  SINCE MAR 1     34.8                      24.4   10.4     26.6
  SINCE JUL 1    137.1                     106.9   30.2    123.2
  SNOW DEPTH      11

DEGREE DAYS
 HEATING
  YESTERDAY       24                        25     -1       27
  MONTH TO DATE  656                       556    100      480
  SINCE MAR 1   1773                      1810    -37     1863
  SINCE JUL 1   7976                      8531   -555     7844

 COOLING
  YESTERDAY        0                         0      0        0
  MONTH TO DATE    0                         0      0        0
  SINCE MAR 1      0                         0      0        0
  SINCE JAN 1      0                         0      0        0
..................................................................


WIND (MPH)
  HIGHEST WIND SPEED    12   HIGHEST WIND DIRECTION     N (10)
  HIGHEST GUST SPEED    14   HIGHEST GUST DIRECTION     N (350)
  AVERAGE WIND SPEED     3.7


SKY COVER
  POSSIBLE SUNSHINE  MM
  AVERAGE SKY COVER 0.9


WEATHER CONDITIONS
 THE FOLLOWING WEATHER WAS RECORDED YESTERDAY.
  LIGHT RAIN
  FOG


RELATIVE HUMIDITY (PERCENT)
 HIGHEST    92           200 AM
 LOWEST     42           400 PM
 AVERAGE    67

..........................................................


THE CARIBOU ME CLIMATE NORMALS FOR TODAY
                         NORMAL    RECORD    YEAR
 MAXIMUM TEMPERATURE (F)   50        76      1987
 MINIMUM TEMPERATURE (F)   32        15      1947


SUNRISE AND SUNSET
APRIL 20 2018.........SUNRISE   535 AM EDT   SUNSET   727 PM EDT
APRIL 21 2018.........SUNRISE   534 AM EDT   SUNSET   729 PM EDT


-  INDICATES NEGATIVE NUMBERS.
R  INDICATES RECORD WAS SET OR TIED.
MM INDICATES DATA IS MISSING.
T  INDICATES TRACE AMOUNT.




$$
