390
CXUS54 KLZK 011131
CF6CCA
PRELIMINARY LOCAL CLIMATOLOGICAL DATA (WS FORM: F-6)
STATION: Clinton
MONTH: JUNE
YEAR: 2020
LATITUDE: 35 32 N
LONGITUDE: 92 22 W
TEMPERATURE IN F: :PCPN: SNOW: WIND :SUNSHINE: SKY :PK WND
================================================================================
1 2 3 4 5 6A 6B 7 8 9 10 11 12 13 14 15 16 17 18
12Z AVG MX 2MIN
DY MAX MIN AVG DEP HDD CDD WTR SNW DPTH SPD SPD DIR MIN PSBL S-S WX SPD DR
================================================================================
1 81 55 68 M 0 3 0.00 M M 1.0 9 100 M M 0 18 13 99
2 84 55 70 M 0 5 0.00 M M 1.9 8 230 M M 2 12 14 230
3 86 64 75 M 0 10 0.81 M M 2.1 10 210 M M 3 13 20 99
4 82 66 74 M 0 9 0.03 M M 1.1 6 230 M M 3 13 13 0
5 93 66 80 M 0 15 0.00 M M 0.5 7 220 M M 2 18 M M
6 90 70 80 M 0 15 0.00 M M 2.3 8 140 M M 3 12 13 99
7 91 66 79 M 0 14 0.00 M M 2.3 9 100 M M 1 1 14 99
8 81 68 75 M 0 10 1.33 M M 2.7 7 99 M M 6 1 14 99
9 90 70 80 M 0 15 0.19 M M 7.0 14 200 M M 7 1 24 190
10 77 57 67 M 0 2 0.00 M M 6.6 16 300 M M 5 25 270
11 84 52 68 M 0 3 0.00 M M 1.3 8 350 M M 0 1 13 99
12 88 55 72 M 0 7 0.00 M M 0.6 5 99 M M 0 M M
13 91 61 76 M 0 11 0.00 M M 0.9 5 99 M M 0 M M
14 88 63 76 M 0 11 0.00 M M 1.8 7 130 M M 0 1 M M
15 88 63 76 M 0 11 0.00 M M 1.3 6 130 M M 1 1 M M
16 82 61 72 M 0 7 0.00 M M 1.3 6 130 M M 4 18 M M
17 84 55 70 M 0 5 0.00 M M 0.8 6 100 M M 1 18 M M
18 88 57 73 M 0 8 0.00 M M 1.8 6 99 M M 0 12 99
19 90 63 77 M 0 12 0.00 M M 2.1 9 130 M M 2 1 15 200
20 86 66 76 M 0 11 0.15 M M 1.8 9 150 M M 6 13 14 0
21 86 66 76 M 0 11 0.01 M M 1.4 8 210 M M 6 1 M M
22 84 70 77 M 0 12 0.04 M M 2.1 7 170 M M 6 1 M M
23 86 66 76 M 0 11 0.00 M M 0.7 6 330 M M 4 1 M M
24 84 63 74 M 0 9 0.00 M M 1.0 6 99 M M 2 12 99
25 88 59 74 M 0 9 0.00 M M 1.4 7 140 M M 1 14 140
26 84 66 75 M 0 10 0.13 M M 3.6 8 210 M M 8 18 20 210
27 90 70 80 M 0 15 0.00 M M 3.7 12 220 M M 7 18 20 220
28 90 70 80 M 0 15 0.00 M M 3.5 12 210 M M 6 1 18 220
29 81 73 77 M 0 12 0.03 M M 2.1 10 170 M M 8 13 20 170
30 90 73 82 M 0 17 0.00 M M 4.3 13 200 M M 6 18 17 210
================================================================================
SM 2587 1909 0 305 2.72 M 65.0 M 100
================================================================================
AV 86.2 63.6 2.2 FASTST M M 3 MAX(MPH)
MISC ----> # 16 300 # 25 270
================================================================================
NOTES:
# LAST OF SEVERAL OCCURRENCES
COLUMN 17 PEAK WIND IN M.P.H.
PRELIMINARY LOCAL CLIMATOLOGICAL DATA (WS FORM: F-6) , PAGE 2
STATION: Clinton
MONTH: JUNE
YEAR: 2020
LATITUDE: 35 32 N
LONGITUDE: 92 22 W
[TEMPERATURE DATA] [PRECIPITATION DATA] SYMBOLS USED IN COLUMN 16
AVERAGE MONTHLY: 74.9 TOTAL FOR MONTH: 2.72 1 = FOG OR MIST
DPTR FM NORMAL: M DPTR FM NORMAL: M 2 = FOG REDUCING VISIBILITY
HIGHEST: 93 ON 5 GRTST 24HR 1.33 ON 8- 8 TO 1/4 MILE OR LESS
LOWEST: 52 ON 11 3 = THUNDER
SNOW, ICE PELLETS, HAIL 4 = ICE PELLETS
TOTAL MONTH: M 5 = HAIL
GRTST 24HR M ON M 6 = FREEZING RAIN OR DRIZZLE
GRTST DEPTH: M ON M 7 = DUSTSTORM OR SANDSTORM:
VSBY 1/2 MILE OR LESS
8 = SMOKE OR HAZE
[NO. OF DAYS WITH] [WEATHER - DAYS WITH] 9 = BLOWING SNOW
X = TORNADO
MAX 32 OR BELOW: 0 0.01 INCH OR MORE: 9
MAX 90 OR ABOVE: 9 0.10 INCH OR MORE: 5
MIN 32 OR BELOW: 0 0.50 INCH OR MORE: 2
MIN 0 OR BELOW: 0 1.00 INCH OR MORE: 1
[HDD (BASE 65) ]
TOTAL THIS MO. 0 CLEAR (SCALE 0-3) 16
DPTR FM NORMAL M PTCLDY (SCALE 4-7) 14
TOTAL FM JUL 1 3531 CLOUDY (SCALE 8-10) 0
DPTR FM NORMAL M
[CDD (BASE 65) ]
TOTAL THIS MO. 305
DPTR FM NORMAL M [PRESSURE DATA]
TOTAL FM JAN 1 404 HIGHEST SLP M ON M
DPTR FM NORMAL M LOWEST SLP M ON M
[REMARKS]
#FINAL-06-20#