000
CXUS56 KMTR 011813
CF6CCR
PRELIMINARY LOCAL CLIMATOLOGICAL DATA (WS FORM: F-6)
STATION: CONCORD AIRPORT
MONTH: JUNE
YEAR: 2020
LATITUDE: 37 58 N
LONGITUDE: 122 3 W
TEMPERATURE IN F: :PCPN: SNOW: WIND :SUNSHINE: SKY :PK WND
================================================================================
1 2 3 4 5 6A 6B 7 8 9 10 11 12 13 14 15 16 17 18
12Z AVG MX 2MIN
DY MAX MIN AVG DEP HDD CDD WTR SNW DPTH SPD SPD DIR MIN PSBL S-S WX SPD DR
================================================================================
1 85 59 72 5 0 7 0.00 M M 8.4 17 320 M M 2 25 330
2 96 59 78 11 0 13 0.00 M M 6.3 17 290 M M 0 20 280
3 101 63 82 15 0 17 0.00 M M 4.8 18 300 M M 0 24 310
4 100 60 80 13 0 15 0.00 M M 8.5 24 210 M M 0 30 210
5 70 57 64 -3 1 0 0.00 M M 19.1 30 210 M M 0 35 200
6 75 57 66 -2 0 1 0.00 M M 15.1 29 250 M M 0 37 240
7 73 54 64 -4 1 0 0.00 M M 12.1 22 270 M M 0 29 280
8 83 50 67 -1 0 2 0.00 M M 6.8 18 290 M M 0 23 310
9 92 56 74 6 0 9 0.00 M M 5.8 17 320 M M 0 22 320
10 96 61 79 11 0 14 0.00 M M 7.3 17 320 M M 0 21 320
11 92 63 78 10 0 13 0.00 M M 11.0 21 270 M M 0 26 300
12 73 59 66 -3 0 1 0.00 M M 14.8 24 230 M M 1 38 260
13 74 57 66 -3 0 1 0.00 M M 10.8 21 210 M M 2 25 290
14 84 58 71 2 0 6 0.00 M M 9.1 18 270 M M 3 23 260
15 83 61 72 3 0 7 0.00 M M 10.8 20 220 M M 0 47 210
16 80 57 69 0 0 4 0.00 M M 9.1 17 250 M M 0 22 230
17 91 55 73 3 0 8 0.00 M M 5.1 15 300 M M 0 18 320
18 96 58 77 7 0 12 0.00 M M 5.0 20 310 M M 0 25 280
19 91 59 75 5 0 10 0.00 M M 9.1 18 300 M M 0 24 290
20 84 57 71 1 0 6 0.00 M M 11.1 20 190 M M 0 25 210
21 92 60 76 6 0 11 0.00 M M 12.1 21 190 M M 0 29 310
22 95 60 78 8 0 13 0.00 M M 9.4 21 300 M M 0 23 300
23 93 58 76 5 0 11 0.00 M M 10.2 20 250 M M 0 29 310
24 94 59 77 6 0 12 0.00 M M 11.2 22 210 M M 0 27 210
25 92 61 77 6 0 12 0.00 M M 10.7 20 210 M M 0 25 200
26 93 59 76 5 0 11 0.00 M M 10.5 18 200 M M 0 24 190
27 84 59 72 1 0 7 0.00 M M 13.2 25 190 M M 0 33 210
28 75 57 66 -5 0 1 0.00 M M 19.6 28 190 M M 0 37 190
29 88 56 72 1 0 7 0.00 M M 6.7 18 270 M M 0 25 280
30 94 59 77 5 0 12 0.00 M M 8.3 20 210 M M 0 8 24 190
================================================================================
SM 2619 1748 2 243 0.00 M 302.0 M 8
================================================================================
AV 87.3 58.3 10.1 FASTST M M 0 MAX(MPH)
MISC ----> 30 210 47 210
================================================================================
NOTES:
# LAST OF SEVERAL OCCURRENCES
COLUMN 17 PEAK WIND IN M.P.H.
PRELIMINARY LOCAL CLIMATOLOGICAL DATA (WS FORM: F-6) , PAGE 2
STATION: CONCORD AIRPORT
MONTH: JUNE
YEAR: 2020
LATITUDE: 37 58 N
LONGITUDE: 122 3 W
[TEMPERATURE DATA] [PRECIPITATION DATA] SYMBOLS USED IN COLUMN 16
AVERAGE MONTHLY: 72.8 TOTAL FOR MONTH: 0.00 1 = FOG OR MIST
DPTR FM NORMAL: 3.5 DPTR FM NORMAL: -0.09 2 = FOG REDUCING VISIBILITY
HIGHEST: 101 ON 3 GRTST 24HR 0.00 ON 1- 1 TO 1/4 MILE OR LESS
LOWEST: 50 ON 8 3 = THUNDER
SNOW, ICE PELLETS, HAIL 4 = ICE PELLETS
TOTAL MONTH: M 5 = HAIL
GRTST 24HR M ON M 6 = FREEZING RAIN OR DRIZZLE
GRTST DEPTH: M ON M 7 = DUSTSTORM OR SANDSTORM:
VSBY 1/2 MILE OR LESS
8 = SMOKE OR HAZE
[NO. OF DAYS WITH] [WEATHER - DAYS WITH] 9 = BLOWING SNOW
X = TORNADO
MAX 32 OR BELOW: 0 0.01 INCH OR MORE: 0
MAX 90 OR ABOVE: 16 0.10 INCH OR MORE: 0
MIN 32 OR BELOW: 0 0.50 INCH OR MORE: 0
MIN 0 OR BELOW: 0 1.00 INCH OR MORE: 0
[HDD (BASE 65) ]
TOTAL THIS MO. 2 CLEAR (SCALE 0-3) 29
DPTR FM NORMAL -13 PTCLDY (SCALE 4-7) 1
TOTAL FM JUL 1 1882 CLOUDY (SCALE 8-10) 0
DPTR FM NORMAL -588
[CDD (BASE 65) ]
TOTAL THIS MO. 243
DPTR FM NORMAL 101 [PRESSURE DATA]
TOTAL FM JAN 1 409 HIGHEST SLP 30.16 ON 8
DPTR FM NORMAL 196 LOWEST SLP 29.60 ON 4
[REMARKS]
#FINAL-06-20#