000
CXUS55 KBOU 061402 CCA
CF6CCU
PRELIMINARY LOCAL CLIMATOLOGICAL DATA (WS FORM: F-6)
STATION: COPPER MTN/RED CLIFF
MONTH: SEPTEMBER
YEAR: 2022
LATITUDE: 39 28 N
LONGITUDE: 106 9 W
TEMPERATURE IN F: :PCPN: SNOW: WIND :SUNSHINE: SKY :PK WND
================================================================================
1 2 3 4 5 6A 6B 7 8 9 10 11 12 13 14 15 16 17 18
12Z AVG MX 2MIN
DY MAX MIN AVG DEP HDD CDD WTR SNW DPTH SPD SPD DIR MIN PSBL S-S WX SPD DR
================================================================================
1 64 52 58 M 7 0 0.00 M M 8.2 17 270 M M 3 25 270
2 73 54 64 M 1 0 0.00 M M 7.8 15 290 M M 5 28 290
3 68 46 57 M 8 0 0.00 M M 10.2 23 160 M M 1 24 90
4 73 52 63 M 2 0 0.00 M M 6.4 13 180 M M 0 20 300
5 73 55 64 M 1 0 0.00 M M 6.4 13 300 M M 2 21 290
6 73 59 66 M 0 1 0.00 M M 4.4 16 300 M M 0 24 300
7 73 59 66 M 0 1 0.00 M M 4.1 14 170 M M 2 17 0
8 68 54 61 M 4 0 0.00 M M 7.3 14 260 M M 4 24 300
9 64 46 55 M 10 0 0.00 M M 13.0 24 170 M M 4 29 160
10 59 41 50 M 15 0 0.00 M M 10.2 23 290 M M 0 31 290
11 64 45 55 M 10 0 0.00 M M 7.6 18 290 M M 0 29 300
12 63 46 55 M 10 0 0.00 M M 8.1 15 300 M M 0 23 300
13 64 45 55 M 10 0 0.00 M M 14.9 21 110 M M 5 31 140
14 50 41 46 M 19 0 0.26 M M 6.2 14 160 M M 6 21 260
15 50 37 44 M 21 0 0.15 M M 8.3 20 260 M M 7 1 25 260
16 54 39 47 M 18 0 0.01 M M 7.1 18 280 M M 4 8 35 280
17 59 37 48 M 17 0 0.00 M M 8.5 16 170 M M 5 25 170
18 64 45 55 M 10 0 0.00 M M 8.9 18 160 M M 0 24 160
19 61 46 54 M 11 0 0.00 M M 9.1 16 300 M M 2 23 300
20 64 46 55 M 10 0 0.00 M M 8.7 20 110 M M 6 23 110
21 57 45 51 M 14 0 0.51 M M 6.2 20 130 M M 8 24 130
22 54 41 48 M 17 0 0.05 M M 14.2 27 240 M M 6 1 38 240
23 54 37 46 M 19 0 0.02 M M 15.3 24 260 M M 3 32 260
24 55 37 46 M 19 0 0.00 M M 8.5 15 270 M M 0 24 290
25 59 41 50 M 15 0 0.00 M M 7.3 15 300 M M 0 21 300
26 59 41 50 M 15 0 0.00 M M 7.1 15 300 M M 2 20 280
27 55 45 50 M 15 0 0.00 M M 8.7 22 260 M M 7 28 260
28 59 45 52 M 13 0 0.00 M M 8.9 14 290 M M 5 28 280
29 59 45 52 M 13 0 0.00 M M 9.1 17 300 M M 6 25 260
30 50 36 43 M 22 0 0.15 M M 7.4 16 250 M M 8 1 29 280
================================================================================
SM 1842 1358 346 2 1.15 M 258.3 M 101
================================================================================
AV 61.4 45.3 8.6 FASTST M M 3 MAX(MPH)
MISC ----> 27 240 38 240
================================================================================
NOTES:
# LAST OF SEVERAL OCCURRENCES
COLUMN 17 PEAK WIND IN M.P.H.
PRELIMINARY LOCAL CLIMATOLOGICAL DATA (WS FORM: F-6) , PAGE 2
STATION: COPPER MTN/RED CLIFF
MONTH: SEPTEMBER
YEAR: 2022
LATITUDE: 39 28 N
LONGITUDE: 106 9 W
[TEMPERATURE DATA] [PRECIPITATION DATA] SYMBOLS USED IN COLUMN 16
AVERAGE MONTHLY: 53.3 TOTAL FOR MONTH: 1.15 1 = FOG OR MIST
DPTR FM NORMAL: M DPTR FM NORMAL: M 2 = FOG REDUCING VISIBILITY
HIGHEST: 73 ON 7, 6 GRTST 24HR 0.51 ON 21-21 TO 1/4 MILE OR LESS
LOWEST: 36 ON 30 3 = THUNDER
SNOW, ICE PELLETS, HAIL 4 = ICE PELLETS
TOTAL MONTH: M 5 = HAIL
GRTST 24HR M ON M 6 = FREEZING RAIN OR DRIZZLE
GRTST DEPTH: M ON M 7 = DUSTSTORM OR SANDSTORM:
VSBY 1/2 MILE OR LESS
8 = SMOKE OR HAZE
[NO. OF DAYS WITH] [WEATHER - DAYS WITH] 9 = BLOWING SNOW
X = TORNADO
MAX 32 OR BELOW: 0 0.01 INCH OR MORE: 7
MAX 90 OR ABOVE: 0 0.10 INCH OR MORE: 4
MIN 32 OR BELOW: 0 0.50 INCH OR MORE: 1
MIN 0 OR BELOW: 0 1.00 INCH OR MORE: 0
[HDD (BASE 65) ]
TOTAL THIS MO. 346 CLEAR (SCALE 0-3) 13
DPTR FM NORMAL M PTCLDY (SCALE 4-7) 16
TOTAL FM JUL 1 811 CLOUDY (SCALE 8-10) 1
DPTR FM NORMAL M
[CDD (BASE 65) ]
TOTAL THIS MO. 2
DPTR FM NORMAL M [PRESSURE DATA]
TOTAL FM JAN 1 2 HIGHEST SLP M ON M
DPTR FM NORMAL M LOWEST SLP M ON M
[REMARKS]
#FINAL-09-22#