000
CXUS56 KSLC 220527
CF6CDC
PRELIMINARY LOCAL CLIMATOLOGICAL DATA (WS FORM: F-6)
STATION: CEDAR CITY UT
MONTH: MARCH
YEAR: 2022
LATITUDE: 37 42 N
LONGITUDE: 113 6 W
TEMPERATURE IN F: :PCPN: SNOW: WIND :SUNSHINE: SKY :PK WND
================================================================================
1 2 3 4 5 6A 6B 7 8 9 10 11 12 13 14 15 16 17 18
12Z AVG MX 2MIN
DY MAX MIN AVG DEP HDD CDD WTR SNW DPTH SPD SPD DIR MIN PSBL S-S WX SPD DR
================================================================================
1 57 23 40 2 25 0 0.00 M M 2.5 10 140 M M 0 13 140
2 66 28 47 9 18 0 0.00 M M 3.0 10 210 M M 0 12 200
3 65 36 51 13 14 0 0.00 M M 8.8 28 180 M M 0 38 170
4 52 36 44 5 21 0 0.00 M M 13.2 31 190 M M 4 39 210
5 42 24 33 -6 32 0 0.04 M M 13.9 32 200 M M 6 128 41 200
6 38 23 31 -8 34 0 T M M 6.4 15 30 M M 8 1 20 30
7 36 23 30 -10 35 0 T M M 11.5 24 10 M M 5 1 34 360
8 45 18 32 -8 33 0 0.00 M M 4.3 16 210 M M 2 21 220
9 49 27 38 -2 27 0 T M M 9.5 26 260 M M 6 34 250
10 31 15 23 -17 42 0 0.01 M M 12.9 26 360 M M 6 12 35 360
11 45 12 29 -12 36 0 0.00 M M 4.2 16 360 M M 0 21 350
12 56 21 39 -2 26 0 0.00 M M 2.8 15 210 M M 0 19 200
13 57 32 45 4 20 0 0.00 M M 9.4 23 260 M M 2 33 250
14 55 27 41 0 24 0 0.00 M M 6.8 22 20 M M 0 29 20
15 64 25 45 3 20 0 0.00 M M 9.3 24 230 M M 0 33 230
16 50 33 42 0 23 0 0.10 M M 7.9 26 20 M M 6 1 35 30
17 50 26 38 -4 27 0 0.00 M M 6.3 15 20 M M 2 21 30
18 57 27 42 0 23 0 0.00 M M 3.7 12 350 M M 1 17 210
19 58 27 43 1 22 0 0.00 M M 11.4 30 200 M M 1 41 200
20 52 30 41 -2 24 0 0.17 M M 11.3 25 20 M M 7 138 35 190
21 46 24 35 -8 30 0 0.00 M M 12.7 26 360 M M 1 42 350
22 51 31 41 -2 24 0 0.00 M M 14.2 29 10 M M 4 51 360
23 62 24 43 0 22 0 0.00 M M 3.5 13 360 M M 0 17 10
24 70 29 50 7 15 0 0.00 M M 5.5 13 340 M M 0 20 10
25 74 33 54 10 11 0 0.00 M M 7.2 18 220 M M 0 28 220
26 76 42 59 15 6 0 0.00 M M 10.4 24 220 M M 0 34 200
27 72 40 56 12 9 0 0.00 M M 11.5 30 190 M M 0 39 200
28 63 41 52 8 13 0 0.06 M M 17.3 45 170 M M 5 8 72 170
29 55 36 46 2 19 0 0.11 M M 5.6 21 290 M M 8 1 30 300
30 58 35 47 3 18 0 0.01 M M 5.1 16 350 M M 3 23 340
31 59 38 49 5 16 0 0.09 M M 7.5 24 320 M M 7 3 33 240
================================================================================
SM 1711 886 709 0 0.59 M 259.6 M 84
================================================================================
AV 55.2 28.6 8.4 FASTST M M 3 MAX(MPH)
MISC ----> 45 170 72 170
================================================================================
NOTES:
# LAST OF SEVERAL OCCURRENCES
COLUMN 17 PEAK WIND IN M.P.H.
PRELIMINARY LOCAL CLIMATOLOGICAL DATA (WS FORM: F-6) , PAGE 2
STATION: CEDAR CITY UT
MONTH: MARCH
YEAR: 2022
LATITUDE: 37 42 N
LONGITUDE: 113 6 W
[TEMPERATURE DATA] [PRECIPITATION DATA] SYMBOLS USED IN COLUMN 16
AVERAGE MONTHLY: 41.9 TOTAL FOR MONTH: 0.59 1 = FOG OR MIST
DPTR FM NORMAL: 0.4 DPTR FM NORMAL: -0.64 2 = FOG REDUCING VISIBILITY
HIGHEST: 76 ON 26 GRTST 24HR 0.17 ON 20-20 TO 1/4 MILE OR LESS
LOWEST: 12 ON 11 3 = THUNDER
SNOW, ICE PELLETS, HAIL 4 = ICE PELLETS
TOTAL MONTH: M 5 = HAIL
GRTST 24HR M ON M 6 = FREEZING RAIN OR DRIZZLE
GRTST DEPTH: M ON M 7 = DUSTSTORM OR SANDSTORM:
VSBY 1/2 MILE OR LESS
8 = SMOKE OR HAZE
[NO. OF DAYS WITH] [WEATHER - DAYS WITH] 9 = BLOWING SNOW
X = TORNADO
MAX 32 OR BELOW: 1 0.01 INCH OR MORE: 8
MAX 90 OR ABOVE: 0 0.10 INCH OR MORE: 3
MIN 32 OR BELOW: 21 0.50 INCH OR MORE: 0
MIN 0 OR BELOW: 0 1.00 INCH OR MORE: 0
[HDD (BASE 65) ]
TOTAL THIS MO. 709 CLEAR (SCALE 0-3) 19
DPTR FM NORMAL -20 PTCLDY (SCALE 4-7) 11
TOTAL FM JUL 1 4842 CLOUDY (SCALE 8-10) 1
DPTR FM NORMAL -287
[CDD (BASE 65) ]
TOTAL THIS MO. 0
DPTR FM NORMAL 0 [PRESSURE DATA]
TOTAL FM JAN 1 0 HIGHEST SLP 30.49 ON 11
DPTR FM NORMAL 0 LOWEST SLP 29.57 ON 28
[REMARKS]
#FINAL-03-22#