000
CXUS53 KEAX 010736
CF6CDJ
PRELIMINARY LOCAL CLIMATOLOGICAL DATA (WS FORM: F-6)
STATION: CHILLICOTHE
MONTH: OCTOBER
YEAR: 2023
LATITUDE: 39 49 N
LONGITUDE: 93 35 W
TEMPERATURE IN F: :PCPN: SNOW: WIND :SUNSHINE: SKY :PK WND
================================================================================
1 2 3 4 5 6A 6B 7 8 9 10 11 12 13 14 15 16 17 18
12Z AVG MX 2MIN
DY MAX MIN AVG DEP HDD CDD WTR SNW DPTH SPD SPD DIR MIN PSBL S-S WX SPD DR
================================================================================
1 90 59 75 13 0 10 0.00 M M 2.1 9 130 M M 0 14 130
2 88 62 75 14 0 10 0.00 M M 1.7 8 130 M M 0 13 150
3 84 62 73 12 0 8 0.00 M M 6.3 18 190 M M 0 30 200
4 79 62 71 11 0 6 0.47 M M 3.7 12 310 M M 0 18 290
5 80 52 66 6 0 1 0.00 M M 2.7 13 310 M M 0 23 280
6 62 43 53 -7 12 0 0.00 M M 5.4 21 310 M M 0 33 310
7 63 40 52 -7 13 0 0.00 M M 3.0 12 320 M M 0 20 310
8 76 39 58 -1 7 0 0.00 M M 2.3 9 230 M M 0 16 230
9 67 41 54 -4 11 0 0.00 M M 2.7 13 30 M M 0 24 40
10 72 35 54 -4 11 0 0.00 M M 1.3 9 310 M M 0 13 300
11 80 51 66 8 0 1 0.17 M M 5.1 16 190 M M 0 25 190
12 79 61 70 13 0 5 0.00 M M 9.8 20 180 M M 0 34 120
13 66 52 59 2 6 0 0.01 M M 8.1 15 290 M M 0 30 230
14 57 50 54 -2 11 0 0.08 M M 5.6 14 300 M M 0 25 290
15 57 42 50 -6 15 0 0.05 M M 3.7 13 310 M M 0 26 350
16 68 40 54 -2 11 0 0.00 M M 3.3 12 310 M M 0 19 280
17 70 36 53 -2 12 0 0.00 M M 3.3 13 180 M M 0 20 170
18 64 46 55 0 10 0 0.03 M M 4.8 13 180 M M 0 21 240
19 70 46 58 4 7 0 0.00 M M 5.1 13 310 M M 0 21 310
20 78 41 60 6 5 0 0.00 M M 1.4 10 310 M M 0 16 320
21 76 46 61 8 4 0 0.00 M M 3.4 14 310 M M 0 28 320
22 69 39 54 1 11 0 0.00 M M 4.3 12 110 M M 0 19 90
23 85 56 71 18 0 6 0.00 M M 8.5 20 200 M M 0 32 190
24 76 61 69 17 0 4 0.48 M M 7.6 22 190 M M 0 36 190
25 71 62 67 15 0 2 0.72 M M 2.3 9 130 M M 0 17 110
26 76 65 71 20 0 6 0.57 M M 6.1 16 200 M M 0 26 210
27 69 35 52 1 13 0 0.04 M M 5.0 14 310 M M 0 26 310
28 41 31 36 -14 29 0 0.49 M M 4.6 16 30 M M 0 23 40
29 39 32 36 -14 29 0 0.00 M M 5.9 13 20 M M 0 21 10
30 42 25 34 -16 31 0 0.00 M M 3.8 10 300 M M 0 16 10
31 41 22 32 -17 33 0 0.00 M M 6.8 17 310 M M 0 34 320
================================================================================
SM 2135 1434 281 59 3.11 M 139.7 M 0
================================================================================
AV 68.9 46.3 4.5 FASTST M M 0 MAX(MPH)
MISC ----> 22 190 36 190
================================================================================
NOTES:
# LAST OF SEVERAL OCCURRENCES
COLUMN 17 PEAK WIND IN M.P.H.
PRELIMINARY LOCAL CLIMATOLOGICAL DATA (WS FORM: F-6) , PAGE 2
STATION: CHILLICOTHE
MONTH: OCTOBER
YEAR: 2023
LATITUDE: 39 49 N
LONGITUDE: 93 35 W
[TEMPERATURE DATA] [PRECIPITATION DATA] SYMBOLS USED IN COLUMN 16
AVERAGE MONTHLY: 57.6 TOTAL FOR MONTH: 3.11 1 = FOG OR MIST
DPTR FM NORMAL: 2.1 DPTR FM NORMAL: -0.14 2 = FOG REDUCING VISIBILITY
HIGHEST: 90 ON 1 GRTST 24HR 1.02 ON 25-26 TO 1/4 MILE OR LESS
LOWEST: 22 ON 31 3 = THUNDER
SNOW, ICE PELLETS, HAIL 4 = ICE PELLETS
TOTAL MONTH: M 5 = HAIL
GRTST 24HR M ON M 6 = FREEZING RAIN OR DRIZZLE
GRTST DEPTH: M ON M 7 = DUSTSTORM OR SANDSTORM:
VSBY 1/2 MILE OR LESS
8 = SMOKE OR HAZE
[NO. OF DAYS WITH] [WEATHER - DAYS WITH] 9 = BLOWING SNOW
X = TORNADO
MAX 32 OR BELOW: 0 0.01 INCH OR MORE: 11
MAX 90 OR ABOVE: 1 0.10 INCH OR MORE: 6
MIN 32 OR BELOW: 4 0.50 INCH OR MORE: 2
MIN 0 OR BELOW: 0 1.00 INCH OR MORE: 0
[HDD (BASE 65) ]
TOTAL THIS MO. 281 CLEAR (SCALE 0-3) 31
DPTR FM NORMAL -40 PTCLDY (SCALE 4-7) 0
TOTAL FM JUL 1 283 CLOUDY (SCALE 8-10) 0
DPTR FM NORMAL -109
[CDD (BASE 65) ]
TOTAL THIS MO. 59
DPTR FM NORMAL 34 [PRESSURE DATA]
TOTAL FM JAN 1 1409 HIGHEST SLP M ON M
DPTR FM NORMAL 158 LOWEST SLP 29.53 ON 12
[REMARKS]
#FINAL-10-23#