000
CXUS55 KCYS 161104
CF6CDR
PRELIMINARY LOCAL CLIMATOLOGICAL DATA (WS FORM: F-6)...CORRECTED
STATION: CHADRON NEBRASKA AIRPORT
MONTH: AUGUST
YEAR: 2021
LATITUDE: 42 50 N
LONGITUDE: 103 6 W
TEMPERATURE IN F: :PCPN: SNOW: WIND :SUNSHINE: SKY :PK WND
================================================================================
1 2 3 4 5 6A 6B 7 8 9 10 11 12 13 14 15 16 17 18
12Z AVG MX 2MIN
DY MAX MIN AVG DEP HDD CDD WTR SNW DPTH SPD SPD DIR MIN PSBL S-S WX SPD DR
================================================================================
1 90 52 71 -5 0 6 0.00 M M 4.2 14 70 M M 0 8 19 80
2 95 52 74 -2 0 9 0.00 M M 4.1 15 150 M M 0 8 19 150
3 98 55 77 1 0 12 0.00 M M 6.6 20 280 M M 1 8 28 290
4 90 61 76 0 0 11 0.02 M M 7.6 24 80 M M 2 38 33 90
5 99 55 77 2 0 12 T M M 5.1 35 320 M M 0 38 55 330
6 97 53 75 0 0 10 T M M 7.2 48 300 M M 1 38 74 300
7 88 56 72 -3 0 7 0.00 M M 5.4 15 280 M M 0 8 21 330
8 100 53 77 2 0 12 0.00 M M 5.3 15 300 M M 0 8 20 310
9 91 58 75 1 0 10 0.00 M M 9.9 28 270 M M 0 37 280
10 97 50 74 0 0 9 0.00 M M 6.5 21 240 M M 0 8 27 240
11 98 50 74 0 0 9 0.00 M M 5.9 18 230 M M 0 8 24 200
12 87 57 72 -2 0 7 0.00 M M 8.8 22 50 M M 0 29 50
13 89 48 69 -5 0 4 0.00 M M 5.8 20 160 M M 1 28 170
14 96 68 82 9 0 17 0.01 M M 13.0 31 90 M M 1 3 41 100
15 97 61 79 6 0 14 0.00 M M 5.5 18 200 M M 0 8 24 200
16 100 58 79 6 0 14 0.00 M M 7.0 21 170 M M 0 8 27 180
17 105 57 81 8 0 16 0.00 M M 13.5 30 170 M M 0 8 42 160
18 98 66 82 10 0 17 0.55 M M 10.4 35 120 M M 1 38 45 130
19 66 60 63 -9 2 0 0.05 M M 6.4 15 50 M M 8 18 19 50
20 76 51 64 -8 1 0 0.15 M M 14.3 33 280 M M 3 1 46 280
21 84 47 66 -6 0 1 0.00 M M 14.6 36 170 M M 0 50 170
22 90 54 72 1 0 7 T M M 16.7 37 170 M M 1 8 53 170
23 99 49 74 3 0 9 T M M 7.6 35 250 M M 0 8 45 250
24 96 59 78 7 0 13 0.00 M M 10.7 23 50 M M 0 30 50
25 87 56 72 1 0 7 T M M 9.9 23 150 M M 3 31 140
26 93 62 78 8 0 13 0.00 M M 10.7 31 270 M M 1 8 41 250
27 95 57 76 6 0 11 0.00 M M 7.1 23 170 M M 3 1 31 170
28 83 49 66 -4 0 1 0.00 M M 8.6 25 30 M M 5 37 40
29 85 43 64 -6 1 0 0.00 M M 9.6 24 170 M M 1 34 170
30 91 59 75 6 0 10 0.00 M M 7.4 26 170 M M 2 35 170
31 92 57 75 6 0 10 0.00 M M 11.4 25 160 M M 0 31 160
================================================================================
SM 2852 1713 4 278 0.78 M 266.8 M 34
================================================================================
AV 92.0 55.3 8.6 FASTST M M 1 MAX(MPH)
MISC ----> 48 300 74 300
================================================================================
NOTES:
# LAST OF SEVERAL OCCURRENCES
COLUMN 17 PEAK WIND IN M.P.H.
PRELIMINARY LOCAL CLIMATOLOGICAL DATA (WS FORM: F-6) , PAGE 2
STATION: CHADRON NEBRASKA AIRPORT
MONTH: AUGUST
YEAR: 2021
LATITUDE: 42 50 N
LONGITUDE: 103 6 W
[TEMPERATURE DATA] [PRECIPITATION DATA] SYMBOLS USED IN COLUMN 16
AVERAGE MONTHLY: 73.6 TOTAL FOR MONTH: 0.78 1 = FOG OR MIST
DPTR FM NORMAL: 0.8 DPTR FM NORMAL: -0.49 2 = FOG REDUCING VISIBILITY
HIGHEST: 105 ON 17 GRTST 24HR 0.58 ON 18-19 TO 1/4 MILE OR LESS
LOWEST: 43 ON 29 3 = THUNDER
SNOW, ICE PELLETS, HAIL 4 = ICE PELLETS
TOTAL MONTH: M 5 = HAIL
GRTST 24HR M ON M 6 = FREEZING RAIN OR DRIZZLE
GRTST DEPTH: M ON M 7 = DUSTSTORM OR SANDSTORM:
VSBY 1/2 MILE OR LESS
8 = SMOKE OR HAZE
[NO. OF DAYS WITH] [WEATHER - DAYS WITH] 9 = BLOWING SNOW
X = TORNADO
MAX 32 OR BELOW: 0 0.01 INCH OR MORE: 5
MAX 90 OR ABOVE: 22 0.10 INCH OR MORE: 2
MIN 32 OR BELOW: 0 0.50 INCH OR MORE: 1
MIN 0 OR BELOW: 0 1.00 INCH OR MORE: 0
[HDD (BASE 65) ]
TOTAL THIS MO. 4 CLEAR (SCALE 0-3) 28
DPTR FM NORMAL -15 PTCLDY (SCALE 4-7) 3
TOTAL FM JUL 1 4 CLOUDY (SCALE 8-10) 0
DPTR FM NORMAL -17
[CDD (BASE 65) ]
TOTAL THIS MO. 278
DPTR FM NORMAL 19 [PRESSURE DATA]
TOTAL FM JAN 1 941 HIGHEST SLP 30.29 ON 13
DPTR FM NORMAL 213 LOWEST SLP 29.54 ON 17
[REMARKS]
AUGUST 17...RECORD HIGH 105 DEGREES (PREVIOUS 103 DEGREES IN 1995)
#FINAL-08-21#