000
CXUS54 KLUB 022121
CF6CDS
PRELIMINARY LOCAL CLIMATOLOGICAL DATA (WS FORM: F-6)
STATION: CHILDRESS
MONTH: FEBRUARY
YEAR: 2020
LATITUDE: 34 25 N
LONGITUDE: 100 17 W
TEMPERATURE IN F: :PCPN: SNOW: WIND :SUNSHINE: SKY :PK WND
================================================================================
1 2 3 4 5 6A 6B 7 8 9 10 11 12 13 14 15 16 17 18
12Z AVG MX 2MIN
DY MAX MIN AVG DEP HDD CDD WTR SNW DPTH SPD SPD DIR MIN PSBL S-S WX SPD DR
================================================================================
1 71 31 51 8 14 0 0.00 0.0 0 8.4 15 300 M M 0 17 310
2 81 39 60 17 5 0 0.00 0.0 0 9.9 21 190 M M 0 26 200
3 59 36 48 5 17 0 0.00 0.0 0 11.1 22 190 M M 0 27 190
4 40 26 33 -10 32 0 0.04 T 0 17.8 26 340 M M 8 1 30 330
5 36 24 30 -13 35 0 0.01 0.2 T 10.8 22 350 M M 8 1 25 350
6 50 20 35 -8 30 0 0.00 0.0 T 8.6 18 320 M M 0 24 310
7 55 30 43 0 22 0 0.00 0.0 0 7.1 15 340 M M 2 19 340
8 60 30 45 1 20 0 0.00 0.0 0 10.3 24 170 M M 0 30 170
9 60 40 50 6 15 0 0.00 0.0 0 13.8 23 10 M M 2 28 10
10 40 32 36 -8 29 0 0.19 0.0 0 9.6 17 360 M M 6 1 22 20
11 39 32 36 -8 29 0 0.04 0.2 T 9.3 18 10 M M 10 1 23 20
12 47 32 40 -4 25 0 0.04 0.0 0 9.4 22 350 M M 7 12 27 350
13 40 24 32 -13 33 0 0.00 0.0 0 9.8 20 10 M M 2 23 10
14 46 20 33 -12 32 0 0.00 0.0 0 7.8 23 200 M M 2 28 200
15 61 33 47 2 18 0 0.00 0.0 0 8.4 16 290 M M 0 21 320
16 65 32 49 4 16 0 0.00 0.0 0 4.8 10 130 M M 0 13 110
17 62 36 49 3 16 0 0.00 0.0 0 8.5 22 20 M M 1 1 28 40
18 55 35 45 -1 20 0 0.00 0.0 0 11.7 21 20 M M 3 27 20
19 53 27 40 -6 25 0 0.00 0.0 0 6.0 17 50 M M 4 23 40
20 44 24 34 -12 31 0 0.00 0.0 0 14.0 25 10 M M 7 33 10
21 52 21 37 -10 28 0 0.00 0.0 0 8.9 21 190 M M 0 26 180
22 64 35 50 3 15 0 0.00 0.0 0 12.2 21 200 M M 0 26 200
23 58 48 53 6 12 0 0.12 0.0 0 13.8 28 300 M M 5 13 35 310
24 63 41 52 5 13 0 T 0.0 0 16.6 37 360 M M 2 45 360
25 51 33 42 -6 23 0 0.00 0.0 0 21.0 40 330 M M 4 61 340
26 46 25 36 -12 29 0 0.00 0.0 0 15.3 31 350 M M 2 38 340
27 65 23 44 -4 21 0 0.00 0.0 0 9.0 24 10 M M 0 8 29 360
28 68 29 49 0 16 0 0.00 0.0 0 6.6 16 210 M M 0 20 230
29 76 40 58 9 7 0 0.00 0.0 0 13.5 30 190 M M 0 36 190
================================================================================
SM 1607 898 628 0 0.44 0.4 314.0 M 75
================================================================================
AV 55.4 31.0 10.8 FASTST M M 3 MAX(MPH)
MISC ----> # 40 330 # 61 340
================================================================================
NOTES:
# LAST OF SEVERAL OCCURRENCES
COLUMN 17 PEAK WIND IN M.P.H.
PRELIMINARY LOCAL CLIMATOLOGICAL DATA (WS FORM: F-6) , PAGE 2
STATION: CHILDRESS
MONTH: FEBRUARY
YEAR: 2020
LATITUDE: 34 25 N
LONGITUDE: 100 17 W
[TEMPERATURE DATA] [PRECIPITATION DATA] SYMBOLS USED IN COLUMN 16
AVERAGE MONTHLY: 43.2 TOTAL FOR MONTH: 0.44 1 = FOG OR MIST
DPTR FM NORMAL: 1.7 DPTR FM NORMAL: -0.61 2 = FOG REDUCING VISIBILITY
HIGHEST: 81 ON 2 GRTST 24HR 0.19 ON 10-10 TO 1/4 MILE OR LESS
LOWEST: 20 ON 14, 6 3 = THUNDER
SNOW, ICE PELLETS, HAIL 4 = ICE PELLETS
TOTAL MONTH: 0.4 INCH 5 = HAIL
GRTST 24HR 0.2 ON 11-11 6 = FREEZING RAIN OR DRIZZLE
GRTST DEPTH: 0 7 = DUSTSTORM OR SANDSTORM:
VSBY 1/2 MILE OR LESS
8 = SMOKE OR HAZE
[NO. OF DAYS WITH] [WEATHER - DAYS WITH] 9 = BLOWING SNOW
X = TORNADO
MAX 32 OR BELOW: 0 0.01 INCH OR MORE: 6
MAX 90 OR ABOVE: 0 0.10 INCH OR MORE: 2
MIN 32 OR BELOW: 18 0.50 INCH OR MORE: 0
MIN 0 OR BELOW: 0 1.00 INCH OR MORE: 0
[HDD (BASE 65) ]
TOTAL THIS MO. 628 CLEAR (SCALE 0-3) 19
DPTR FM NORMAL 71 PTCLDY (SCALE 4-7) 8
TOTAL FM JUL 1 2562 CLOUDY (SCALE 8-10) 2
DPTR FM NORMAL -14
[CDD (BASE 65) ]
TOTAL THIS MO. 0
DPTR FM NORMAL -1 [PRESSURE DATA]
TOTAL FM JAN 1 0 HIGHEST SLP M ON M
DPTR FM NORMAL -1 LOWEST SLP 29.59 ON 3
[REMARKS]
#FINAL-02-20#