000
CXUS55 KGJT 010910
CF6CEZ
PRELIMINARY LOCAL CLIMATOLOGICAL DATA (WS FORM: F-6)
STATION: CORTEZ CO
MONTH: OCTOBER
YEAR: 2022
LATITUDE: 37 17 N
LONGITUDE: 108 38 W
TEMPERATURE IN F: :PCPN: SNOW: WIND :SUNSHINE: SKY :PK WND
================================================================================
1 2 3 4 5 6A 6B 7 8 9 10 11 12 13 14 15 16 17 18
12Z AVG MX 2MIN
DY MAX MIN AVG DEP HDD CDD WTR SNW DPTH SPD SPD DIR MIN PSBL S-S WX SPD DR
================================================================================
1 74 47 61 6 4 0 0.01 M M 4.6 21 360 M M 6 3 32 350
2 71 50 61 6 4 0 0.51 M M 8.7 24 340 M M 6 13 38 360
3 66 45 56 2 9 0 0.05 M M 4.5 22 130 M M 2 13 28 120
4 73 38 56 2 9 0 0.04 M M 4.1 15 290 M M 1 38 20 200
5 70 39 55 1 10 0 0.24 M M 2.7 17 100 M M 5 13 25 90
6 67 45 56 3 9 0 T M M 3.4 16 150 M M 6 3 20 150
7 71 41 56 3 9 0 0.07 M M 3.6 17 60 M M 3 3 23 60
8 70 39 55 3 10 0 0.01 M M 2.0 13 170 M M 2 3 19 170
9 70 40 55 3 10 0 0.30 M M 3.4 25 70 M M 2 13 31 80
10 70 37 54 3 11 0 0.00 M M 4.5 13 290 M M 1 18 250
11 71 36 54 3 11 0 0.00 M M 5.6 14 290 M M 0 20 280
12 75 34 55 5 10 0 0.00 M M 7.7 17 300 M M 0 18 25 290
13 76 34 55 5 10 0 0.00 M M 6.9 17 300 M M 0 26 280
14 73 28 51 1 14 0 0.00 M M 6.7 13 60 M M 0 20 290
15 74 29 52 3 13 0 0.00 M M 5.3 14 210 M M 0 20 210
16 66 38 52 3 13 0 0.04 M M 5.9 22 20 M M 7 13 33 60
17 63 34 49 1 16 0 0.00 M M 5.8 18 210 M M 2 1 23 210
18 67 33 50 2 15 0 0.00 M M 4.4 14 200 M M 0 17 200
19 71 30 51 3 14 0 0.00 M M 5.0 12 60 M M 0 16 200
20 71 30 51 4 14 0 0.00 M M 4.9 15 290 M M 0 22 240
21 70 29 50 3 15 0 0.00 M M 5.8 18 300 M M 0 24 290
22 71 30 51 5 14 0 0.00 M M 12.3 32 190 M M 1 45 210
23 59 34 47 1 18 0 0.06 M M 16.1 40 210 M M 7 18 56 210
24 45 26 36 -10 29 0 T M M 10.6 24 360 M M 3 1 35 360
25 55 21 38 -7 27 0 0.00 M M 5.8 13 210 M M 0 8 18 210
26 60 31 46 1 19 0 0.00 M M 6.6 20 190 M M 3 32 220
27 47 22 35 -10 30 0 0.02 M M 10.6 28 340 M M 5 1 42 350
28 53 17 35 -9 30 0 0.00 M M 4.9 14 220 M M 0 19 250
29 58 18 38 -6 27 0 0.00 M M 5.1 16 280 M M 0 22 280
30 58 23 41 -3 24 0 0.00 M M 5.8 16 280 M M 0 21 280
31 60 21 41 -2 24 0 0.00 M M 5.8 14 200 M M 0 19 200
================================================================================
SM 2045 1019 472 0 1.35 M 189.1 M 62
================================================================================
AV 66.0 32.9 6.1 FASTST M M 2 MAX(MPH)
MISC ----> 40 210 56 210
================================================================================
NOTES:
# LAST OF SEVERAL OCCURRENCES
COLUMN 17 PEAK WIND IN M.P.H.
PRELIMINARY LOCAL CLIMATOLOGICAL DATA (WS FORM: F-6) , PAGE 2
STATION: CORTEZ CO
MONTH: OCTOBER
YEAR: 2022
LATITUDE: 37 17 N
LONGITUDE: 108 38 W
[TEMPERATURE DATA] [PRECIPITATION DATA] SYMBOLS USED IN COLUMN 16
AVERAGE MONTHLY: 49.4 TOTAL FOR MONTH: 1.35 1 = FOG OR MIST
DPTR FM NORMAL: 0.4 DPTR FM NORMAL: 0.29 2 = FOG REDUCING VISIBILITY
HIGHEST: 76 ON 13 GRTST 24HR 0.51 ON 2- 2 TO 1/4 MILE OR LESS
LOWEST: 17 ON 28 3 = THUNDER
SNOW, ICE PELLETS, HAIL 4 = ICE PELLETS
TOTAL MONTH: M 5 = HAIL
GRTST 24HR M ON M 6 = FREEZING RAIN OR DRIZZLE
GRTST DEPTH: M ON M 7 = DUSTSTORM OR SANDSTORM:
VSBY 1/2 MILE OR LESS
8 = SMOKE OR HAZE
[NO. OF DAYS WITH] [WEATHER - DAYS WITH] 9 = BLOWING SNOW
X = TORNADO
MAX 32 OR BELOW: 0 0.01 INCH OR MORE: 11
MAX 90 OR ABOVE: 0 0.10 INCH OR MORE: 3
MIN 32 OR BELOW: 14 0.50 INCH OR MORE: 1
MIN 0 OR BELOW: 0 1.00 INCH OR MORE: 0
[HDD (BASE 65) ]
TOTAL THIS MO. 472 CLEAR (SCALE 0-3) 23
DPTR FM NORMAL -24 PTCLDY (SCALE 4-7) 8
TOTAL FM JUL 1 519 CLOUDY (SCALE 8-10) 0
DPTR FM NORMAL -120
[CDD (BASE 65) ]
TOTAL THIS MO. 0
DPTR FM NORMAL 0 [PRESSURE DATA]
TOTAL FM JAN 1 745 HIGHEST SLP M ON M
DPTR FM NORMAL 256 LOWEST SLP 29.38 ON 23
[REMARKS]
#FINAL-10-22#