000
CXUS55 KGJT 011000
CF6CEZ
PRELIMINARY LOCAL CLIMATOLOGICAL DATA (WS FORM: F-6)
STATION: CORTEZ CO
MONTH: FEBRUARY
YEAR: 2020
LATITUDE: 37 17 N
LONGITUDE: 108 38 W
TEMPERATURE IN F: :PCPN: SNOW: WIND :SUNSHINE: SKY :PK WND
================================================================================
1 2 3 4 5 6A 6B 7 8 9 10 11 12 13 14 15 16 17 18
12Z AVG MX 2MIN
DY MAX MIN AVG DEP HDD CDD WTR SNW DPTH SPD SPD DIR MIN PSBL S-S WX SPD DR
================================================================================
1 48 20 34 5 31 0 0.00 M M 4.4 12 220 M M 0 13 210
2 57 16 37 7 28 0 0.00 M M 5.9 20 180 M M 0 30 180
3 47 20 34 4 31 0 T M M 11.9 32 210 M M 6 1 44 210
4 27 9 18 -12 47 0 0.00 M M 8.3 24 330 M M 2 33 330
5 30 2 16 -14 49 0 0.00 M M 9.3 24 330 M M 3 35 350
6 41 9 25 -5 40 0 0.00 M M 5.4 16 300 M M 5 21 290
7 51 19 35 5 30 0 0.00 M M 7.9 18 290 M M 1 24 280
8 57 17 37 7 28 0 0.00 M M 7.5 21 190 M M 0 27 200
9 53 20 37 6 28 0 0.00 M M 4.6 17 220 M M 4 30 220
10 48 23 36 5 29 0 0.00 M M 6.0 17 340 M M 2 26 340
11 37 17 27 -4 38 0 0.00 M M 4.3 17 210 M M 4 8 21 210
12 42 11 27 -4 38 0 0.00 M M 8.3 23 340 M M 0 33 310
13 46 10 28 -4 37 0 0.00 M M 5.9 14 290 M M 0 18 280
14 53 11 32 0 33 0 0.00 M M 5.2 17 210 M M 0 21 210
15 51 15 33 1 32 0 0.00 M M 5.2 15 300 M M 2 19 290
16 55 20 38 6 27 0 0.00 M M 4.3 13 200 M M 4 16 230
17 52 20 36 4 29 0 0.00 M M 5.4 14 250 M M 4 22 300
18 47 14 31 -2 34 0 0.00 M M 4.1 14 210 M M 0 19 200
19 53 18 36 3 29 0 0.00 M M 5.6 17 290 M M 2 22 290
20 49 9 29 -4 36 0 0.00 M M 5.7 15 210 M M 0 20 200
21 58 14 36 3 29 0 0.00 M M 4.3 16 210 M M 0 22 230
22 56 27 42 8 23 0 0.11 M M 4.5 17 210 M M 8 1 22 210
23 44 28 36 2 29 0 0.05 M M 6.5 18 280 M M 5 1 24 290
24 43 21 32 -2 33 0 0.00 M M 10.9 28 320 M M 0 39 310
25 37 11 24 -10 41 0 0.00 M M 11.5 26 350 M M 1 38 340
26 46 6 26 -8 39 0 0.00 M M 7.2 20 290 M M 0 27 270
27 54 14 34 -1 31 0 0.00 M M 8.2 20 310 M M 0 29 300
28 54 12 33 -2 32 0 0.00 M M 6.2 14 210 M M 0 8 18 210
29 57 17 37 2 28 0 0.00 M M 5.9 21 290 M M 1 31 220
================================================================================
SM 1393 450 959 0 0.16 M 190.4 M 54
================================================================================
AV 48.0 15.5 6.6 FASTST M M 2 MAX(MPH)
MISC ----> # 32 210 # 44 210
================================================================================
NOTES:
# LAST OF SEVERAL OCCURRENCES
COLUMN 17 PEAK WIND IN M.P.H.
PRELIMINARY LOCAL CLIMATOLOGICAL DATA (WS FORM: F-6) , PAGE 2
STATION: CORTEZ CO
MONTH: FEBRUARY
YEAR: 2020
LATITUDE: 37 17 N
LONGITUDE: 108 38 W
[TEMPERATURE DATA] [PRECIPITATION DATA] SYMBOLS USED IN COLUMN 16
AVERAGE MONTHLY: 31.8 TOTAL FOR MONTH: 0.16 1 = FOG OR MIST
DPTR FM NORMAL: -0.2 DPTR FM NORMAL: -0.72 2 = FOG REDUCING VISIBILITY
HIGHEST: 58 ON 21 GRTST 24HR 0.11 ON 22-22 TO 1/4 MILE OR LESS
LOWEST: 2 ON 5 3 = THUNDER
SNOW, ICE PELLETS, HAIL 4 = ICE PELLETS
TOTAL MONTH: M 5 = HAIL
GRTST 24HR M ON M 6 = FREEZING RAIN OR DRIZZLE
GRTST DEPTH: M ON M 7 = DUSTSTORM OR SANDSTORM:
VSBY 1/2 MILE OR LESS
8 = SMOKE OR HAZE
[NO. OF DAYS WITH] [WEATHER - DAYS WITH] 9 = BLOWING SNOW
X = TORNADO
MAX 32 OR BELOW: 2 0.01 INCH OR MORE: 2
MAX 90 OR ABOVE: 0 0.10 INCH OR MORE: 1
MIN 32 OR BELOW: 29 0.50 INCH OR MORE: 0
MIN 0 OR BELOW: 0 1.00 INCH OR MORE: 0
[HDD (BASE 65) ]
TOTAL THIS MO. 959 CLEAR (SCALE 0-3) 21
DPTR FM NORMAL 34 PTCLDY (SCALE 4-7) 8
TOTAL FM JUL 1 4739 CLOUDY (SCALE 8-10) 0
DPTR FM NORMAL -21
[CDD (BASE 65) ]
TOTAL THIS MO. 0
DPTR FM NORMAL 0 [PRESSURE DATA]
TOTAL FM JAN 1 0 HIGHEST SLP 30.60 ON 26
DPTR FM NORMAL 0 LOWEST SLP 29.40 ON 3
[REMARKS]
#FINAL-02-20#