000
CXUS54 KMRX 011000
CF6CHA
PRELIMINARY LOCAL CLIMATOLOGICAL DATA (WS FORM: F-6)
STATION: CHATTANOOGA ASOS
MONTH: MARCH
YEAR: 2020
LATITUDE: 35 1 N
LONGITUDE: 85 12 W
TEMPERATURE IN F: :PCPN: SNOW: WIND :SUNSHINE: SKY :PK WND
================================================================================
1 2 3 4 5 6A 6B 7 8 9 10 11 12 13 14 15 16 17 18
12Z AVG MX 2MIN
DY MAX MIN AVG DEP HDD CDD WTR SNW DPTH SPD SPD DIR MIN PSBL S-S WX SPD DR
================================================================================
1 66 29 48 0 17 0 0.00 0.0 0 2.8 15 170 M M 5 22 200
2 55 43 49 1 16 0 0.74 0.0 0 4.0 12 160 M M 9 1 15 160
3 73 55 64 15 1 0 0.61 0.0 0 8.0 14 250 M M 9 13 25 300
4 62 52 57 8 8 0 0.00 0.0 0 3.5 7 210 M M 9 M M
5 56 46 51 2 14 0 0.03 0.0 0 4.0 7 190 M M 6 1 M M
6 54 40 47 -2 18 0 0.00 0.0 0 15.8 24 330 M M 3 33 340
7 56 33 45 -5 20 0 0.00 0.0 0 8.3 20 10 M M 1 24 10
8 65 32 49 -1 16 0 0.00 0.0 0 5.0 14 200 M M 5 21 190
9 67 38 53 3 12 0 0.00 0.0 0 6.3 15 170 M M 9 23 190
10 63 54 59 9 6 0 0.35 0.0 0 5.7 16 180 M M 9 18 20 180
11 72 56 64 13 1 0 0.14 0.0 0 4.2 20 210 M M 9 123 24 220
12 72 58 65 14 0 0 0.10 0.0 0 4.6 16 190 M M 9 1 22 170
13 69 56 63 12 2 0 0.19 0.0 0 7.4 17 350 M M 9 1 21 200
14 62 50 56 4 9 0 0.28 0.0 0 5.7 15 10 M M 8 1 18 20
15 61 50 56 4 9 0 0.23 0.0 0 8.2 17 340 M M 10 1 22 330
16 57 47 52 0 13 0 0.27 0.0 0 3.8 12 30 M M 10 138 13 30
17 70 52 61 9 4 0 0.40 0.0 0 5.0 15 350 M M 8 1 16 350
18 69 57 63 10 2 0 0.03 0.0 0 4.1 10 170 M M 10 18 14 160
19 79 60 70 17 0 5 0.00 0.0 0 7.3 20 190 M M 7 1 25 190
20 71 62 67 14 0 2 1.04 0.0 0 5.1 28 320 M M 8 13 33 320
21 63 47 55 1 10 0 0.00 0.0 0 8.8 17 360 M M 8 20 10
22 65 45 55 1 10 0 T 0.0 0 7.4 17 160 M M 7 24 190
23 60 53 57 3 8 0 1.67 0.0 0 4.5 25 130 M M 10 13 30 120
24 63 56 60 6 5 0 1.90 0.0 0 3.0 20 300 M M 10 13 29 310
25 71 52 62 7 3 0 0.00 0.0 0 4.8 16 10 M M 5 1 19 10
26 79 47 63 8 2 0 0.00 0.0 0 4.9 17 160 M M 5 12 24 170
27 87 57 72 17 0 7 0.00 0.0 0 6.2 20 230 M M 5 27 210
28 83 64 74 18 0 9 0.00 0.0 0 7.6 20 190 M M 6 25 200
29 80 62 71 15 0 6 0.14 0.0 0 10.4 29 260 M M 5 138 43 240
30 72 51 62 6 3 0 0.00 0.0 0 6.2 15 350 M M 7 17 350
31 61 46 54 -2 11 0 0.41 0.0 0 9.5 20 360 M M 9 1 24 50
================================================================================
SM 2083 1550 220 29 8.53 0.0 192.1 M 230
================================================================================
AV 67.2 50.0 6.2 FASTST M M 7 MAX(MPH)
MISC ----> # 29 260 # 43 240
================================================================================
NOTES:
# LAST OF SEVERAL OCCURRENCES
COLUMN 17 PEAK WIND IN M.P.H.
PRELIMINARY LOCAL CLIMATOLOGICAL DATA (WS FORM: F-6) , PAGE 2
STATION: CHATTANOOGA ASOS
MONTH: MARCH
YEAR: 2020
LATITUDE: 35 1 N
LONGITUDE: 85 12 W
[TEMPERATURE DATA] [PRECIPITATION DATA] SYMBOLS USED IN COLUMN 16
AVERAGE MONTHLY: 58.6 TOTAL FOR MONTH: 8.53 1 = FOG OR MIST
DPTR FM NORMAL: 6.4 DPTR FM NORMAL: 3.55 2 = FOG REDUCING VISIBILITY
HIGHEST: 87 ON 27 GRTST 24HR 1.90 ON 24-24 TO 1/4 MILE OR LESS
LOWEST: 29 ON 1 3 = THUNDER
SNOW, ICE PELLETS, HAIL 4 = ICE PELLETS
TOTAL MONTH: 0.0 INCH 5 = HAIL
GRTST 24HR 0.0 6 = FREEZING RAIN OR DRIZZLE
GRTST DEPTH: 0 7 = DUSTSTORM OR SANDSTORM:
VSBY 1/2 MILE OR LESS
8 = SMOKE OR HAZE
[NO. OF DAYS WITH] [WEATHER - DAYS WITH] 9 = BLOWING SNOW
X = TORNADO
MAX 32 OR BELOW: 0 0.01 INCH OR MORE: 17
MAX 90 OR ABOVE: 0 0.10 INCH OR MORE: 15
MIN 32 OR BELOW: 2 0.50 INCH OR MORE: 5
MIN 0 OR BELOW: 0 1.00 INCH OR MORE: 3
[HDD (BASE 65) ]
TOTAL THIS MO. 220 CLEAR (SCALE 0-3) 1
DPTR FM NORMAL -184 PTCLDY (SCALE 4-7) 13
TOTAL FM JUL 1 2282 CLOUDY (SCALE 8-10) 17
DPTR FM NORMAL -744
[CDD (BASE 65) ]
TOTAL THIS MO. 29
DPTR FM NORMAL 22 [PRESSURE DATA]
TOTAL FM JAN 1 29 HIGHEST SLP 30.59 ON 8
DPTR FM NORMAL 22 LOWEST SLP 29.69 ON 31
[REMARKS]
#FINAL-03-20#