000
CXUS51 KLWX 010829
CF6CHO
PRELIMINARY LOCAL CLIMATOLOGICAL DATA (WS FORM: F-6)
STATION: CHARLOTTESVILLE VA
MONTH: FEBRUARY
YEAR: 2022
LATITUDE: 38 7 N
LONGITUDE: 78 27 W
TEMPERATURE IN F: :PCPN: SNOW: WIND :SUNSHINE: SKY :PK WND
================================================================================
1 2 3 4 5 6A 6B 7 8 9 10 11 12 13 14 15 16 17 18
12Z AVG MX 2MIN
DY MAX MIN AVG DEP HDD CDD WTR SNW DPTH SPD SPD DIR MIN PSBL S-S WX SPD DR
================================================================================
1 44 28 36 -3 29 0 0.00 M M 2.9 9 180 M M 5 12 180
2 53 23 38 -1 27 0 0.00 M M 3.5 12 160 M M 1 16 170
3 54 40 47 8 18 0 0.61 M M 2.6 18 190 M M 10 1 25 190
4 63 38 51 11 14 0 0.35 M M 9.6 22 200 M M 10 1 27 210
5 38 26 32 -8 33 0 0.00 M M 6.9 16 310 M M 1 26 340
6 40 19 30 -10 35 0 0.00 M M 2.3 8 160 M M 0 10 140
7 41 20 31 -9 34 0 0.02 M M 1.5 8 170 M M 5 1 10 160
8 52 27 40 0 25 0 0.00 M M 3.8 10 190 M M 0 18 16 240
9 61 26 44 4 21 0 0.00 M M 6.2 21 200 M M 0 26 180
10 63 39 51 11 14 0 0.00 M M 4.6 15 230 M M 1 26 220
11 69 30 50 9 15 0 0.00 M M 8.4 25 190 M M 1 34 200
12 64 45 55 14 10 0 0.01 M M 6.3 20 190 M M 2 24 200
13 46 29 38 -3 27 0 0.16 M M 5.9 15 50 M M 10 18 20 30
14 35 23 29 -12 36 0 0.00 M M 3.6 10 30 M M 4 18 18 270
15 43 16 30 -11 35 0 0.00 M M 2.3 10 160 M M 0 13 140
16 58 25 42 0 23 0 0.00 M M 5.0 17 190 M M 3 22 190
17 69 48 59 17 6 0 0.01 M M 13.4 29 190 M M 8 37 180
18 66 32 49 7 16 0 0.16 M M 8.2 21 310 M M 2 1 33 290
19 52 25 39 -3 26 0 0.00 M M 7.4 21 300 M M 0 35 300
20 49 21 35 -7 30 0 0.00 M M 6.8 17 200 M M 0 24 180
21 68 28 48 6 17 0 0.00 M M 6.2 17 190 M M 0 23 190
22 65 52 59 16 6 0 0.08 M M 11.4 24 190 M M 10 18 30 200
23 78 49 64 21 1 0 0.04 M M 9.6 21 200 M M 3 24 200
24 49 35 42 -1 23 0 0.03 M M 7.0 15 70 M M 8 18 19 80
25 67 34 51 8 14 0 0.01 M M 7.6 20 180 M M 5 1 25 290
26 48 35 42 -2 23 0 0.00 M M 4.3 10 180 M M 2 13 180
27 60 38 49 5 16 0 0.00 M M 3.6 12 190 M M 0 17 290
28 56 37 47 3 18 0 0.00 M M 4.3 12 160 M M 0 17 160
================================================================================
SM 1551 888 592 0 1.48 M 165.2 M 91
================================================================================
AV 55.4 31.7 5.9 FASTST M M 3 MAX(MPH)
MISC ----> 29 190 37 180
================================================================================
NOTES:
# LAST OF SEVERAL OCCURRENCES
COLUMN 17 PEAK WIND IN M.P.H.
PRELIMINARY LOCAL CLIMATOLOGICAL DATA (WS FORM: F-6) , PAGE 2
STATION: CHARLOTTESVILLE VA
MONTH: FEBRUARY
YEAR: 2022
LATITUDE: 38 7 N
LONGITUDE: 78 27 W
[TEMPERATURE DATA] [PRECIPITATION DATA] SYMBOLS USED IN COLUMN 16
AVERAGE MONTHLY: 43.6 TOTAL FOR MONTH: 1.48 1 = FOG OR MIST
DPTR FM NORMAL: 2.2 DPTR FM NORMAL: -0.87 2 = FOG REDUCING VISIBILITY
HIGHEST: 78 ON 23 GRTST 24HR 0.63 ON 3- 4 TO 1/4 MILE OR LESS
LOWEST: 16 ON 15 3 = THUNDER
SNOW, ICE PELLETS, HAIL 4 = ICE PELLETS
TOTAL MONTH: M 5 = HAIL
GRTST 24HR M ON M 6 = FREEZING RAIN OR DRIZZLE
GRTST DEPTH: M ON M 7 = DUSTSTORM OR SANDSTORM:
VSBY 1/2 MILE OR LESS
8 = SMOKE OR HAZE
[NO. OF DAYS WITH] [WEATHER - DAYS WITH] 9 = BLOWING SNOW
X = TORNADO
MAX 32 OR BELOW: 0 0.01 INCH OR MORE: 11
MAX 90 OR ABOVE: 0 0.10 INCH OR MORE: 4
MIN 32 OR BELOW: 16 0.50 INCH OR MORE: 1
MIN 0 OR BELOW: 0 1.00 INCH OR MORE: 0
[HDD (BASE 65) ]
TOTAL THIS MO. 592 CLEAR (SCALE 0-3) 16
DPTR FM NORMAL -71 PTCLDY (SCALE 4-7) 8
TOTAL FM JUL 1 2663 CLOUDY (SCALE 8-10) 4
DPTR FM NORMAL -279
[CDD (BASE 65) ]
TOTAL THIS MO. 0
DPTR FM NORMAL -1 [PRESSURE DATA]
TOTAL FM JAN 1 0 HIGHEST SLP 30.68 ON 15
DPTR FM NORMAL 0 LOWEST SLP 29.49 ON 18
[REMARKS]
#FINAL-02-22#