000
CXUS52 KCHS 180815
CF6CHS
PRELIMINARY LOCAL CLIMATOLOGICAL DATA (WS FORM: F-6)
STATION: NORTH CHARLESTON SC
MONTH: APRIL
YEAR: 2024
LATITUDE: 32 54 N
LONGITUDE: 80 2 W
TEMPERATURE IN F: :PCPN: SNOW: WIND :SUNSHINE: SKY :PK WND
================================================================================
1 2 3 4 5 6A 6B 7 8 9 10 11 12 13 14 15 16 17 18
12Z AVG MX 2MIN
DY MAX MIN AVG DEP HDD CDD WTR SNW DPTH SPD SPD DIR MIN PSBL S-S WX SPD DR
================================================================================
1 83 59 71 9 0 6 0.00 0.0 0 10.4 20 260 M M 7 27 270
2 85 64 75 13 0 10 0.00 0.0 0 11.0 21 190 M M 6 26 200
3 71 56 64 1 1 0 1.37 0.0 0 14.0 26 210 M M 7 123 37 170
4 68 50 59 -4 6 0 0.00 0.0 0 10.3 25 260 M M 3 36 280
5 70 43 57 -6 8 0 0.00 0.0 0 7.9 21 260 M M 1 8 32 230
6 66 42 54 -9 11 0 0.00 0.0 0 8.3 21 340 M M 1 28 20
7 72 43 58 -6 7 0 0.00 0.0 0 5.4 16 140 M M 3 21 150
8 75 51 63 -1 2 0 0.00 0.0 0 5.1 15 160 M M 2 21 180
9 79 56 68 4 0 3 0.00 0.0 0 6.0 14 180 M M 6 19 190
10 80 65 73 9 0 8 T 0.0 0 11.2 22 140 M M 7 28 160
11 78 68 73 8 0 8 1.91 0.0 0 17.0 43 130 M M 8 13 56 130
12 76 58 67 2 0 2 0.00 0.0 0 16.4 28 260 M M 2 40 280
13 77 52 65 0 0 0 0.00 0.0 0 8.0 17 280 M M 0 26 260
14 82 48 65 0 0 0 0.00 0.0 0 6.0 17 200 M M 2 22 140
15 89 63 76 10 0 11 0.00 0.0 0 10.0 21 200 M M 1 26 200
16 86 62 74 8 0 9 0.00 0.0 0 7.3 13 200 M M 4 19 220
17 81 59 70 4 0 5 0.00 0.0 0 8.8 18 200 M M 7 1 26 200
================================================================================
SM 1318 939 35 62 3.28 0.0 163.1 M 67
================================================================================
AV 77.5 55.2 9.6 FASTST M M 4 MAX(MPH)
MISC ----> 43 130 56 130
================================================================================
NOTES:
# LAST OF SEVERAL OCCURRENCES
COLUMN 17 PEAK WIND IN M.P.H.
PRELIMINARY LOCAL CLIMATOLOGICAL DATA (WS FORM: F-6) , PAGE 2
STATION: NORTH CHARLESTON SC
MONTH: APRIL
YEAR: 2024
LATITUDE: 32 54 N
LONGITUDE: 80 2 W
[TEMPERATURE DATA] [PRECIPITATION DATA] SYMBOLS USED IN COLUMN 16
AVERAGE MONTHLY: 66.4 TOTAL FOR MONTH: 3.28 1 = FOG OR MIST
DPTR FM NORMAL: 2.3 DPTR FM NORMAL: 1.40 2 = FOG REDUCING VISIBILITY
HIGHEST: 89 ON 15 GRTST 24HR 1.91 ON 11-11 TO 1/4 MILE OR LESS
LOWEST: 42 ON 6 3 = THUNDER
SNOW, ICE PELLETS, HAIL 4 = ICE PELLETS
TOTAL MONTH: 0.0 INCH 5 = HAIL
GRTST 24HR 0.0 6 = FREEZING RAIN OR DRIZZLE
GRTST DEPTH: 0 7 = DUSTSTORM OR SANDSTORM:
VSBY 1/2 MILE OR LESS
8 = SMOKE OR HAZE
[NO. OF DAYS WITH] [WEATHER - DAYS WITH] 9 = BLOWING SNOW
X = TORNADO
MAX 32 OR BELOW: 0 0.01 INCH OR MORE: 2
MAX 90 OR ABOVE: 0 0.10 INCH OR MORE: 2
MIN 32 OR BELOW: 0 0.50 INCH OR MORE: 2
MIN 0 OR BELOW: 0 1.00 INCH OR MORE: 2
[HDD (BASE 65) ]
TOTAL THIS MO. 35 CLEAR (SCALE 0-3) 8
DPTR FM NORMAL -21 PTCLDY (SCALE 4-7) 9
TOTAL FM JUL 1 1375 CLOUDY (SCALE 8-10) 0
DPTR FM NORMAL -443
[CDD (BASE 65) ]
TOTAL THIS MO. 62
DPTR FM NORMAL 20 [PRESSURE DATA]
TOTAL FM JAN 1 147 HIGHEST SLP M ON M
DPTR FM NORMAL 63 LOWEST SLP 29.43 ON 3
[REMARKS]