000
CXUS55 KDVN 011100
CF6CID
PRELIMINARY LOCAL CLIMATOLOGICAL DATA (WS FORM: F-6)
STATION: CEDAR RAPIDS IA
MONTH: APRIL
YEAR: 2020
LATITUDE: 41 52 N
LONGITUDE: 91 42 W
TEMPERATURE IN F: :PCPN: SNOW: WIND :SUNSHINE: SKY :PK WND
================================================================================
1 2 3 4 5 6A 6B 7 8 9 10 11 12 13 14 15 16 17 18
12Z AVG MX 2MIN
DY MAX MIN AVG DEP HDD CDD WTR SNW DPTH SPD SPD DIR MIN PSBL S-S WX SPD DR
================================================================================
1 57 29 43 -1 22 0 0.05 M M 9.4 18 160 M M 3 1 24 150
2 63 42 53 9 12 0 0.00 M M 14.2 23 130 M M 4 34 130
3 55 28 42 -2 23 0 0.09 M M 14.4 22 310 M M 10 16 32 330
4 51 27 39 -6 26 0 0.00 M M 10.6 21 340 M M 5 26 320
5 59 35 47 2 18 0 0.00 M M 8.7 15 130 M M 3 22 130
6 61 38 50 4 15 0 T M M 9.2 23 190 M M 7 1 29 190
7 79 51 65 19 0 0 T M M 9.2 24 350 M M 3 138 36 350
8 71 37 54 8 11 0 0.00 M M 11.4 30 350 M M 2 128 38 350
9 48 28 38 -9 27 0 T M M 19.3 41 320 M M 3 1 60 300
10 52 24 38 -9 27 0 0.00 M M 9.7 18 280 M M 2 25 320
11 57 38 48 0 17 0 0.24 M M 8.9 18 200 M M 8 123 23 200
12 64 31 48 0 17 0 0.24 M M 15.2 33 340 M M 7 12 46 340
13 41 22 32 -16 33 0 0.00 M M 20.9 32 330 M M 4 47 320
14 41 20 31 -18 34 0 T M M 13.3 28 270 M M 5 1 39 270
15 38 15 27 -22 38 0 0.02 M M 9.5 22 300 M M 7 128 28 300
16 43 18 31 -19 34 0 0.04 M M 4.4 12 290 M M 4 1 17 300
17 48 30 39 -11 26 0 0.15 M M 9.2 18 270 M M 8 1 24 270
18 61 31 46 -4 19 0 0.00 M M 18.8 33 230 M M 0 44 220
19 59 36 48 -3 17 0 0.00 M M 10.3 22 320 M M 0 29 10
20 65 27 46 -5 19 0 T M M 14.4 39 310 M M 5 50 310
21 57 26 42 -9 23 0 0.00 M M 12.3 28 320 M M 1 35 310
22 79 35 57 5 8 0 0.16 M M 12.5 32 330 M M 4 13 41 320
23 64 44 54 2 11 0 0.02 M M 6.4 22 160 M M 4 18 27 160
24 52 44 48 -4 17 0 0.49 M M 9.3 18 110 M M 8 138 22 120
25 62 41 52 -1 13 0 0.00 M M 9.6 21 50 M M 2 18 30 20
26 67 35 51 -2 14 0 0.00 M M 5.3 14 170 M M 2 1 18 170
27 75 48 62 8 3 0 T M M 12.5 29 200 M M 4 37 190
28 71 48 60 6 5 0 0.15 M M 11.8 29 330 M M 4 13 41 300
29 58 45 52 -2 13 0 T M M 20.5 35 350 M M 8 48 10
30 69 41 55 0 10 0 0.00 M M 12.3 28 340 M M 0 35 310
================================================================================
SM 1767 1014 552 0 1.65 M 353.5 M 127
================================================================================
AV 58.9 33.8 11.8 FASTST M M 4 MAX(MPH)
MISC ----> # 41 320 # 60 300
================================================================================
NOTES:
# LAST OF SEVERAL OCCURRENCES
COLUMN 17 PEAK WIND IN M.P.H.
PRELIMINARY LOCAL CLIMATOLOGICAL DATA (WS FORM: F-6) , PAGE 2
STATION: CEDAR RAPIDS IA
MONTH: APRIL
YEAR: 2020
LATITUDE: 41 52 N
LONGITUDE: 91 42 W
[TEMPERATURE DATA] [PRECIPITATION DATA] SYMBOLS USED IN COLUMN 16
AVERAGE MONTHLY: 46.4 TOTAL FOR MONTH: 1.65 1 = FOG OR MIST
DPTR FM NORMAL: -2.9 DPTR FM NORMAL: -1.40 2 = FOG REDUCING VISIBILITY
HIGHEST: 79 ON 22, 7 GRTST 24HR 0.49 ON 24-24 TO 1/4 MILE OR LESS
LOWEST: 15 ON 15 3 = THUNDER
SNOW, ICE PELLETS, HAIL 4 = ICE PELLETS
TOTAL MONTH: M 5 = HAIL
GRTST 24HR M ON M 6 = FREEZING RAIN OR DRIZZLE
GRTST DEPTH: M ON M 7 = DUSTSTORM OR SANDSTORM:
VSBY 1/2 MILE OR LESS
8 = SMOKE OR HAZE
[NO. OF DAYS WITH] [WEATHER - DAYS WITH] 9 = BLOWING SNOW
X = TORNADO
MAX 32 OR BELOW: 0 0.01 INCH OR MORE: 11
MAX 90 OR ABOVE: 0 0.10 INCH OR MORE: 6
MIN 32 OR BELOW: 14 0.50 INCH OR MORE: 0
MIN 0 OR BELOW: 0 1.00 INCH OR MORE: 0
[HDD (BASE 65) ]
TOTAL THIS MO. 552 CLEAR (SCALE 0-3) 12
DPTR FM NORMAL 71 PTCLDY (SCALE 4-7) 14
TOTAL FM JUL 1 6418 CLOUDY (SCALE 8-10) 4
DPTR FM NORMAL -227
[CDD (BASE 65) ]
TOTAL THIS MO. 0
DPTR FM NORMAL -7 [PRESSURE DATA]
TOTAL FM JAN 1 0 HIGHEST SLP 30.37 ON 16
DPTR FM NORMAL -7 LOWEST SLP 29.44 ON 12
[REMARKS]
#FINAL-04-20#