000
CXUS53 KDVN 011130
CLMCID
CLIMATE REPORT
NATIONAL WEATHER SERVICE QUAD CITIES IA IL
630 AM CDT SAT JUL 01 2023
...................................
...THE CEDAR RAPIDS IA CLIMATE SUMMARY FOR THE MONTH OF JUNE 2023...
CLIMATE NORMAL PERIOD 1991 TO 2020
CLIMATE RECORD PERIOD 1891 TO 2023
WEATHER OBSERVED NORMAL DEPART LAST YEAR`S
VALUE DATE(S) VALUE FROM VALUE
NORMAL
..............................................................
TEMPERATURE (F)
RECORD
HIGH 103 06/28/1934
06/27/1934
06/26/1931
LOW 36 06/04/1945
HIGHEST 92 06/22 83 9
LOWEST 40 06/12 55 -15
AVG. MAXIMUM 83.9 80.1 3.8
AVG. MINIMUM 58.8 59.7 -0.9
MEAN 71.3 69.9 1.4
DAYS MAX >= 90 5
DAYS MAX <= 32 0
DAYS MIN <= 32 0
DAYS MIN <= 0 0
PRECIPITATION (INCHES)
TOTALS 2.25R 5.56 -3.31
DAILY AVG. 0.08 0.19 -0.11
DAYS >= .01 9
DAYS >= .10 7
DAYS >= .50 1
DAYS >= 1.00 0
GREATEST
24 HR. TOTAL 1.00 06/24 TO 06/25
DEGREE DAYS
HEATING TOTAL 14 26 -12
SINCE 7/1 6371 6820 -449
COOLING TOTAL 210 173 37
SINCE 1/1 275 231 44
..............................................................
WIND (MPH)
AVERAGE WIND SPEED 7.6
HIGHEST WIND SPEED/DIRECTION 32/270 DATE 06/25
HIGHEST GUST SPEED/DIRECTION 45/280 DATE 06/25
SKY COVER
POSSIBLE SUNSHINE (PERCENT) MM
AVERAGE SKY COVER 0.24
NUMBER OF DAYS FAIR 22
NUMBER OF DAYS PC 8
NUMBER OF DAYS CLOUDY 0
AVERAGE RH (PERCENT) 62
WEATHER CONDITIONS. NUMBER OF DAYS WITH
THUNDERSTORM 6 HAIL 0
SLEET 0 FOG 14
FOG W/VIS <= 1/4 MILE 2 HAZE 22
- INDICATES NEGATIVE NUMBERS.
R INDICATES RECORD WAS SET OR TIED.
MM INDICATES DATA IS MISSING.
T INDICATES TRACE AMOUNT.
$$