000
CXUS51 KRLX 011241
CF6CKB
PRELIMINARY LOCAL CLIMATOLOGICAL DATA (WS FORM: F-6)
STATION: CLARKSBURG WV
MONTH: MAY
YEAR: 2023
LATITUDE: 39 16 N
LONGITUDE: 80 14 W
TEMPERATURE IN F: :PCPN: SNOW: WIND :SUNSHINE: SKY :PK WND
================================================================================
1 2 3 4 5 6A 6B 7 8 9 10 11 12 13 14 15 16 17 18
12Z AVG MX 2MIN
DY MAX MIN AVG DEP HDD CDD WTR SNW DPTH SPD SPD DIR MIN PSBL S-S WX SPD DR
================================================================================
1 48 38 43 -17 22 0 0.33 M M 13.5 25 280 M M 10 1 33 220
2 44 39 42 -18 23 0 0.54 M M 10.3 20 290 M M 10 1 27 240
3 49 38 44 -17 21 0 0.28 M M 9.2 18 240 M M 9 1 27 280
4 59 40 50 -11 15 0 0.08 M M 5.5 17 320 M M 8 1 22 290
5 67 34 51 -10 14 0 0.00 M M 2.0 10 250 M M 3 12 14 260
6 77 40 59 -2 6 0 0.00 M M 1.0 8 40 M M 0 11 350
7 68 50 59 -3 6 0 0.50 M M 4.3 15 250 M M 8 13 23 270
8 78 60 69 7 0 4 T M M 5.6 15 30 M M 8 1 18 20
9 72 52 62 0 3 0 0.62 M M 6.2 14 10 M M 6 13 18 30
10 73 40 57 -5 8 0 0.00 M M 1.6 9 350 M M 0 12 20
11 80 41 61 -2 4 0 0.00 M M 1.5 7 20 M M 0 10 310
12 83 45 64 1 1 0 0.00 M M 0.8 8 10 M M 3 18 12 10
13 69 57 63 0 2 0 0.83 M M 5.8 17 10 M M 8 1 22 20
14 76 55 66 3 0 1 0.00 M M 5.1 14 10 M M 4 12 17 40
15 78 56 67 3 0 2 0.00 M M 3.6 10 230 M M 1 15 290
16 67 51 59 -5 6 0 0.17 M M 2.3 10 280 M M 8 12 15 260
17 69 48 59 -5 6 0 0.00 M M 6.2 14 10 M M 5 1 17 10
18 78 40 59 -5 6 0 0.00 M M 4.8 15 160 M M 2 20 160
19 80 50 65 1 0 0 0.00 M M 4.4 14 220 M M 3 17 210
20 70 53 62 -3 3 0 0.30 M M 4.5 17 210 M M 7 1 21 210
21 73 43 58 -7 7 0 0.00 M M 1.8 10 300 M M 4 12 16 330
22 77 44 61 -4 4 0 0.00 M M 3.0 10 10 M M 1 1 14 20
23 78 52 65 -1 0 0 0.00 M M 4.1 13 90 M M 3 17 100
24 78 47 63 -3 2 0 0.00 M M 3.2 17 10 M M 2 26 30
25 70 49 60 -6 5 0 0.00 M M 10.4 17 30 M M 2 23 20
26 75 42 59 -7 6 0 0.00 M M 6.1 16 50 M M 0 23 40
27 77 43 60 -7 5 0 0.00 M M 6.1 15 50 M M 0 22 50
28 77 53 65 -2 0 0 0.00 M M 5.3 15 100 M M 5 21 50
29 83 60 72 5 0 7 0.04 M M 5.0 15 150 M M 6 22 160
30 81 58 70 3 0 5 0.00 M M 6.4 15 90 M M 2 18 90
31 83 51 67 -1 0 2 0.00 M M 3.5 12 360 M M 0 16 360
================================================================================
SM 2237 1469 175 21 3.69 M 153.1 M 128
================================================================================
AV 72.2 47.4 4.9 FASTST M M 4 MAX(MPH)
MISC ----> 25 280 33 220
================================================================================
NOTES:
# LAST OF SEVERAL OCCURRENCES
COLUMN 17 PEAK WIND IN M.P.H.
PRELIMINARY LOCAL CLIMATOLOGICAL DATA (WS FORM: F-6) , PAGE 2
STATION: CLARKSBURG WV
MONTH: MAY
YEAR: 2023
LATITUDE: 39 16 N
LONGITUDE: 80 14 W
[TEMPERATURE DATA] [PRECIPITATION DATA] SYMBOLS USED IN COLUMN 16
AVERAGE MONTHLY: 59.8 TOTAL FOR MONTH: 3.69 1 = FOG OR MIST
DPTR FM NORMAL: -4.1 DPTR FM NORMAL: -0.56 2 = FOG REDUCING VISIBILITY
HIGHEST: 83 ON 31,29 GRTST 24HR 0.83 ON 13-13 TO 1/4 MILE OR LESS
LOWEST: 34 ON 5 3 = THUNDER
SNOW, ICE PELLETS, HAIL 4 = ICE PELLETS
TOTAL MONTH: M 5 = HAIL
GRTST 24HR M ON M 6 = FREEZING RAIN OR DRIZZLE
GRTST DEPTH: M ON M 7 = DUSTSTORM OR SANDSTORM:
VSBY 1/2 MILE OR LESS
8 = SMOKE OR HAZE
[NO. OF DAYS WITH] [WEATHER - DAYS WITH] 9 = BLOWING SNOW
X = TORNADO
MAX 32 OR BELOW: 0 0.01 INCH OR MORE: 10
MAX 90 OR ABOVE: 0 0.10 INCH OR MORE: 8
MIN 32 OR BELOW: 0 0.50 INCH OR MORE: 4
MIN 0 OR BELOW: 0 1.00 INCH OR MORE: 0
[HDD (BASE 65) ]
TOTAL THIS MO. 175 CLEAR (SCALE 0-3) 16
DPTR FM NORMAL 57 PTCLDY (SCALE 4-7) 12
TOTAL FM JUL 1 4001 CLOUDY (SCALE 8-10) 3
DPTR FM NORMAL -647
[CDD (BASE 65) ]
TOTAL THIS MO. 21
DPTR FM NORMAL -61 [PRESSURE DATA]
TOTAL FM JAN 1 41 HIGHEST SLP 30.28 ON 27
DPTR FM NORMAL -63 LOWEST SLP 29.38 ON 1
[REMARKS]
#FINAL-05-23#