000
CXUS55 KOHX 012016
CF6CKV
PRELIMINARY LOCAL CLIMATOLOGICAL DATA (WS FORM: F-6)
STATION: CLARKSVILLE
MONTH: JULY
YEAR: 2023
LATITUDE: 36 37 N
LONGITUDE: 87 25 W
TEMPERATURE IN F: :PCPN: SNOW: WIND :SUNSHINE: SKY :PK WND
================================================================================
1 2 3 4 5 6A 6B 7 8 9 10 11 12 13 14 15 16 17 18
12Z AVG MX 2MIN
DY MAX MIN AVG DEP HDD CDD WTR SNW DPTH SPD SPD DIR MIN PSBL S-S WX SPD DR
================================================================================
1 91 71 81 4 0 16 0.51 M M 5.7 26 230 M M 2 38 43 240
2 96 72 84 6 0 19 0.24 M M 8.5 28 200 M M 3 138 38 210
3 91 72 82 4 0 17 0.00 M M 4.4 12 260 M M 3 8 16 270
4 93 69 81 3 0 16 T M M 4.1 12 100 M M 1 138 18 210
5 92 71 82 4 0 17 T M M 4.2 18 250 M M 1 3 24 250
6 94 73 84 6 0 19 0.00 M M 6.0 15 310 M M 1 3 21 350
7 90 73 82 4 0 17 0.00 M M 4.9 12 200 M M 0 15 200
8 88 72 80 2 0 15 0.52 M M 5.8 18 10 M M 5 138 23 10
9 78 64 71 -7 0 6 0.05 M M 3.2 10 10 M M 6 12 14 360
10 87 62 75 -3 0 10 0.00 M M 4.2 14 30 M M 0 12 18 20
11 90 60 75 -3 0 10 0.00 M M 2.7 10 210 M M 0 18 17 180
12 93 63 78 0 0 13 0.00 M M 5.9 14 200 M M 2 12 19 190
13 92 76 84 6 0 19 0.00 M M 6.7 14 190 M M 3 20 200
14 93 72 83 5 0 18 0.00 M M 4.2 12 190 M M 2 18 15 180
15 91 73 82 4 0 17 0.25 M M 6.9 20 270 M M 5 13 26 270
16 91 71 81 3 0 16 0.00 M M 4.1 13 290 M M 0 18 17 350
17 91 69 80 2 0 15 0.00 M M 5.8 24 330 M M 1 18 35 320
18 92 69 81 3 0 16 0.12 M M M M M M M 1 138 M M
19 80 70 75 -3 0 10 0.45 M M 8.0 22 200 M M 5 13 31 200
20 87 73 80 2 0 15 0.25 M M 4.6 25 350 M M 4 13 35 350
21 88 71 80 2 0 15 0.00 M M 6.3 18 350 M M 3 1 22 320
22 87 68 78 0 0 13 T M M 5.0 15 340 M M 4 19 360
23 89 63 76 -2 0 11 0.00 M M 2.4 10 280 M M 2 1 15 280
24 92 66 79 1 0 14 0.18 M M 5.2 26 310 M M 1 13 40 300
25 93 70 82 4 0 17 0.00 M M 5.1 15 210 M M 1 18 22 190
26 90 75 83 5 0 18 0.01 M M 7.8 17 190 M M 0 25 240
27 96 78 87 9 0 22 0.00 M M 8.2 17 200 M M 0 24 200
28 98 75 87 9 0 22 0.00 M M 5.5 14 200 M M 0 18 20 220
29 96 73 85 7 0 20 0.34 M M 8.1 37 320 M M 2 13 51 300
30 90 71 81 3 0 16 T M M 5.6 14 350 M M 2 17 350
31 91 67 79 1 0 14 0.00 M M 4.9 15 360 M M 1 1 19 360
================================================================================
SM 2810 2172 0 483 2.92 M 164.0 M 61
================================================================================
AV 90.6 70.1 5.5 FASTST M M 2 MAX(MPH)
MISC ----> 37 320 51 300
================================================================================
NOTES:
# LAST OF SEVERAL OCCURRENCES
COLUMN 17 PEAK WIND IN M.P.H.
PRELIMINARY LOCAL CLIMATOLOGICAL DATA (WS FORM: F-6) , PAGE 2
STATION: CLARKSVILLE
MONTH: JULY
YEAR: 2023
LATITUDE: 36 37 N
LONGITUDE: 87 25 W
[TEMPERATURE DATA] [PRECIPITATION DATA] SYMBOLS USED IN COLUMN 16
AVERAGE MONTHLY: 80.4 TOTAL FOR MONTH: 2.92 1 = FOG OR MIST
DPTR FM NORMAL: 2.2 DPTR FM NORMAL: -0.82 2 = FOG REDUCING VISIBILITY
HIGHEST: 98 ON 28 GRTST 24HR 0.57 ON 18-19 TO 1/4 MILE OR LESS
LOWEST: 60 ON 11 3 = THUNDER
SNOW, ICE PELLETS, HAIL 4 = ICE PELLETS
TOTAL MONTH: M 5 = HAIL
GRTST 24HR M ON M 6 = FREEZING RAIN OR DRIZZLE
GRTST DEPTH: M ON M 7 = DUSTSTORM OR SANDSTORM:
VSBY 1/2 MILE OR LESS
8 = SMOKE OR HAZE
[NO. OF DAYS WITH] [WEATHER - DAYS WITH] 9 = BLOWING SNOW
X = TORNADO
MAX 32 OR BELOW: 0 0.01 INCH OR MORE: 11
MAX 90 OR ABOVE: 23 0.10 INCH OR MORE: 9
MIN 32 OR BELOW: 0 0.50 INCH OR MORE: 2
MIN 0 OR BELOW: 0 1.00 INCH OR MORE: 0
[HDD (BASE 65) ]
TOTAL THIS MO. 0 CLEAR (SCALE 0-3) 24
DPTR FM NORMAL 0 PTCLDY (SCALE 4-7) 7
TOTAL FM JUL 1 0 CLOUDY (SCALE 8-10) 0
DPTR FM NORMAL 0
[CDD (BASE 65) ]
TOTAL THIS MO. 483
DPTR FM NORMAL 74 [PRESSURE DATA]
TOTAL FM JAN 1 1000 HIGHEST SLP 30.14 ON 19
DPTR FM NORMAL 114 LOWEST SLP 29.75 ON 2
[REMARKS]
#FINAL-07-23#