000
CXUS53 KILX 280900
CF6CMI
PRELIMINARY LOCAL CLIMATOLOGICAL DATA (WS FORM: F-6)
STATION: CHAMPAIGN IL AIRPORT
MONTH: MARCH
YEAR: 2024
LATITUDE: 40 1 N
LONGITUDE: 88 17 W
TEMPERATURE IN F: :PCPN: SNOW: WIND :SUNSHINE: SKY :PK WND
================================================================================
1 2 3 4 5 6A 6B 7 8 9 10 11 12 13 14 15 16 17 18
12Z AVG MX 2MIN
DY MAX MIN AVG DEP HDD CDD WTR SNW DPTH SPD SPD DIR MIN PSBL S-S WX SPD DR
================================================================================
1 45 24 35 0 30 0 0.00 M M 7.1 15 170 M M 6 1 21 160
2 60 32 46 10 19 0 0.00 M M 9.4 18 170 M M 4 12 29 190
3 74 38 56 20 9 0 0.00 M M 19.6 37 170 M M 0 1 46 190
4 75 52 64 28 1 0 0.00 M M 16.6 31 180 M M 4 40 190
5 64 43 54 17 11 0 0.28 M M 12.5 23 180 M M 8 13 31 180
6 53 42 48 11 17 0 0.00 M M 13.8 22 10 M M 9 27 350
7 56 44 50 12 15 0 T M M 9.7 15 90 M M 9 1 20 90
8 59 44 52 14 13 0 0.85 M M 14.9 22 190 M M 10 1 29 190
9 48 32 40 1 25 0 T M M 16.0 26 300 M M 7 1 36 310
10 49 27 38 -1 27 0 0.00 M M 10.9 22 310 M M 0 31 310
11 67 26 47 8 18 0 0.00 M M 13.8 26 230 M M 0 35 210
12 71 38 55 15 10 0 0.00 M M 14.3 26 200 M M 0 36 200
13 75 42 59 19 6 0 0.00 M M 10.5 24 170 M M 2 30 160
14 74 46 60 19 5 0 0.32 M M 16.6 30 230 M M 6 13 40 240
15 60 36 48 7 17 0 0.00 M M 12.2 26 10 M M 4 36 10
16 66 36 51 10 14 0 0.00 M M 15.9 35 250 M M 3 46 250
17 47 29 38 -4 27 0 0.00 M M 16.8 29 290 M M 4 39 280
18 37 25 31 -11 34 0 T M M 12.7 23 300 M M 8 31 320
19 62 25 44 2 21 0 0.00 M M 17.2 33 230 M M 0 44 240
20 51 28 40 -3 25 0 0.00 M M 13.0 24 330 M M 3 32 320
21 48 26 37 -6 28 0 0.00 M M 9.9 17 100 M M 4 25 70
22 62 32 47 3 18 0 0.04 M M 14.7 35 360 M M 3 1 46 360
23 48 34 41 -3 24 0 0.00 M M 13.2 25 10 M M 7 34 360
24 59 32 46 2 19 0 0.00 M M 16.3 26 130 M M 3 37 130
25 64 47 56 11 9 0 0.26 M M 23.5 37 160 M M 7 1 47 160
26 55 37 46 1 19 0 0.02 M M 22.1 33 240 M M 10 1 46 230
27 46 28 37 -9 28 0 0.00 M M 11.0 21 290 M M 6 27 280
================================================================================
SM 1575 945 489 0 1.77 M 384.2 M 127
================================================================================
AV 58.3 35.0 14.2 FASTST M M 5 MAX(MPH)
MISC ----> # 37 170 47 160
================================================================================
NOTES:
# LAST OF SEVERAL OCCURRENCES
COLUMN 17 PEAK WIND IN M.P.H.
PRELIMINARY LOCAL CLIMATOLOGICAL DATA (WS FORM: F-6) , PAGE 2
STATION: CHAMPAIGN IL AIRPORT
MONTH: MARCH
YEAR: 2024
LATITUDE: 40 1 N
LONGITUDE: 88 17 W
[TEMPERATURE DATA] [PRECIPITATION DATA] SYMBOLS USED IN COLUMN 16
AVERAGE MONTHLY: 46.7 TOTAL FOR MONTH: 1.77 1 = FOG OR MIST
DPTR FM NORMAL: 6.2 DPTR FM NORMAL: -0.41 2 = FOG REDUCING VISIBILITY
HIGHEST: 75 ON 13, 4 GRTST 24HR 0.85 ON 8- 8 TO 1/4 MILE OR LESS
LOWEST: 24 ON 1 3 = THUNDER
SNOW, ICE PELLETS, HAIL 4 = ICE PELLETS
TOTAL MONTH: M 5 = HAIL
GRTST 24HR M ON M 6 = FREEZING RAIN OR DRIZZLE
GRTST DEPTH: M ON M 7 = DUSTSTORM OR SANDSTORM:
VSBY 1/2 MILE OR LESS
8 = SMOKE OR HAZE
[NO. OF DAYS WITH] [WEATHER - DAYS WITH] 9 = BLOWING SNOW
X = TORNADO
MAX 32 OR BELOW: 0 0.01 INCH OR MORE: 6
MAX 90 OR ABOVE: 0 0.10 INCH OR MORE: 4
MIN 32 OR BELOW: 13 0.50 INCH OR MORE: 1
MIN 0 OR BELOW: 0 1.00 INCH OR MORE: 0
[HDD (BASE 65) ]
TOTAL THIS MO. 489 CLEAR (SCALE 0-3) 7
DPTR FM NORMAL -174 PTCLDY (SCALE 4-7) 15
TOTAL FM JUL 1 4040 CLOUDY (SCALE 8-10) 5
DPTR FM NORMAL -950
[CDD (BASE 65) ]
TOTAL THIS MO. 0
DPTR FM NORMAL 0 [PRESSURE DATA]
TOTAL FM JAN 1 0 HIGHEST SLP M ON M
DPTR FM NORMAL 0 LOWEST SLP 29.44 ON 26
[REMARKS]