000
CXUS53 KARX 010900
CF6CMY
PRELIMINARY LOCAL CLIMATOLOGICAL DATA (WS FORM: F-6)
STATION: SPARTA - FORT MCCOY WI
MONTH: MARCH
YEAR: 2023
LATITUDE: 43 58 N
LONGITUDE: 90 44 W
TEMPERATURE IN F: :PCPN: SNOW: WIND :SUNSHINE: SKY :PK WND
================================================================================
1 2 3 4 5 6A 6B 7 8 9 10 11 12 13 14 15 16 17 18
12Z AVG MX 2MIN
DY MAX MIN AVG DEP HDD CDD WTR SNW DPTH SPD SPD DIR MIN PSBL S-S WX SPD DR
================================================================================
1 42 33 38 M 27 0 M M M 2.9 9 250 M M 10 17 250
2 38 19 29 M 36 0 M M M 1.4 12 330 M M 7 M M
3 41 18 30 M 35 0 0.00 0.0 M 0.1 4 110 M M 1 M M
4 43 19 31 M 34 0 0.00 0.0 M 1.1 8 270 M M 6 M M
5 46 16 31 M 34 0 M M M 3.3 13 110 M M 4 1 27 110
6 35 32 34 M 31 0 M M M 1.0 9 90 M M 9 1 M M
7 43 25 34 M 31 0 M M M 1.9 10 100 M M 4 18 100
8 45 28 37 M 28 0 M M M 4.8 18 140 M M 9 23 140
9 37 27 32 M 33 0 M M M 3.9 13 120 M M 9 1 22 120
10 33 27 30 M 35 0 M M M 0.2 4 320 M M 10 M M
11 33 27 30 M 35 0 M M M 4.4 13 130 M M 10 16 120
12 33 21 27 M 38 0 M M M 4.0 13 250 M M 10 1 21 240
13 30 6 18 M 47 0 T M M 4.3 12 330 M M 6 1 M M
14 35 -8 14 M 51 0 0.00 0.0 M 0.2 4 190 M M 1 M M
15 47 20 34 M 31 0 0.00 0.0 M 7.0 20 200 M M 5 24 200
16 46 31 39 M 26 0 0.42 0.0 M 3.6 17 320 M M 9 1 23 320
17 31 8 20 M 45 0 T M M 15.5 20 270 M M 9 9 32 330
18 26 8 17 M 48 0 T M M 10.8 16 310 M M 5 89 25 310
19 41 13 27 M 38 0 0.00 M M 8.5 18 250 M M 0 25 250
20 49 23 36 M 29 0 0.00 0.0 M 4.5 14 220 M M 1 22 220
21 50 22 36 M 29 0 0.00 0.0 0 7.7 13 100 M M 6 8 20 110
22 47 32 40 M 25 0 0.08 0.0 0 3.6 13 180 M M 9 1 20 250
23 44 20 32 M 33 0 0.00 0.0 M 1.9 8 310 M M 5 M M
24 51 13 32 M 33 0 0.00 0.0 M 1.6 10 130 M M 0 8 M M
25 50 22 36 M 29 0 0.00 0.0 M 5.6 16 310 M M 1 24 330
26 48 15 32 M 33 0 0.00 0.0 0 1.2 13 330 M M 1 17 330
27 50 15 33 M 32 0 0.00 0.0 M 1.3 13 310 M M 0 16 340
28 45 16 31 M 34 0 T 0.0 M 4.9 16 260 M M 2 23 260
29 36 11 24 M 41 0 T M M 6.8 17 320 M M 3 1 21 330
30 44 5 25 M 40 0 0.02 M M 4.0 10 180 M M 5 18 16 140
31 44 35 40 M 25 0 1.71 M M 2.5 12 60 M M 9 13 22 60
================================================================================
SM 1283 599 1066 0 2.23 0.0 124.5 M 166
================================================================================
AV 41.4 19.3 4.0 FASTST M M 5 MAX(MPH)
MISC ----> # 20 200 32 330
================================================================================
NOTES:
# LAST OF SEVERAL OCCURRENCES
COLUMN 17 PEAK WIND IN M.P.H.
PRELIMINARY LOCAL CLIMATOLOGICAL DATA (WS FORM: F-6) , PAGE 2
STATION: SPARTA - FORT MCCOY WI
MONTH: MARCH
YEAR: 2023
LATITUDE: 43 58 N
LONGITUDE: 90 44 W
[TEMPERATURE DATA] [PRECIPITATION DATA] SYMBOLS USED IN COLUMN 16
AVERAGE MONTHLY: 30.4 TOTAL FOR MONTH: 2.23 1 = FOG OR MIST
DPTR FM NORMAL: 0.0 DPTR FM NORMAL: M 2 = FOG REDUCING VISIBILITY
HIGHEST: 51 ON 24 GRTST 24HR 1.71 ON 31-31 TO 1/4 MILE OR LESS
LOWEST: -8 ON 14 3 = THUNDER
SNOW, ICE PELLETS, HAIL 4 = ICE PELLETS
TOTAL MONTH: 0.0 INCH 5 = HAIL
GRTST 24HR 0.0 6 = FREEZING RAIN OR DRIZZLE
GRTST DEPTH: 0 7 = DUSTSTORM OR SANDSTORM:
VSBY 1/2 MILE OR LESS
8 = SMOKE OR HAZE
[NO. OF DAYS WITH] [WEATHER - DAYS WITH] 9 = BLOWING SNOW
X = TORNADO
MAX 32 OR BELOW: 3 0.01 INCH OR MORE: 4
MAX 90 OR ABOVE: 0 0.10 INCH OR MORE: 2
MIN 32 OR BELOW: 29 0.50 INCH OR MORE: 1
MIN 0 OR BELOW: 1 1.00 INCH OR MORE: 1
[HDD (BASE 65) ]
TOTAL THIS MO. 1066 CLEAR (SCALE 0-3) 10
DPTR FM NORMAL M PTCLDY (SCALE 4-7) 10
TOTAL FM JUL 1 4482 CLOUDY (SCALE 8-10) 11
DPTR FM NORMAL M
[CDD (BASE 65) ]
TOTAL THIS MO. 0
DPTR FM NORMAL M [PRESSURE DATA]
TOTAL FM JAN 1 0 HIGHEST SLP M ON M
DPTR FM NORMAL M LOWEST SLP M ON M
[REMARKS]
#FINAL-03-23#