000
CXUS54 KMAF 011110
CF6CNM
PRELIMINARY LOCAL CLIMATOLOGICAL DATA (WS FORM: F-6)
STATION: CARLSBAD
MONTH: JUNE
YEAR: 2021
LATITUDE: 32 20 N
LONGITUDE: 104 15 W
TEMPERATURE IN F: :PCPN: SNOW: WIND :SUNSHINE: SKY :PK WND
================================================================================
1 2 3 4 5 6A 6B 7 8 9 10 11 12 13 14 15 16 17 18
12Z AVG MX 2MIN
DY MAX MIN AVG DEP HDD CDD WTR SNW DPTH SPD SPD DIR MIN PSBL S-S WX SPD DR
================================================================================
1 80 60 70 -8 0 5 T M M 8.5 23 200 M M 4 3 29 200
2 87 60 74 -5 0 9 0.35 M M 9.4 43 310 M M 1 13 49 300
3 84 60 72 -7 0 7 0.00 M M 5.0 16 110 M M 0 21 110
4 86 59 73 -6 0 8 0.00 M M 7.7 15 140 M M 0 21 140
5 96 63 80 1 0 15 0.00 M M 10.4 28 340 M M 0 32 340
6 99 67 83 3 0 18 0.00 M M 6.4 23 360 M M 0 30 360
7 101 66 84 4 0 19 0.00 M M 10.0 23 240 M M 0 27 260
8 103 63 83 3 0 18 0.00 M M 10.1 26 190 M M 0 32 190
9 105 66 86 6 0 21 0.00 M M 6.3 15 140 M M 0 19 150
10 108 66 87 6 0 22 0.00 M M 6.7 20 130 M M 0 24 130
11 107 67 87 6 0 22 0.00 M M 5.8 14 360 M M 0 17 20
12 100 76 88 7 0 23 0.00 M M 10.9 22 320 M M 0 27 330
13 99 75 87 6 0 22 T M M 9.3 20 220 M M 0 24 190
14 100 72 86 5 0 21 0.00 M M 10.7 26 120 M M 0 35 120
15 95 64 80 -1 0 15 0.00 M M 5.7 14 110 M M 0 20 110
16 98 70 84 2 0 19 0.00 M M 7.1 20 140 M M 0 26 130
17 96 66 81 -1 0 16 0.00 M M 9.6 20 120 M M 0 24 140
18 98 63 81 -1 0 16 0.00 M M 7.9 16 120 M M 0 24 130
19 99 64 82 0 0 17 0.00 M M 8.7 17 160 M M 0 23 150
20 107 70 89 7 0 24 0.00 M M 8.2 30 290 M M 0 8 39 210
21 89 72 81 -1 0 16 0.00 M M 13.0 36 360 M M 1 8 43 360
22 96 68 82 0 0 17 0.00 M M 10.5 18 170 M M 4 23 160
23 105 71 88 6 0 23 T M M 10.2 33 150 M M 1 3 42 150
24 101 71 86 4 0 21 T M M 8.5 30 160 M M 1 8 40 150
25 105 77 91 9 0 26 0.00 M M 9.3 23 150 M M 0 29 150
26 100 71 86 4 0 21 T M M 13.3 32 30 M M 1 38 42 20
27 82 66 74 -8 0 9 T M M 8.4 20 340 M M 8 3 24 340
28 73 64 69 -13 0 4 M M M 8.0 15 50 M M 10 13 18 40
29 77 65 71 -11 0 6 M M M 8.8 17 350 M M 9 13 24 40
30 80 67 74 -8 0 9 M M M 6.7 20 130 M M 6 26 120
================================================================================
SM 2856 2009 0 489 0.35 M 261.1 M 46
================================================================================
AV 95.2 67.0 8.7 FASTST M M 2 MAX(MPH)
MISC ----> 43 310 49 300
================================================================================
NOTES:
# LAST OF SEVERAL OCCURRENCES
COLUMN 17 PEAK WIND IN M.P.H.
PRELIMINARY LOCAL CLIMATOLOGICAL DATA (WS FORM: F-6) , PAGE 2
STATION: CARLSBAD
MONTH: JUNE
YEAR: 2021
LATITUDE: 32 20 N
LONGITUDE: 104 15 W
[TEMPERATURE DATA] [PRECIPITATION DATA] SYMBOLS USED IN COLUMN 16
AVERAGE MONTHLY: 81.1 TOTAL FOR MONTH: 0.35 1 = FOG OR MIST
DPTR FM NORMAL: 0.1 DPTR FM NORMAL: -0.84 2 = FOG REDUCING VISIBILITY
HIGHEST: 108 ON 10 GRTST 24HR 0.84 ON 31- 1 TO 1/4 MILE OR LESS
LOWEST: 59 ON 4 3 = THUNDER
SNOW, ICE PELLETS, HAIL 4 = ICE PELLETS
TOTAL MONTH: M 5 = HAIL
GRTST 24HR M ON M 6 = FREEZING RAIN OR DRIZZLE
GRTST DEPTH: M ON M 7 = DUSTSTORM OR SANDSTORM:
VSBY 1/2 MILE OR LESS
8 = SMOKE OR HAZE
[NO. OF DAYS WITH] [WEATHER - DAYS WITH] 9 = BLOWING SNOW
X = TORNADO
MAX 32 OR BELOW: 0 0.01 INCH OR MORE: 1
MAX 90 OR ABOVE: 21 0.10 INCH OR MORE: 1
MIN 32 OR BELOW: 0 0.50 INCH OR MORE: 0
MIN 0 OR BELOW: 0 1.00 INCH OR MORE: 0
[HDD (BASE 65) ]
TOTAL THIS MO. 0 CLEAR (SCALE 0-3) 24
DPTR FM NORMAL 0 PTCLDY (SCALE 4-7) 3
TOTAL FM JUL 1 2932 CLOUDY (SCALE 8-10) 3
DPTR FM NORMAL 177
[CDD (BASE 65) ]
TOTAL THIS MO. 489
DPTR FM NORMAL 7 [PRESSURE DATA]
TOTAL FM JAN 1 805 HIGHEST SLP 30.12 ON 1
DPTR FM NORMAL -12 LOWEST SLP 29.47 ON 20
[REMARKS]
#FINAL-06-21#