000
CXUS56 KSGX 011045
CF6CNO
PRELIMINARY LOCAL CLIMATOLOGICAL DATA (WS FORM: F-6)
STATION: CHINO AIRPORT CA
MONTH: MARCH
YEAR: 2022
LATITUDE: 33 58 N
LONGITUDE: 117 38 W
TEMPERATURE IN F: :PCPN: SNOW: WIND :SUNSHINE: SKY :PK WND
================================================================================
1 2 3 4 5 6A 6B 7 8 9 10 11 12 13 14 15 16 17 18
12Z AVG MX 2MIN
DY MAX MIN AVG DEP HDD CDD WTR SNW DPTH SPD SPD DIR MIN PSBL S-S WX SPD DR
================================================================================
1 90 44 67 9 0 2 0.00 M M 5.8 16 240 M M 0 8 20 230
2 88 42 65 7 0 0 0.00 M M 3.7 15 250 M M 1 8 18 240
3 75 43 59 1 6 0 0.00 M M 5.5 21 280 M M 5 8 26 270
4 63 49 56 -2 9 0 0.08 M M 6.6 18 250 M M 8 1 21 250
5 61 41 51 -7 14 0 0.02 M M 8.5 25 210 M M 7 1 33 210
6 65 36 51 -7 14 0 0.00 M M 4.1 17 240 M M 1 18 21 230
7 71 36 54 -4 11 0 0.00 M M 7.5 22 30 M M 0 18 33 20
8 73 37 55 -3 10 0 0.00 M M 5.6 18 250 M M 0 8 21 250
9 71 37 54 -4 11 0 0.00 M M 5.8 16 240 M M 0 20 250
10 71 50 61 2 4 0 0.00 M M 5.4 16 40 M M 5 8 25 30
11 76 44 60 1 5 0 0.00 M M 6.3 21 80 M M 0 8 33 80
12 81 39 60 1 5 0 0.00 M M 4.4 18 240 M M 0 8 22 240
13 73 41 57 -2 8 0 0.00 M M 4.9 18 240 M M 2 23 260
14 83 44 64 5 1 0 0.00 M M 3.4 14 240 M M 1 18 17 240
15 84 46 65 6 0 0 0.00 M M 4.6 17 240 M M 1 18 22 240
16 79 45 62 3 3 0 0.00 M M 5.9 17 240 M M 0 18 21 260
17 85 44 65 6 0 0 0.00 M M 5.4 20 260 M M 2 8 24 250
18 83 43 63 4 2 0 0.00 M M 3.3 15 240 M M 0 8 17 240
19 74 50 62 2 3 0 0.09 M M 7.5 21 230 M M 5 18 26 250
20 73 47 60 0 5 0 T M M 7.0 20 220 M M 4 1 25 210
21 84 43 64 4 1 0 0.00 M M 5.2 17 30 M M 3 8 26 50
22 92 47 70 10 0 5 0.00 M M 7.3 21 30 M M 1 78 33 60
23 91 49 70 10 0 5 0.00 M M 6.1 18 230 M M 0 8 23 230
24 92 48 70 10 0 5 0.00 M M 3.9 16 230 M M 0 8 20 250
25 92 50 71 11 0 6 0.00 M M 4.7 17 260 M M 3 8 20 260
26 85 47 66 6 0 1 0.00 M M 6.3 20 260 M M 2 18 23 280
27 78 53 66 6 0 1 0.00 M M 7.4 20 270 M M 5 18 25 270
28 63 52 58 -2 7 0 0.38 M M 6.2 15 220 M M 9 18 20 190
29 68 49 59 -1 6 0 T M M 5.3 18 230 M M 6 1 21 230
30 75 47 61 1 4 0 0.00 M M 7.0 18 240 M M 3 18 23 230
31 68 57 63 2 2 0 T M M 7.6 15 250 M M 10 8 20 250
================================================================================
SM 2407 1400 131 25 0.57 M 178.2 M 84
================================================================================
AV 77.6 45.2 5.7 FASTST M M 3 MAX(MPH)
MISC ----> 25 210 # 33 20
================================================================================
NOTES:
# LAST OF SEVERAL OCCURRENCES
COLUMN 17 PEAK WIND IN M.P.H.
PRELIMINARY LOCAL CLIMATOLOGICAL DATA (WS FORM: F-6) , PAGE 2
STATION: CHINO AIRPORT CA
MONTH: MARCH
YEAR: 2022
LATITUDE: 33 58 N
LONGITUDE: 117 38 W
[TEMPERATURE DATA] [PRECIPITATION DATA] SYMBOLS USED IN COLUMN 16
AVERAGE MONTHLY: 61.4 TOTAL FOR MONTH: 0.57 1 = FOG OR MIST
DPTR FM NORMAL: 2.3 DPTR FM NORMAL: -0.86 2 = FOG REDUCING VISIBILITY
HIGHEST: 92 ON 24,22 GRTST 24HR 0.38 ON 28-28 TO 1/4 MILE OR LESS
LOWEST: 36 ON 6, 7 3 = THUNDER
SNOW, ICE PELLETS, HAIL 4 = ICE PELLETS
TOTAL MONTH: M 5 = HAIL
GRTST 24HR M ON M 6 = FREEZING RAIN OR DRIZZLE
GRTST DEPTH: M ON M 7 = DUSTSTORM OR SANDSTORM:
VSBY 1/2 MILE OR LESS
8 = SMOKE OR HAZE
[NO. OF DAYS WITH] [WEATHER - DAYS WITH] 9 = BLOWING SNOW
X = TORNADO
MAX 32 OR BELOW: 0 0.01 INCH OR MORE: 4
MAX 90 OR ABOVE: 5 0.10 INCH OR MORE: 1
MIN 32 OR BELOW: 0 0.50 INCH OR MORE: 0
MIN 0 OR BELOW: 0 1.00 INCH OR MORE: 0
[HDD (BASE 65) ]
TOTAL THIS MO. 131 CLEAR (SCALE 0-3) 20
DPTR FM NORMAL -64 PTCLDY (SCALE 4-7) 9
TOTAL FM JUL 1 1068 CLOUDY (SCALE 8-10) 2
DPTR FM NORMAL -181
[CDD (BASE 65) ]
TOTAL THIS MO. 25
DPTR FM NORMAL 11 [PRESSURE DATA]
TOTAL FM JAN 1 36 HIGHEST SLP 30.31 ON 11
DPTR FM NORMAL 13 LOWEST SLP 29.76 ON 28
[REMARKS]
#FINAL-03-22#