000
CXUS56 KSGX 011045
CF6CNO
PRELIMINARY LOCAL CLIMATOLOGICAL DATA (WS FORM: F-6)
STATION: CHINO AIRPORT CA
MONTH: SEPTEMBER
YEAR: 2023
LATITUDE: 33 58 N
LONGITUDE: 117 38 W
TEMPERATURE IN F: :PCPN: SNOW: WIND :SUNSHINE: SKY :PK WND
================================================================================
1 2 3 4 5 6A 6B 7 8 9 10 11 12 13 14 15 16 17 18
12Z AVG MX 2MIN
DY MAX MIN AVG DEP HDD CDD WTR SNW DPTH SPD SPD DIR MIN PSBL S-S WX SPD DR
================================================================================
1 94 63 79 0 0 14 T M M 6.8 17 280 M M 6 138 21 230
2 83 69 76 -3 0 11 T M M 6.0 14 250 M M 9 18 19 250
3 83 61 72 -7 0 7 T M M 7.8 17 260 M M 7 23 270
4 83 59 71 -8 0 6 0.00 M M 5.8 15 240 M M 3 20 220
5 80 59 70 -9 0 5 0.00 M M 7.0 18 240 M M 3 18 23 220
6 90 64 77 -2 0 12 0.00 M M 5.4 16 230 M M 5 8 19 240
7 92 57 75 -4 0 10 0.00 M M 3.7 14 260 M M 0 18 17 270
8 102 63 83 5 0 18 0.00 M M 4.5 17 240 M M 1 18 22 220
9 101 65 83 5 0 18 0.00 M M 4.8 17 240 M M 2 8 22 230
10 99 70 85 7 0 20 0.03 M M 5.5 16 230 M M 3 18 220
11 96 68 82 4 0 17 0.00 M M 4.5 16 250 M M 4 8 20 250
12 91 63 77 -1 0 12 0.00 M M 6.1 17 260 M M 1 21 270
13 85 61 73 -4 0 8 0.00 M M 5.7 15 240 M M 4 18 20 260
14 84 60 72 -5 0 7 0.00 M M 5.5 17 250 M M 4 8 20 250
15 82 61 72 -5 0 7 0.00 M M 5.5 16 240 M M 6 18 24 290
16 74 66 70 -7 0 5 0.00 M M 5.3 13 250 M M 9 8 15 240
17 75 65 70 -6 0 5 0.00 M M 5.8 13 240 M M 9 18 14 240
18 83 60 72 -4 0 7 0.00 M M 6.1 17 240 M M 5 8 20 240
19 83 54 69 -7 0 4 0.00 M M 5.1 18 230 M M 1 128 21 230
20 80 61 71 -5 0 6 0.00 M M 7.2 18 220 M M 7 18 22 250
21 78 59 69 -6 0 4 0.00 M M 5.7 15 250 M M 7 8 19 250
22 80 54 67 -8 0 2 T M M 3.7 13 250 M M 5 18 15 260
23 85 57 71 -4 0 6 0.00 M M 4.3 14 240 M M 1 18 17 240
24 88 56 72 -2 0 7 0.00 M M 3.8 15 250 M M 2 128 19 250
25 88 55 72 -2 0 7 0.00 M M 4.3 15 240 M M 1 18 19 250
26 90 53 72 -2 0 7 0.00 M M 3.5 14 260 M M 0 18 22 290
27 91 52 72 -2 0 7 0.00 M M 2.1 13 250 M M 3 20 250
28 83 56 70 -3 0 5 0.00 M M 6.0 16 240 M M 1 18 20 260
29 77 62 70 -3 0 5 0.00 M M 6.1 16 250 M M 7 18 20 240
30 73 59 66 -7 0 1 0.01 M M 7.2 21 230 M M 8 13 25 200
================================================================================
SM 2573 1812 0 250 0.04 M 160.8 M 124
================================================================================
AV 85.8 60.4 5.4 FASTST M M 4 MAX(MPH)
MISC ----> 21 230 25 200
================================================================================
NOTES:
# LAST OF SEVERAL OCCURRENCES
COLUMN 17 PEAK WIND IN M.P.H.
PRELIMINARY LOCAL CLIMATOLOGICAL DATA (WS FORM: F-6) , PAGE 2
STATION: CHINO AIRPORT CA
MONTH: SEPTEMBER
YEAR: 2023
LATITUDE: 33 58 N
LONGITUDE: 117 38 W
[TEMPERATURE DATA] [PRECIPITATION DATA] SYMBOLS USED IN COLUMN 16
AVERAGE MONTHLY: 73.1 TOTAL FOR MONTH: 0.04 1 = FOG OR MIST
DPTR FM NORMAL: -3.4 DPTR FM NORMAL: -0.02 2 = FOG REDUCING VISIBILITY
HIGHEST: 102 ON 8 GRTST 24HR 0.03 ON 10-10 TO 1/4 MILE OR LESS
LOWEST: 52 ON 27 3 = THUNDER
SNOW, ICE PELLETS, HAIL 4 = ICE PELLETS
TOTAL MONTH: M 5 = HAIL
GRTST 24HR M ON M 6 = FREEZING RAIN OR DRIZZLE
GRTST DEPTH: M ON M 7 = DUSTSTORM OR SANDSTORM:
VSBY 1/2 MILE OR LESS
8 = SMOKE OR HAZE
[NO. OF DAYS WITH] [WEATHER - DAYS WITH] 9 = BLOWING SNOW
X = TORNADO
MAX 32 OR BELOW: 0 0.01 INCH OR MORE: 2
MAX 90 OR ABOVE: 10 0.10 INCH OR MORE: 0
MIN 32 OR BELOW: 0 0.50 INCH OR MORE: 0
MIN 0 OR BELOW: 0 1.00 INCH OR MORE: 0
[HDD (BASE 65) ]
TOTAL THIS MO. 0 CLEAR (SCALE 0-3) 11
DPTR FM NORMAL -1 PTCLDY (SCALE 4-7) 15
TOTAL FM JUL 1 0 CLOUDY (SCALE 8-10) 4
DPTR FM NORMAL 0
[CDD (BASE 65) ]
TOTAL THIS MO. 250
DPTR FM NORMAL -98 [PRESSURE DATA]
TOTAL FM JAN 1 1351 HIGHEST SLP 30.09 ON 25
DPTR FM NORMAL -290 LOWEST SLP 29.80 ON 30
[REMARKS]
#FINAL-09-23#