000
CXUS53 KICT 011510
CF6CNU
PRELIMINARY LOCAL CLIMATOLOGICAL DATA (WS FORM: F-6)
STATION: CHANUTE KS
MONTH: FEBRUARY
YEAR: 2021
LATITUDE: 37 40 N
LONGITUDE: 95 29 W
TEMPERATURE IN F: :PCPN: SNOW: WIND :SUNSHINE: SKY :PK WND
================================================================================
1 2 3 4 5 6A 6B 7 8 9 10 11 12 13 14 15 16 17 18
12Z AVG MX 2MIN
DY MAX MIN AVG DEP HDD CDD WTR SNW DPTH SPD SPD DIR MIN PSBL S-S WX SPD DR
================================================================================
1 46 28 37 3 28 0 0.00 M M 5.7 14 350 M M 5 19 350
2 49 28 39 5 26 0 0.00 M M 8.5 13 110 M M 0 1 19 130
3 61 29 45 11 20 0 0.00 M M 12.8 22 160 M M 0 8 32 170
4 49 25 37 3 28 0 0.00 M M 15.1 32 320 M M 3 50 350
5 54 26 40 5 25 0 0.00 M M 7.7 16 260 M M 3 21 260
6 35 20 28 -7 37 0 T M M 11.6 22 360 M M 7 30 360
7 21 14 18 -17 47 0 T M M 10.3 16 80 M M 10 18 23 80
8 17 12 15 -20 50 0 T M M 11.3 16 20 M M 10 18 23 360
9 18 11 15 -21 50 0 T M M 10.6 16 350 M M 10 18 21 360
10 18 15 17 -19 48 0 T M M 10.9 17 20 M M 10 18 25 30
11 19 14 17 -19 48 0 0.00 M M 12.4 18 10 M M 10 27 20
12 14 7 11 -25 54 0 T M M 12.8 18 360 M M 10 8 25 10
13 15 2 9 -28 56 0 0.00 M M 11.9 18 350 M M 3 24 350
14 6 -2 2 -35 63 0 0.08 M M 13.6 21 30 M M 9 18 30 30
15 2 -12 -5 -42 70 0 T M M 10.9 18 350 M M 8 8 26 10
16 10 -22 -6 -44 71 0 T M M 3.7 10 70 M M 2 14 90
17 25 2 14 -24 51 0 0.26 M M 4.8 12 50 M M 9 18 14 40
18 26 -2 12 -26 53 0 0.00 M M 4.5 12 350 M M 1 18 16 340
19 31 0 16 -23 49 0 0.00 M M 6.4 13 180 M M 0 128 16 190
20 40 15 28 -11 37 0 0.00 M M 9.8 18 200 M M 0 24 190
21 49 34 42 3 23 0 0.00 M M 12.1 23 180 M M 4 35 180
22 60 29 45 5 20 0 0.00 M M 10.2 25 240 M M 0 35 240
23 70 31 51 11 14 0 0.00 M M 7.4 18 170 M M 0 27 180
24 55 36 46 6 19 0 0.00 M M 11.7 21 320 M M 0 28 360
25 50 31 41 0 24 0 0.00 M M 7.3 15 40 M M 5 19 80
26 49 28 39 -2 26 0 0.00 M M 6.1 14 160 M M 7 1 17 150
27 66 32 49 8 16 0 0.00 M M 12.3 24 160 M M 6 12 33 170
28 58 35 47 5 18 0 0.03 M M 12.0 22 340 M M 4 1 31 350
================================================================================
SM 1013 466 1071 0 0.37 M 274.4 M 136
================================================================================
AV 36.2 16.6 9.8 FASTST M M 5 MAX(MPH)
MISC ----> 32 320 50 350
================================================================================
NOTES:
# LAST OF SEVERAL OCCURRENCES
COLUMN 17 PEAK WIND IN M.P.H.
PRELIMINARY LOCAL CLIMATOLOGICAL DATA (WS FORM: F-6) , PAGE 2
STATION: CHANUTE KS
MONTH: FEBRUARY
YEAR: 2021
LATITUDE: 37 40 N
LONGITUDE: 95 29 W
[TEMPERATURE DATA] [PRECIPITATION DATA] SYMBOLS USED IN COLUMN 16
AVERAGE MONTHLY: 26.4 TOTAL FOR MONTH: 0.37 1 = FOG OR MIST
DPTR FM NORMAL: -11.0 DPTR FM NORMAL: -1.53 2 = FOG REDUCING VISIBILITY
HIGHEST: 70 ON 23 GRTST 24HR 0.26 ON 16-17 TO 1/4 MILE OR LESS
LOWEST: -22 ON 16 3 = THUNDER
SNOW, ICE PELLETS, HAIL 4 = ICE PELLETS
TOTAL MONTH: M 5 = HAIL
GRTST 24HR M ON M 6 = FREEZING RAIN OR DRIZZLE
GRTST DEPTH: M ON M 7 = DUSTSTORM OR SANDSTORM:
VSBY 1/2 MILE OR LESS
8 = SMOKE OR HAZE
[NO. OF DAYS WITH] [WEATHER - DAYS WITH] 9 = BLOWING SNOW
X = TORNADO
MAX 32 OR BELOW: 13 0.01 INCH OR MORE: 3
MAX 90 OR ABOVE: 0 0.10 INCH OR MORE: 1
MIN 32 OR BELOW: 25 0.50 INCH OR MORE: 0
MIN 0 OR BELOW: 5 1.00 INCH OR MORE: 0
[HDD (BASE 65) ]
TOTAL THIS MO. 1071 CLEAR (SCALE 0-3) 11
DPTR FM NORMAL 298 PTCLDY (SCALE 4-7) 9
TOTAL FM JUL 1 3463 CLOUDY (SCALE 8-10) 8
DPTR FM NORMAL -109
[CDD (BASE 65) ]
TOTAL THIS MO. 0
DPTR FM NORMAL 0 [PRESSURE DATA]
TOTAL FM JAN 1 0 HIGHEST SLP 30.60 ON 14
DPTR FM NORMAL 0 LOWEST SLP 29.46 ON 4
[REMARKS]
#FINAL-02-21#