000
CXUS55 KRIW 011110
CF6COD
PRELIMINARY LOCAL CLIMATOLOGICAL DATA (WS FORM: F-6)
STATION: CODY WY
MONTH: FEBRUARY
YEAR: 2024
LATITUDE: 44 31 N
LONGITUDE: 109 1 W
TEMPERATURE IN F: :PCPN: SNOW: WIND :SUNSHINE: SKY :PK WND
================================================================================
1 2 3 4 5 6A 6B 7 8 9 10 11 12 13 14 15 16 17 18
12Z AVG MX 2MIN
DY MAX MIN AVG DEP HDD CDD WTR SNW DPTH SPD SPD DIR MIN PSBL S-S WX SPD DR
================================================================================
1 58 26 42 15 23 0 0.00 M M 3.8 10 120 M M 0 M M
2 52 26 39 12 26 0 0.00 M M 3.2 8 180 M M 3 M M
3 42 30 36 9 29 0 0.40 M M 4.4 9 340 M M 9 1 M M
4 39 28 34 6 31 0 0.07 M M 6.3 12 160 M M 6 1 M M
5 50 23 37 9 28 0 0.00 M M 4.8 12 210 M M 1 M M
6 48 28 38 10 27 0 0.00 M M 2.5 8 120 M M 5 M M
7 35 28 32 4 33 0 T M M 7.0 17 10 M M 10 12 M M
8 41 25 33 5 32 0 T M M 4.8 13 20 M M 6 M M
9 35 18 27 -1 38 0 T M M 4.9 12 350 M M 7 1 20 320
10 33 14 24 -4 41 0 T M M 7.2 13 310 M M 6 22 260
11 37 15 26 -2 39 0 0.00 M M 3.2 9 270 M M 4 21 99
12 42 25 34 6 31 0 0.00 M M 9.9 23 260 M M 2 35 260
13 44 22 33 4 32 0 0.00 M M 7.1 16 270 M M 4 22 280
14 27 20 24 -5 41 0 T M M 7.6 14 20 M M 10 M M
15 21 9 15 -14 50 0 T M M 10.4 17 10 M M 10 1 24 10
16 19 -2 9 -20 56 0 0.07 M M 6.2 13 20 M M 7 1 M M
17 34 -8 13 -16 52 0 0.00 M M 2.7 10 220 M M 0 M M
18 40 3 22 -8 43 0 0.00 M M 2.4 12 270 M M 5 21 270
19 44 28 36 6 29 0 0.00 M M 9.2 17 250 M M 1 30 250
20 52 37 45 15 20 0 0.00 M M 10.1 16 250 M M 1 37 220
21 49 32 41 11 24 0 0.00 M M 5.8 18 200 M M 1 M M
22 49 27 38 7 27 0 0.00 M M 9.2 17 260 M M 3 31 250
23 46 36 41 10 24 0 0.00 M M 16.8 33 250 M M 0 45 250
24 50 36 43 12 22 0 0.00 M M 21.8 29 260 M M 1 51 280
25 50 41 46 14 19 0 0.00 M M 18.5 31 250 M M 5 45 250
26 52 15 34 2 31 0 T M M 14.1 30 230 M M 5 1 41 230
27 18 3 11 -21 54 0 0.07 M M 6.2 13 340 M M 7 1 21 340
28 41 18 30 -3 35 0 T M M 18.6 35 210 M M 1 52 210
29 53 36 45 12 20 0 0.00 M M 12.0 20 250 M M 1 48 230
================================================================================
SM 1201 639 957 0 0.61 M 240.7 M 121
================================================================================
AV 41.4 22.0 8.3 FASTST M M 4 MAX(MPH)
MISC ----> 35 210 52 210
================================================================================
NOTES:
# LAST OF SEVERAL OCCURRENCES
COLUMN 17 PEAK WIND IN M.P.H.
PRELIMINARY LOCAL CLIMATOLOGICAL DATA (WS FORM: F-6) , PAGE 2
STATION: CODY WY
MONTH: FEBRUARY
YEAR: 2024
LATITUDE: 44 31 N
LONGITUDE: 109 1 W
[TEMPERATURE DATA] [PRECIPITATION DATA] SYMBOLS USED IN COLUMN 16
AVERAGE MONTHLY: 31.7 TOTAL FOR MONTH: 0.61 1 = FOG OR MIST
DPTR FM NORMAL: 0.0 DPTR FM NORMAL: M 2 = FOG REDUCING VISIBILITY
HIGHEST: 58 ON 1 GRTST 24HR 0.40 ON 3- 3 TO 1/4 MILE OR LESS
LOWEST: -8 ON 17 3 = THUNDER
SNOW, ICE PELLETS, HAIL 4 = ICE PELLETS
TOTAL MONTH: M 5 = HAIL
GRTST 24HR M ON M 6 = FREEZING RAIN OR DRIZZLE
GRTST DEPTH: M ON M 7 = DUSTSTORM OR SANDSTORM:
VSBY 1/2 MILE OR LESS
8 = SMOKE OR HAZE
[NO. OF DAYS WITH] [WEATHER - DAYS WITH] 9 = BLOWING SNOW
X = TORNADO
MAX 32 OR BELOW: 4 0.01 INCH OR MORE: 4
MAX 90 OR ABOVE: 0 0.10 INCH OR MORE: 1
MIN 32 OR BELOW: 24 0.50 INCH OR MORE: 0
MIN 0 OR BELOW: 2 1.00 INCH OR MORE: 0
[HDD (BASE 65) ]
TOTAL THIS MO. 957 CLEAR (SCALE 0-3) 13
DPTR FM NORMAL -43 PTCLDY (SCALE 4-7) 12
TOTAL FM JUL 1 4818 CLOUDY (SCALE 8-10) 4
DPTR FM NORMAL 68
[CDD (BASE 65) ]
TOTAL THIS MO. 0
DPTR FM NORMAL 0 [PRESSURE DATA]
TOTAL FM JAN 1 0 HIGHEST SLP M ON M
DPTR FM NORMAL 0 LOWEST SLP M ON M
[REMARKS]
#FINAL-02-24#