603
CXUS55 KRIW 011110
CF6COD
PRELIMINARY LOCAL CLIMATOLOGICAL DATA (WS FORM: F-6)
STATION: CODY WY
MONTH: DECEMBER
YEAR: 2020
LATITUDE: 44 31 N
LONGITUDE: 109 1 W
TEMPERATURE IN F: :PCPN: SNOW: WIND :SUNSHINE: SKY :PK WND
================================================================================
1 2 3 4 5 6A 6B 7 8 9 10 11 12 13 14 15 16 17 18
12Z AVG MX 2MIN
DY MAX MIN AVG DEP HDD CDD WTR SNW DPTH SPD SPD DIR MIN PSBL S-S WX SPD DR
================================================================================
1 36 20 28 0 37 0 T M M 9.5 21 270 M M 9 1 29 270
2 34 9 22 -6 43 0 T M M 5.2 14 180 M M 0 M M
3 35 8 22 -6 43 0 0.00 M M 2.1 6 180 M M 0 M M
4 43 16 30 3 35 0 0.00 M M 2.3 8 30 M M 0 M M
5 53 17 35 8 30 0 0.00 M M 4.7 14 230 M M 0 17 230
6 43 20 32 5 33 0 0.00 M M 2.7 14 220 M M 0 M M
7 57 18 38 11 27 0 0.00 M M 4.1 14 50 M M 0 18 290
8 62 28 45 19 20 0 0.00 M M 7.2 16 270 M M 0 30 270
9 62 28 45 19 20 0 0.00 M M 5.8 12 320 M M 0 21 320
10 37 19 28 2 37 0 T M M 5.8 12 10 M M 6 M M
11 30 18 24 -2 41 0 T M M 4.0 10 20 M M 10 1 M M
12 23 6 15 -11 50 0 T M M 6.9 12 40 M M 7 1 M M
13 33 4 19 -7 46 0 0.00 M M 4.1 9 40 M M 2 M M
14 32 16 24 -1 41 0 0.01 M M 2.7 8 70 M M 7 M M
15 36 10 23 -2 42 0 0.00 M M 12.6 28 260 M M 1 44 260
16 42 34 38 13 27 0 0.00 M M 16.2 24 260 M M 4 50 260
17 41 21 31 6 34 0 T M M 8.1 16 160 M M 2 22 160
18 41 18 30 5 35 0 0.00 M M M M M M M M 44 260
19 43 35 39 14 26 0 0.00 M M 20.9 31 250 M M 2 48 250
20 48 39 44 19 21 0 0.00 M M 19.8 31 240 M M 3 59 250
21 56 42 49 24 16 0 0.00 M M 12.7 22 270 M M 2 36 260
22 52 23 38 13 27 0 T M M 14.0 28 360 M M 3 39 360
23 32 14 23 -2 42 0 0.00 M M 11.0 21 360 M M 3 36 250
24 37 21 29 4 36 0 0.00 M M 9.4 22 270 M M 0 36 270
25 48 16 32 7 33 0 0.00 M M 5.8 14 270 M M 0 20 270
26 47 34 41 15 24 0 0.00 M M 9.1 17 260 M M 2 37 270
27 40 20 30 4 35 0 T T T 6.4 16 260 M M 4 1 24 270
28 34 13 24 -2 41 0 0.00 M M 5.8 12 200 M M 0 M M
29 32 8 20 -6 45 0 0.00 M M 5.3 17 20 M M 0 23 30
30 38 9 24 -2 41 0 0.00 M M 7.5 18 230 M M 3 37 260
31 42 29 36 10 29 0 0.00 M M 11.6 30 210 M M 0 43 210
================================================================================
SM 1289 613 1057 0 0.01 T 243.3 M 70
================================================================================
AV 41.6 19.8 8.1 FASTST M M 2 MAX(MPH)
MISC ----> # 31 250 59 250
================================================================================
NOTES:
# LAST OF SEVERAL OCCURRENCES
COLUMN 17 PEAK WIND IN M.P.H.
PRELIMINARY LOCAL CLIMATOLOGICAL DATA (WS FORM: F-6) , PAGE 2
STATION: CODY WY
MONTH: DECEMBER
YEAR: 2020
LATITUDE: 44 31 N
LONGITUDE: 109 1 W
[TEMPERATURE DATA] [PRECIPITATION DATA] SYMBOLS USED IN COLUMN 16
AVERAGE MONTHLY: 30.7 TOTAL FOR MONTH: 0.01 1 = FOG OR MIST
DPTR FM NORMAL: 4.7 DPTR FM NORMAL: M 2 = FOG REDUCING VISIBILITY
HIGHEST: 62 ON 9, 8 GRTST 24HR 0.01 ON 14-14 TO 1/4 MILE OR LESS
LOWEST: 4 ON 13 3 = THUNDER
SNOW, ICE PELLETS, HAIL 4 = ICE PELLETS
TOTAL MONTH: T 5 = HAIL
GRTST 24HR T ON 27-27 6 = FREEZING RAIN OR DRIZZLE
GRTST DEPTH: T 7 = DUSTSTORM OR SANDSTORM:
VSBY 1/2 MILE OR LESS
8 = SMOKE OR HAZE
[NO. OF DAYS WITH] [WEATHER - DAYS WITH] 9 = BLOWING SNOW
X = TORNADO
MAX 32 OR BELOW: 5 0.01 INCH OR MORE: 1
MAX 90 OR ABOVE: 0 0.10 INCH OR MORE: 0
MIN 32 OR BELOW: 26 0.50 INCH OR MORE: 0
MIN 0 OR BELOW: 0 1.00 INCH OR MORE: 0
[HDD (BASE 65) ]
TOTAL THIS MO. 1057 CLEAR (SCALE 0-3) 22
DPTR FM NORMAL -154 PTCLDY (SCALE 4-7) 6
TOTAL FM JUL 1 2783 CLOUDY (SCALE 8-10) 3
DPTR FM NORMAL 208
[CDD (BASE 65) ]
TOTAL THIS MO. 0
DPTR FM NORMAL 0 [PRESSURE DATA]
TOTAL FM JAN 1 497 HIGHEST SLP M ON M
DPTR FM NORMAL 497 LOWEST SLP M ON M
[REMARKS]
#FINAL-12-20#