000
CXUS55 KPUB 011756 RRA
CLSCOS
CLIMATE REPORT
NATIONAL WEATHER SERVICE
1156 AM MDT FRI SEP 01 2023
...................................
...THE COLORADO SPRINGS CO CLIMATE SUMMARY FOR THE SEASON, FROM
6/1/2023 TO 8/31/2023...
CLIMATE NORMAL PERIOD 1991 TO 2020
CLIMATE RECORD PERIOD 1872 TO 2023
WEATHER OBSERVED NORMAL DEPART LAST YEAR`S
VALUE DATE(S) VALUE FROM VALUE DATE(S)
NORMAL
................................................................
TEMPERATURE (F)
RECORD
HIGH 101 06/21/2016
06/26/2012
LOW 27 06/01/1903
HIGHEST 97 08/18 100 07/23
LOWEST 44 06/13 42 06/01
AVG. MAXIMUM 82.4 83.9 -1.5 85.6
AVG. MINIMUM 56.2 55.9 0.3 57.6
MEAN 69.3 69.9 -0.6 71.6
DAYS MAX >= 90 23 21.6 1.4
DAYS MAX <= 32 0 0.0 0.0
DAYS MIN <= 32 0 0.0 0.0
DAYS MIN <= 0 0 0.0 0.0
PRECIPITATION (INCHES)
RECORD
MAXIMUM 16.85 1965
MINIMUM 2.47 1939
TOTALS 14.82 8.35 6.47 8.54
DAILY AVG. 0.16 0.09 0.07
DAYS >= .01 40 34.3 5.7
DAYS >= .10 27 17.2 9.8
DAYS >= .50 6 4.5 1.5
DAYS >= 1.00 5 1.6 3.4
GREATEST
24 HR. TOTAL 5.49 06/11 TO 06/12
SNOWFALL (INCHES)
RECORDS
MAXIMUM 2.0 1917
TOTALS T 0.0 0.0 0.0
SINCE 7/1 T 0.0 0.0 MM
SNOWDEPTH AVG. 0
DAYS >= 1.0 0 0.0 0.0
GREATEST
24 HR TOTAL T 06/13 TO 06/13 0.0
08/05 TO 08/05
08/08 TO 08/08
DEGREE DAYS
HEATING TOTAL 93 74 19 48
SINCE 7/1 5 16 -11 0
COOLING TOTAL 519 525 -6 683
SINCE 1/1 520 543 -23 729
................................................................
WIND (MPH)
AVERAGE WIND SPEED 8.6
HIGHEST WIND SPEED/DIRECTION 49/230 DATE 08/02
HIGHEST GUST SPEED/DIRECTION 69/190 DATE 06/08
SKY COVER
POSSIBLE SUNSHINE (PERCENT) MM
AVERAGE SKY COVER 0.49
NUMBER OF DAYS FAIR 25
NUMBER OF DAYS PC 57
NUMBER OF DAYS CLOUDY 10
AVERAGE RH (PERCENT) 55
WEATHER CONDITIONS. NUMBER OF DAYS WITH
THUNDERSTORM 53 MIXED PRECIP 0
HEAVY RAIN 26 RAIN 30
LIGHT RAIN 62 FREEZING RAIN 0
LT FREEZING RAIN 0 HAIL 10
HEAVY SNOW 0 SNOW 0
LIGHT SNOW 0 SLEET 0
FOG 27 FOG W/VIS <= 1/4 MILE 4
HAZE 5
- INDICATES NEGATIVE NUMBERS.
R INDICATES RECORD WAS SET OR TIED.
MM INDICATES DATA IS MISSING.
T INDICATES TRACE AMOUNT.
$$