000
CXUS53 KLSX 011558
CF6COU
PRELIMINARY LOCAL CLIMATOLOGICAL DATA (WS FORM: F-6)
STATION: COLUMBIA ASOS
MONTH: JANUARY
YEAR: 2023
LATITUDE: 38 49 N
LONGITUDE: 92 13 W
TEMPERATURE IN F: :PCPN: SNOW: WIND :SUNSHINE: SKY :PK WND
================================================================================
1 2 3 4 5 6A 6B 7 8 9 10 11 12 13 14 15 16 17 18
12Z AVG MX 2MIN
DY MAX MIN AVG DEP HDD CDD WTR SNW DPTH SPD SPD DIR MIN PSBL S-S WX SPD DR
================================================================================
1 66 43 55 23 10 0 0.00 0.0 0 7.3 15 50 M M 2 12 20 70
2 62 45 54 22 11 0 0.32 0.0 0 9.7 25 160 M M 8 1 35 150
3 65 39 52 21 13 0 0.04 0.0 0 15.5 32 220 M M 4 1 45 210
4 46 35 41 10 24 0 0.00 0.0 0 13.1 25 250 M M 9 35 250
5 42 30 36 5 29 0 0.00 0.0 0 10.4 21 300 M M 5 28 290
6 49 24 37 6 28 0 0.00 0.0 0 5.4 12 60 M M 1 17 60
7 39 31 35 4 30 0 M T 0 11.0 21 70 M M 8 18 27 70
8 39 27 33 2 32 0 0.00 0.0 0 5.5 10 280 M M 6 1 13 290
9 59 27 43 12 22 0 0.00 0.0 0 9.7 18 180 M M 0 1 25 190
10 57 33 45 14 20 0 0.00 0.0 0 6.3 10 120 M M 0 14 110
11 60 37 49 18 16 0 0.01 0.0 0 6.4 23 50 M M 1 1 31 60
12 46 30 38 7 27 0 M 0.6 T 17.2 26 360 M M 10 138 35 360
13 35 25 30 -1 35 0 0.00 0.0 0 9.6 22 330 M M 6 27 330
14 40 19 30 -1 35 0 0.00 0.0 0 8.1 15 150 M M 0 1 22 150
15 54 33 44 13 21 0 0.00 0.0 0 15.7 25 160 M M 1 36 170
16 67 47 57 26 8 0 0.01 0.0 0 15.1 35 220 M M 4 46 220
17 50 35 43 12 22 0 0.00 0.0 0 6.1 15 290 M M 2 20 290
18 45 37 41 10 24 0 0.32 0.0 0 9.9 21 100 M M 8 12 31 110
19 45 32 39 8 26 0 T T 0 16.6 29 280 M M 8 12 40 270
20 42 30 36 5 29 0 0.00 0.0 0 7.7 15 320 M M 6 21 280
21 47 23 35 4 30 0 T 0.0 0 5.6 10 100 M M 5 14 90
22 38 33 36 5 29 0 0.02 T 0 6.6 14 320 M M 10 1 18 310
23 44 29 37 6 28 0 0.00 0.0 0 8.3 16 240 M M 5 18 20 250
24 44 27 36 5 29 0 0.06 T 0 5.3 12 80 M M 4 1 15 70
25 36 29 33 2 32 0 0.22 2.1 2 11.7 22 270 M M 10 1 30 290
26 30 20 25 -6 40 0 0.00 0.0 T 11.6 21 290 M M 3 31 270
27 51 21 36 5 29 0 T T 0 11.6 25 240 M M 4 35 240
28 59 32 46 14 19 0 T T 0 11.5 23 210 M M 5 33 210
29 32 19 26 -6 39 0 0.01 T 0 13.0 21 340 M M 9 16 27 350
30 21 15 18 -14 47 0 T T 0 12.3 18 360 M M 10 6 23 360
31 26 9 18 -14 47 0 0.00 0.0 0 4.7 13 20 M M 2 15 30
================================================================================
SM 1436 916 831 0 1.01 2.7 308.5 M 156
================================================================================
AV 46.3 29.5 10.0 FASTST M M 5 MAX(MPH)
MISC ----> 35 220 46 220
================================================================================
NOTES:
# LAST OF SEVERAL OCCURRENCES
COLUMN 17 PEAK WIND IN M.P.H.
PRELIMINARY LOCAL CLIMATOLOGICAL DATA (WS FORM: F-6) , PAGE 2
STATION: COLUMBIA ASOS
MONTH: JANUARY
YEAR: 2023
LATITUDE: 38 49 N
LONGITUDE: 92 13 W
[TEMPERATURE DATA] [PRECIPITATION DATA] SYMBOLS USED IN COLUMN 16
AVERAGE MONTHLY: 37.9 TOTAL FOR MONTH: 1.01 1 = FOG OR MIST
DPTR FM NORMAL: 6.9 DPTR FM NORMAL: -1.11 2 = FOG REDUCING VISIBILITY
HIGHEST: 67 ON 16 GRTST 24HR 0.36 ON 2-3 TO 1/4 MILE OR LESS
LOWEST: 9 ON 31 3 = THUNDER
SNOW, ICE PELLETS, HAIL 4 = ICE PELLETS
TOTAL MONTH: 2.7 INCHES 5 = HAIL
GRTST 24HR 2.1 ON 25-25 6 = FREEZING RAIN OR DRIZZLE
GRTST DEPTH: 2 ON 25 7 = DUSTSTORM OR SANDSTORM:
VSBY 1/2 MILE OR LESS
8 = SMOKE OR HAZE
[NO. OF DAYS WITH] [WEATHER - DAYS WITH] 9 = BLOWING SNOW
X = TORNADO
MAX 32 OR BELOW: 4 0.01 INCH OR MORE: M
MAX 90 OR ABOVE: 0 0.10 INCH OR MORE: M
MIN 32 OR BELOW: 20 0.50 INCH OR MORE: 0
MIN 0 OR BELOW: 0 1.00 INCH OR MORE: 0
[HDD (BASE 65) ]
TOTAL THIS MO. 831 CLEAR (SCALE 0-3) 10
DPTR FM NORMAL -223 PTCLDY (SCALE 4-7) 11
TOTAL FM JUL 1 2633 CLOUDY (SCALE 8-10) 10
DPTR FM NORMAL -253
[CDD (BASE 65) ]
TOTAL THIS MO. 0
DPTR FM NORMAL 0 [PRESSURE DATA]
TOTAL FM JAN 1 0 HIGHEST SLP 30.53 ON 31
DPTR FM NORMAL 0 LOWEST SLP 29.45 ON 16
[REMARKS]
#FINAL-01-23#