000
CXUS55 KRIW 020434
CF6CPR
PRELIMINARY LOCAL CLIMATOLOGICAL DATA (WS FORM: F-6)
STATION: CASPER WY
MONTH: OCTOBER
YEAR: 2020
LATITUDE: 42 55 N
LONGITUDE: 106 28 W
TEMPERATURE IN F: :PCPN: SNOW: WIND :SUNSHINE: SKY :PK WND
================================================================================
1 2 3 4 5 6A 6B 7 8 9 10 11 12 13 14 15 16 17 18
12Z AVG MX 2MIN
DY MAX MIN AVG DEP HDD CDD WTR SNW DPTH SPD SPD DIR MIN PSBL S-S WX SPD DR
================================================================================
1 68 27 48 -2 17 0 0.00 0.0 0 6.8 18 270 M M 0 26 270
2 75 37 56 6 9 0 0.00 0.0 0 11.0 29 310 M M 0 40 320
3 70 36 53 3 12 0 0.00 0.0 0 7.2 18 300 M M 2 31 330
4 78 36 57 8 8 0 0.00 0.0 0 11.8 26 260 M M 0 34 260
5 73 41 57 8 8 0 0.00 0.0 0 8.2 20 340 M M 0 24 340
6 82 44 63 15 2 0 0.00 0.0 0 13.6 31 200 M M 0 37 210
7 78 34 56 8 9 0 0.00 0.0 0 6.9 17 220 M M 0 22 240
8 81 34 58 10 7 0 0.00 0.0 0 15.7 29 250 M M 0 37 250
9 76 37 57 10 8 0 0.00 0.0 0 6.5 18 330 M M 0 23 330
10 80 32 56 9 9 0 0.00 0.0 0 14.5 29 240 M M 0 38 240
11 63 31 47 0 18 0 0.03 0.0 0 17.3 43 310 M M 4 1 57 310
12 65 37 51 5 14 0 0.00 0.0 0 19.8 41 250 M M 0 8 56 240
13 70 27 49 3 16 0 0.00 0.0 0 20.5 41 240 M M 0 56 240
14 64 30 47 1 18 0 0.07 0.0 0 11.2 41 230 M M 6 55 240
15 46 24 35 -10 30 0 0.00 0.0 0 7.5 24 350 M M 7 32 350
16 66 22 44 -1 21 0 0.00 0.0 0 18.7 36 240 M M 2 48 230
17 51 27 39 -6 26 0 0.01 T 0 13.2 23 20 M M 9 16 28 10
18 42 24 33 -11 32 0 0.00 0.0 0 7.0 14 50 M M 8 1 20 150
19 67 33 50 6 15 0 0.00 0.0 0 7.2 22 210 M M 7 28 290
20 51 35 43 -1 22 0 0.00 0.0 0 10.0 24 230 M M 3 31 230
21 68 33 51 7 14 0 0.01 0.0 0 11.0 36 250 M M 6 1 48 240
22 36 9 23 -20 42 0 0.13 2.3 T 14.4 28 20 M M 10 1 36 10
23 38 -5 17 -26 48 0 T T T 9.3 24 220 M M 2 18 35 210
24 40 10 25 -18 40 0 0.01 0.1 T 14.9 25 20 M M 8 1 32 20
25 10 -8 1 -41 64 0 0.06 1.3 T 13.1 21 30 M M 9 18 26 30
26 23 -6 9 -33 56 0 0.00 0.0 T 13.8 24 210 M M 1 1 30 210
27 41 18 30 -12 35 0 0.00 0.0 T 21.3 35 210 M M 0 43 200
28 53 25 39 -2 26 0 0.00 0.0 0 9.6 24 210 M M 0 32 210
29 64 30 47 6 18 0 0.00 0.0 0 14.4 29 220 M M 0 8 38 210
30 64 33 49 9 16 0 0.00 0.0 0 20.6 37 230 M M 0 50 230
31 54 19 37 -3 28 0 0.00 0.0 0 8.0 23 220 M M 2 39 340
================================================================================
SM 1837 806 688 0 0.32 3.7 385.0 M 86
================================================================================
AV 59.3 26.0 12.4 FASTST M M 3 MAX(MPH)
MISC ----> 43 310 57 310
================================================================================
NOTES:
# LAST OF SEVERAL OCCURRENCES
COLUMN 17 PEAK WIND IN M.P.H.
PRELIMINARY LOCAL CLIMATOLOGICAL DATA (WS FORM: F-6) , PAGE 2
STATION: CASPER WY
MONTH: OCTOBER
YEAR: 2020
LATITUDE: 42 55 N
LONGITUDE: 106 28 W
[TEMPERATURE DATA] [PRECIPITATION DATA] SYMBOLS USED IN COLUMN 16
AVERAGE MONTHLY: 42.6 TOTAL FOR MONTH: 0.32 1 = FOG OR MIST
DPTR FM NORMAL: -2.6 DPTR FM NORMAL: -0.79 2 = FOG REDUCING VISIBILITY
HIGHEST: 82 ON 6 GRTST 24HR 0.14 ON 21-22 TO 1/4 MILE OR LESS
LOWEST: -8 ON 25 3 = THUNDER
SNOW, ICE PELLETS, HAIL 4 = ICE PELLETS
TOTAL MONTH: 3.7 INCHES 5 = HAIL
GRTST 24HR 2.3 ON 22-22 6 = FREEZING RAIN OR DRIZZLE
GRTST DEPTH: T 7 = DUSTSTORM OR SANDSTORM:
VSBY 1/2 MILE OR LESS
8 = SMOKE OR HAZE
[NO. OF DAYS WITH] [WEATHER - DAYS WITH] 9 = BLOWING SNOW
X = TORNADO
MAX 32 OR BELOW: 2 0.01 INCH OR MORE: 7
MAX 90 OR ABOVE: 0 0.10 INCH OR MORE: 1
MIN 32 OR BELOW: 18 0.50 INCH OR MORE: 0
MIN 0 OR BELOW: 3 1.00 INCH OR MORE: 0
[HDD (BASE 65) ]
TOTAL THIS MO. 688 CLEAR (SCALE 0-3) 21
DPTR FM NORMAL 74 PTCLDY (SCALE 4-7) 7
TOTAL FM JUL 1 943 CLOUDY (SCALE 8-10) 3
DPTR FM NORMAL 43
[CDD (BASE 65) ]
TOTAL THIS MO. 0
DPTR FM NORMAL 0 [PRESSURE DATA]
TOTAL FM JAN 1 542 HIGHEST SLP 30.62 ON 25
DPTR FM NORMAL 120 LOWEST SLP 29.42 ON 11
[REMARKS]
#FINAL-10-20#