000
CXUS54 KFWD 010830
CF6CPT
PRELIMINARY LOCAL CLIMATOLOGICAL DATA (WS FORM: F-6)
STATION: CLEBURNE
MONTH: JANUARY
YEAR: 2021
LATITUDE: 32 20 N
LONGITUDE: 97 24 W
TEMPERATURE IN F: :PCPN: SNOW: WIND :SUNSHINE: SKY :PK WND
================================================================================
1 2 3 4 5 6A 6B 7 8 9 10 11 12 13 14 15 16 17 18
12Z AVG MX 2MIN
DY MAX MIN AVG DEP HDD CDD WTR SNW DPTH SPD SPD DIR MIN PSBL S-S WX SPD DR
================================================================================
1 39 32 36 -8 29 0 0.04 M M 13.6 20 300 M M 10 1 30 300
2 57 32 45 1 20 0 0.00 M M 7.5 14 340 M M 3 21 340
3 68 36 52 8 13 0 0.00 M M 8.7 15 260 M M 0 23 220
4 66 37 52 8 13 0 0.00 M M 6.5 15 30 M M 0 18 360
5 66 36 51 7 14 0 0.00 M M 8.3 14 170 M M 2 22 150
6 57 45 51 7 14 0 0.00 M M 15.2 26 310 M M 7 1 38 310
7 54 37 46 2 19 0 0.00 M M 14.6 23 350 M M 7 29 350
8 50 34 42 -2 23 0 0.00 M M 8.8 14 10 M M 6 15 340
9 50 27 39 -5 26 0 0.01 M M 6.0 12 50 M M 1 1 17 50
10 39 32 36 -8 29 0 0.48 M M 7.5 13 350 M M 9 12 14 10
11 45 30 38 -7 27 0 M M M 7.6 13 310 M M 3 M M
12 50 28 39 -6 26 0 0.00 M M 5.7 12 230 M M 0 18 240
13 63 30 47 2 18 0 0.00 M M 7.9 14 200 M M 0 1 21 220
14 64 37 51 6 14 0 0.00 M M 14.0 31 350 M M 0 37 350
15 54 32 43 -2 22 0 0.00 M M 14.7 31 310 M M 2 44 310
16 57 30 44 -1 21 0 0.00 M M 6.9 12 310 M M 4 8 18 290
17 61 37 49 4 16 0 0.00 M M 8.3 17 340 M M 0 22 340
18 70 36 53 8 12 0 0.00 M M 9.8 17 180 M M 2 28 180
19 59 46 53 8 12 0 0.01 M M 13.2 20 20 M M 10 18 25 30
20 50 43 47 2 18 0 0.32 M M 5.8 15 20 M M 10 1 13 20
21 55 45 50 5 15 0 0.04 M M 6.0 10 210 M M 4 18 190
22 52 48 50 5 15 0 0.00 M M 6.7 13 60 M M 9 12 16 60
23 55 48 52 6 13 0 0.00 M M 5.6 12 130 M M 9 1 16 130
24 66 54 60 14 5 0 0.10 M M 8.2 16 170 M M 10 12 28 160
25 68 48 58 12 7 0 0.35 M M 10.2 16 290 M M 2 1 24 290
26 59 37 48 2 17 0 0.00 M M 9.6 15 360 M M 2 23 350
27 52 32 42 -4 23 0 0.00 M M 10.9 18 350 M M 2 27 330
28 50 30 40 -6 25 0 0.00 M M 5.7 9 80 M M 0 13 99
29 63 37 50 4 15 0 0.00 M M 10.2 17 160 M M 1 24 180
30 75 54 65 19 0 0 0.00 M M 16.8 29 250 M M 5 18 39 250
31 59 39 49 3 16 0 0.00 M M 15.7 22 350 M M 0 32 350
================================================================================
SM 1773 1169 537 0 1.35 M 296.2 M 120
================================================================================
AV 57.2 37.7 9.6 FASTST M M 4 MAX(MPH)
MISC ----> # 31 350 44 310
================================================================================
NOTES:
# LAST OF SEVERAL OCCURRENCES
COLUMN 17 PEAK WIND IN M.P.H.
PRELIMINARY LOCAL CLIMATOLOGICAL DATA (WS FORM: F-6) , PAGE 2
STATION: CLEBURNE
MONTH: JANUARY
YEAR: 2021
LATITUDE: 32 20 N
LONGITUDE: 97 24 W
[TEMPERATURE DATA] [PRECIPITATION DATA] SYMBOLS USED IN COLUMN 16
AVERAGE MONTHLY: 47.5 TOTAL FOR MONTH: 1.35 1 = FOG OR MIST
DPTR FM NORMAL: 2.4 DPTR FM NORMAL: -0.89 2 = FOG REDUCING VISIBILITY
HIGHEST: 75 ON 30 GRTST 24HR 0.48 ON 10-10 TO 1/4 MILE OR LESS
LOWEST: 27 ON 9 3 = THUNDER
SNOW, ICE PELLETS, HAIL 4 = ICE PELLETS
TOTAL MONTH: M 5 = HAIL
GRTST 24HR M ON M 6 = FREEZING RAIN OR DRIZZLE
GRTST DEPTH: M ON M 7 = DUSTSTORM OR SANDSTORM:
VSBY 1/2 MILE OR LESS
8 = SMOKE OR HAZE
[NO. OF DAYS WITH] [WEATHER - DAYS WITH] 9 = BLOWING SNOW
X = TORNADO
MAX 32 OR BELOW: 0 0.01 INCH OR MORE: 8
MAX 90 OR ABOVE: 0 0.10 INCH OR MORE: 3
MIN 32 OR BELOW: 11 0.50 INCH OR MORE: 0
MIN 0 OR BELOW: 0 1.00 INCH OR MORE: 0
[HDD (BASE 65) ]
TOTAL THIS MO. 537 CLEAR (SCALE 0-3) 16
DPTR FM NORMAL -82 PTCLDY (SCALE 4-7) 8
TOTAL FM JUL 1 1338 CLOUDY (SCALE 8-10) 7
DPTR FM NORMAL -250
[CDD (BASE 65) ]
TOTAL THIS MO. 0
DPTR FM NORMAL -1 [PRESSURE DATA]
TOTAL FM JAN 1 0 HIGHEST SLP M ON M
DPTR FM NORMAL -1 LOWEST SLP M ON M
[REMARKS]
#FINAL-01-21#