000
CXUS54 KFWD 010730
CF6CPT
PRELIMINARY LOCAL CLIMATOLOGICAL DATA (WS FORM: F-6)
STATION: CLEBURNE
MONTH: AUGUST
YEAR: 2023
LATITUDE: 32 20 N
LONGITUDE: 97 24 W
TEMPERATURE IN F: :PCPN: SNOW: WIND :SUNSHINE: SKY :PK WND
================================================================================
1 2 3 4 5 6A 6B 7 8 9 10 11 12 13 14 15 16 17 18
12Z AVG MX 2MIN
DY MAX MIN AVG DEP HDD CDD WTR SNW DPTH SPD SPD DIR MIN PSBL S-S WX SPD DR
================================================================================
1 106 81 94 9 0 29 0.00 M M 7.6 15 130 M M 1 8 18 99
2 106 81 94 9 0 29 0.00 M M 9.7 16 180 M M 0 8 22 150
3 104 81 93 8 0 28 0.00 M M 10.3 16 150 M M 0 8 22 130
4 104 81 93 8 0 28 0.00 M M 10.1 14 140 M M 0 18 210
5 106 82 94 9 0 29 0.00 M M 9.3 14 170 M M 0 20 210
6 104 81 93 8 0 28 0.00 M M 10.0 14 170 M M 0 8 20 150
7 106 82 94 9 0 29 0.00 M M 10.1 17 140 M M 0 22 140
8 104 82 93 8 0 28 0.00 M M 11.7 16 140 M M 0 8 26 140
9 108 81 95 10 0 30 0.00 M M 14.3 21 210 M M 0 8 28 180
10 106 82 94 9 0 29 0.00 M M 11.7 18 140 M M 0 25 170
11 108 82 95 10 0 30 0.00 M M 12.9 17 170 M M 0 23 170
12 108 79 94 9 0 29 0.00 M M 14.2 21 180 M M 0 26 180
13 106 81 94 9 0 29 0.00 M M 13.2 20 180 M M 0 26 180
14 102 79 91 6 0 26 0.00 M M 11.6 20 30 M M 0 25 10
15 95 72 84 0 0 19 0.00 M M 8.7 14 30 M M 0 21 360
16 97 70 84 0 0 19 0.00 M M 6.3 10 120 M M 0 14 0
17 109 73 91 7 0 26 0.00 M M 7.7 14 140 M M 0 20 140
18 109 81 95 11 0 30 0.00 M M 8.3 15 140 M M 0 21 140
19 106 79 93 9 0 28 0.00 M M 7.5 15 180 M M 0 21 160
20 108 81 95 11 0 30 0.00 M M 7.3 20 80 M M 0 23 90
21 106 82 94 10 0 29 0.00 M M 9.6 20 110 M M 1 24 90
22 102 81 92 8 0 27 0.00 M M 9.1 18 100 M M 1 23 100
23 102 79 91 7 0 26 0.00 M M 6.8 13 180 M M 2 21 160
24 106 79 93 9 0 28 0.00 M M 4.4 10 320 M M 1 21 320
25 108 82 95 12 0 30 0.00 M M 4.9 10 110 M M 1 17 30
26 108 82 95 12 0 30 0.00 M M 5.8 10 150 M M 1 17 220
27 100 75 88 5 0 23 0.45 M M 7.2 17 340 M M 1 8 27 340
28 93 75 84 1 0 19 0.00 M M 10.9 21 350 M M 0 28 350
29 95 70 83 1 0 18 0.00 M M 7.4 15 40 M M 0 23 50
30 97 72 85 3 0 20 0.00 M M 8.7 17 40 M M 1 29 30
31 99 73 86 4 0 21 0.00 M M 5.7 12 120 M M 0 16 100
================================================================================
SM 3218 2441 0 824 0.45 M 282.8 M 10
================================================================================
AV103.8 78.7 9.1 FASTST M M 0 MAX(MPH)
MISC ----> # 21 210 29 30
================================================================================
NOTES:
# LAST OF SEVERAL OCCURRENCES
COLUMN 17 PEAK WIND IN M.P.H.
PRELIMINARY LOCAL CLIMATOLOGICAL DATA (WS FORM: F-6) , PAGE 2
STATION: CLEBURNE
MONTH: AUGUST
YEAR: 2023
LATITUDE: 32 20 N
LONGITUDE: 97 24 W
[TEMPERATURE DATA] [PRECIPITATION DATA] SYMBOLS USED IN COLUMN 16
AVERAGE MONTHLY: 91.3 TOTAL FOR MONTH: 0.45 1 = FOG OR MIST
DPTR FM NORMAL: 7.3 DPTR FM NORMAL: -2.14 2 = FOG REDUCING VISIBILITY
HIGHEST: 109 ON 18,17 GRTST 24HR 0.45 ON 27-27 TO 1/4 MILE OR LESS
LOWEST: 70 ON 29,16 3 = THUNDER
SNOW, ICE PELLETS, HAIL 4 = ICE PELLETS
TOTAL MONTH: M 5 = HAIL
GRTST 24HR M ON M 6 = FREEZING RAIN OR DRIZZLE
GRTST DEPTH: M ON M 7 = DUSTSTORM OR SANDSTORM:
VSBY 1/2 MILE OR LESS
8 = SMOKE OR HAZE
[NO. OF DAYS WITH] [WEATHER - DAYS WITH] 9 = BLOWING SNOW
X = TORNADO
MAX 32 OR BELOW: 0 0.01 INCH OR MORE: 1
MAX 90 OR ABOVE: 31 0.10 INCH OR MORE: 1
MIN 32 OR BELOW: 0 0.50 INCH OR MORE: 0
MIN 0 OR BELOW: 0 1.00 INCH OR MORE: 0
[HDD (BASE 65) ]
TOTAL THIS MO. 0 CLEAR (SCALE 0-3) 31
DPTR FM NORMAL 0 PTCLDY (SCALE 4-7) 0
TOTAL FM JUL 1 0 CLOUDY (SCALE 8-10) 0
DPTR FM NORMAL 0
[CDD (BASE 65) ]
TOTAL THIS MO. 824
DPTR FM NORMAL 234 [PRESSURE DATA]
TOTAL FM JAN 1 2493 HIGHEST SLP M ON M
DPTR FM NORMAL 511 LOWEST SLP M ON M
[REMARKS]
#FINAL-08-23#