000
CXUS52 KILM 011000
CF6CRE
PRELIMINARY LOCAL CLIMATOLOGICAL DATA (WS FORM: F-6)
STATION: N.MYRTLE BEACH SOUTH CAROLINA
MONTH: MAY
YEAR: 2020
LATITUDE: 33 49 N
LONGITUDE: 78 43 W
TEMPERATURE IN F: :PCPN: SNOW: WIND :SUNSHINE: SKY :PK WND
================================================================================
1 2 3 4 5 6A 6B 7 8 9 10 11 12 13 14 15 16 17 18
12Z AVG MX 2MIN
DY MAX MIN AVG DEP HDD CDD WTR SNW DPTH SPD SPD DIR MIN PSBL S-S WX SPD DR
================================================================================
1 72 53 63 -3 2 0 0.00 M M 8.3 18 280 M M 1 25 290
2 70 49 60 -6 5 0 0.00 M M 7.2 15 190 M M 0 19 200
3 85 62 74 8 0 9 0.00 M M 12.2 23 220 M M 0 30 220
4 88 68 78 11 0 13 0.00 M M 7.6 22 240 M M 0 30 230
5 74 62 68 1 0 3 0.37 M M 7.3 17 20 M M 4 13 24 330
6 78 55 67 0 0 2 0.09 M M 7.8 18 350 M M 4 27 340
7 68 47 58 -9 7 0 0.00 M M 5.6 17 360 M M 0 24 10
8 73 45 59 -9 6 0 0.05 M M 11.8 33 220 M M 3 1 42 210
9 66 48 57 -11 8 0 T M M 6.8 21 10 M M 1 1 28 20
10 69 44 57 -11 8 0 0.00 M M 5.4 13 140 M M 1 17 150
11 76 52 64 -4 1 0 0.00 M M 8.9 21 270 M M 0 30 270
12 70 44 57 -12 8 0 0.00 M M 6.0 20 220 M M 0 25 220
13 72 50 61 -8 4 0 0.00 M M 5.0 12 170 M M 1 16 150
14 75 58 67 -2 0 2 0.00 M M 7.6 15 170 M M 1 18 170
15 78 61 70 0 0 5 0.00 M M 6.0 14 160 M M 0 22 160
16 81 60 71 1 0 6 0.00 M M 5.9 14 120 M M 0 1 18 110
17 82 67 75 5 0 10 0.01 M M 10.7 24 40 M M 7 1 30 50
18 83 70 77 7 0 12 0.00 M M 7.1 14 200 M M 7 1 17 190
19 79 68 74 4 0 9 0.08 M M 9.4 17 60 M M 8 13 26 90
20 76 65 71 0 0 6 0.01 M M 10.0 21 50 M M 9 28 100
21 79 69 74 3 0 9 0.92 M M 7.3 17 170 M M 6 13 24 100
22 82 67 75 4 0 10 0.12 M M 5.7 15 210 M M 4 13 20 360
23 85 68 77 5 0 12 0.00 M M 8.3 20 220 M M 1 3 24 230
24 86 72 79 7 0 14 0.00 M M 6.0 13 110 M M 2 3 18 110
25 79 69 74 2 0 9 0.00 M M 9.6 15 100 M M 6 20 110
26 77 67 72 0 0 7 T M M 10.3 15 60 M M 5 22 100
27 77 72 75 3 0 10 2.25 M M 12.4 24 110 M M 9 13 40 120
28 81 75 78 5 0 13 0.39 M M 9.7 16 170 M M 7 13 20 180
29 83 72 78 5 0 13 0.09 M M 9.8 20 200 M M 6 13 26 200
30 82 72 77 4 0 12 0.27 M M 7.6 20 210 M M 5 13 25 210
31 82 66 74 1 0 9 0.00 M M 6.8 18 40 M M 6 25 20
================================================================================
SM 2408 1897 49 195 4.65 M 250.1 M 104
================================================================================
AV 77.7 61.2 8.1 FASTST M M 3 MAX(MPH)
MISC ----> 33 220 42 210
================================================================================
NOTES:
# LAST OF SEVERAL OCCURRENCES
COLUMN 17 PEAK WIND IN M.P.H.
PRELIMINARY LOCAL CLIMATOLOGICAL DATA (WS FORM: F-6) , PAGE 2
STATION: N.MYRTLE BEACH SOUTH CAROLINA
MONTH: MAY
YEAR: 2020
LATITUDE: 33 49 N
LONGITUDE: 78 43 W
[TEMPERATURE DATA] [PRECIPITATION DATA] SYMBOLS USED IN COLUMN 16
AVERAGE MONTHLY: 69.4 TOTAL FOR MONTH: 4.65 1 = FOG OR MIST
DPTR FM NORMAL: -0.3 DPTR FM NORMAL: 1.24 2 = FOG REDUCING VISIBILITY
HIGHEST: 88 ON 4 GRTST 24HR 2.64 ON 27-28 TO 1/4 MILE OR LESS
LOWEST: 44 ON 12,10 3 = THUNDER
SNOW, ICE PELLETS, HAIL 4 = ICE PELLETS
TOTAL MONTH: M 5 = HAIL
GRTST 24HR M ON M 6 = FREEZING RAIN OR DRIZZLE
GRTST DEPTH: M ON M 7 = DUSTSTORM OR SANDSTORM:
VSBY 1/2 MILE OR LESS
8 = SMOKE OR HAZE
[NO. OF DAYS WITH] [WEATHER - DAYS WITH] 9 = BLOWING SNOW
X = TORNADO
MAX 32 OR BELOW: 0 0.01 INCH OR MORE: 12
MAX 90 OR ABOVE: 0 0.10 INCH OR MORE: 6
MIN 32 OR BELOW: 0 0.50 INCH OR MORE: 2
MIN 0 OR BELOW: 0 1.00 INCH OR MORE: 1
[HDD (BASE 65) ]
TOTAL THIS MO. 49 CLEAR (SCALE 0-3) 15
DPTR FM NORMAL 25 PTCLDY (SCALE 4-7) 14
TOTAL FM JUL 1 1749 CLOUDY (SCALE 8-10) 2
DPTR FM NORMAL -697
[CDD (BASE 65) ]
TOTAL THIS MO. 195
DPTR FM NORMAL 25 [PRESSURE DATA]
TOTAL FM JAN 1 321 HIGHEST SLP 30.36 ON 14
DPTR FM NORMAL 109 LOWEST SLP 29.73 ON 6
[REMARKS]
#FINAL-05-20#