000
CXUS52 KJAX 100057
CF6CRG
PRELIMINARY LOCAL CLIMATOLOGICAL DATA (WS FORM: F-6)
STATION: CRAIG EXEC ARPT
MONTH: JUNE
YEAR: 2021
LATITUDE: 30 19 N
LONGITUDE: 81 31 W
TEMPERATURE IN F: :PCPN: SNOW: WIND :SUNSHINE: SKY :PK WND
================================================================================
1 2 3 4 5 6A 6B 7 8 9 10 11 12 13 14 15 16 17 18
12Z AVG MX 2MIN
DY MAX MIN AVG DEP HDD CDD WTR SNW DPTH SPD SPD DIR MIN PSBL S-S WX SPD DR
================================================================================
1 82 60 71 -7 0 6 0.00 0.0 0 6.5 18 50 M M 3 1 25 60
2 88 67 78 0 0 13 0.00 0.0 0 6.8 16 140 M M 3 24 170
3 85 72 79 1 0 14 1.11 0.0 0 6.0 18 170 M M 5 13 28 170
4 89 74 82 4 0 17 T 0.0 0 7.1 16 160 M M 5 23 140
5 87 74 81 3 0 16 0.39 0.0 0 6.2 17 170 M M 5 13 23 150
6 91 76 84 5 0 19 0.00 0.0 0 10.2 21 140 M M 2 27 150
7 89 78 84 5 0 19 0.05 0.0 0 8.1 16 160 M M 3 3 22 110
8 90 73 82 3 0 17 0.00 0.0 0 8.1 18 160 M M 1 25 150
9 92 75 84 5 0 19 0.00 0.0 0 6.8 15 120 M M 2 3 22 130
10 93 73 83 4 0 18 T 0.0 0 7.0 15 210 M M 4 3 20 220
11 97 74 86 7 0 21 0.00 0.0 0 9.0 20 230 M M 1 27 230
12 96 78 87 7 0 22 T 0.0 0 10.9 36 230 M M 2 3 48 230
13 89 73 81 1 0 16 0.84 0.0 0 5.1 17 210 M M 4 13 24 100
14 86 73 80 0 0 15 0.00 0.0 0 5.7 17 150 M M 5 3 21 160
15 97 72 85 5 0 20 0.09 0.0 0 9.9 26 70 M M 2 13 38 250
16 90 74 82 2 0 17 T 0.0 0 9.5 17 60 M M 3 3 26 240
17 91 72 82 2 0 17 0.81 0.0 0 7.2 16 230 M M 3 1 22 230
18 88 74 81 1 0 16 0.79 0.0 0 3.7 22 190 M M 6 13 32 200
19 89 73 81 0 0 16 0.27 0.0 0 5.3 22 230 M M 2 13 30 230
20 86 76 81 0 0 16 0.36 0.0 0 10.6 21 230 M M 4 1 31 230
21 87 74 81 0 0 16 0.02 0.0 0 8.1 25 300 M M 4 13 36 290
22 88 74 81 0 0 16 1.19 0.0 0 7.9 23 300 M M 3 13 32 290
23 89 75 82 1 0 17 0.00 0.0 0 5.7 12 160 M M 8 3 16 180
24 85 73 79 -2 0 14 0.06 0.0 0 9.5 22 80 M M 5 13 29 70
25 83 72 78 -3 0 13 0.15 0.0 0 7.3 17 40 M M 6 13 25 60
26 86 73 80 -1 0 15 0.06 0.0 0 6.1 14 110 M M 3 13 20 60
27 87 75 81 0 0 16 0.18 0.0 0 5.9 18 90 M M 4 13 24 100
28 83 72 78 -4 0 13 0.77 0.0 0 4.5 17 350 M M 3 13 25 360
29 88 71 80 -2 0 15 0.03 0.0 0 6.1 16 100 M M 2 1 21 80
30 87 74 81 -1 0 16 0.27 0.0 0 4.6 17 160 M M 2 13 22 170
================================================================================
SM 2658 2194 0 485 7.44 0.0 215.4 M 105
================================================================================
AV 88.6 73.1 7.2 FASTST M M 4 MAX(MPH)
MISC ----> 36 230 48 230
================================================================================
NOTES:
# LAST OF SEVERAL OCCURRENCES
COLUMN 17 PEAK WIND IN M.P.H.
PRELIMINARY LOCAL CLIMATOLOGICAL DATA (WS FORM: F-6) , PAGE 2
STATION: CRAIG EXEC ARPT
MONTH: JUNE
YEAR: 2021
LATITUDE: 30 19 N
LONGITUDE: 81 31 W
[TEMPERATURE DATA] [PRECIPITATION DATA] SYMBOLS USED IN COLUMN 16
AVERAGE MONTHLY: 80.9 TOTAL FOR MONTH: 7.44 1 = FOG OR MIST
DPTR FM NORMAL: 1.0 DPTR FM NORMAL: 1.16 2 = FOG REDUCING VISIBILITY
HIGHEST: 97 ON 15,11 GRTST 24HR 1.60 ON 17-18 TO 1/4 MILE OR LESS
LOWEST: 60 ON 1 3 = THUNDER
SNOW, ICE PELLETS, HAIL 4 = ICE PELLETS
TOTAL MONTH: 0.0 INCH 5 = HAIL
GRTST 24HR 0.0 6 = FREEZING RAIN OR DRIZZLE
GRTST DEPTH: 0 7 = DUSTSTORM OR SANDSTORM:
VSBY 1/2 MILE OR LESS
8 = SMOKE OR HAZE
[NO. OF DAYS WITH] [WEATHER - DAYS WITH] 9 = BLOWING SNOW
X = TORNADO
MAX 32 OR BELOW: 0 0.01 INCH OR MORE: 18
MAX 90 OR ABOVE: 9 0.10 INCH OR MORE: 12
MIN 32 OR BELOW: 0 0.50 INCH OR MORE: 6
MIN 0 OR BELOW: 0 1.00 INCH OR MORE: 2
[HDD (BASE 65) ]
TOTAL THIS MO. 0 CLEAR (SCALE 0-3) 15
DPTR FM NORMAL 0 PTCLDY (SCALE 4-7) 14
TOTAL FM JUL 1 905 CLOUDY (SCALE 8-10) 1
DPTR FM NORMAL -207
[CDD (BASE 65) ]
TOTAL THIS MO. 485
DPTR FM NORMAL 38 [PRESSURE DATA]
TOTAL FM JAN 1 1163 HIGHEST SLP 30.23 ON 1
DPTR FM NORMAL 189 LOWEST SLP 29.78 ON 12
[REMARKS]
#FINAL-06-21#