000
CXUS56 KSGX 011045
CF6CRQ
PRELIMINARY LOCAL CLIMATOLOGICAL DATA (WS FORM: F-6)
STATION: CARLSBAD PALOMAR AIRPORT CA
MONTH: MARCH
YEAR: 2022
LATITUDE: 33 7 N
LONGITUDE: 117 17 W
TEMPERATURE IN F: :PCPN: SNOW: WIND :SUNSHINE: SKY :PK WND
================================================================================
1 2 3 4 5 6A 6B 7 8 9 10 11 12 13 14 15 16 17 18
12Z AVG MX 2MIN
DY MAX MIN AVG DEP HDD CDD WTR SNW DPTH SPD SPD DIR MIN PSBL S-S WX SPD DR
================================================================================
1 77 50 64 7 1 0 0.00 M M 2.8 12 240 M M 0 16 240
2 77 49 63 6 2 0 0.00 M M 3.9 12 250 M M 0 16 240
3 62 48 55 -2 10 0 0.00 M M 6.7 20 210 M M 3 128 26 200
4 61 51 56 -1 9 0 0.51 M M 8.2 16 240 M M 6 13 20 260
5 57 51 54 -3 11 0 0.01 M M 10.7 22 260 M M 8 31 250
6 59 45 52 -5 13 0 0.00 M M 4.4 14 230 M M 2 18 230
7 64 44 54 -3 11 0 0.00 M M 4.3 13 280 M M 0 18 280
8 65 44 55 -2 10 0 0.00 M M 4.0 13 260 M M 0 19 250
9 63 46 55 -2 10 0 0.00 M M 6.9 15 230 M M 2 19 230
10 62 50 56 -1 9 0 0.00 M M 6.2 16 240 M M 5 1 20 260
11 70 47 59 2 6 0 0.00 M M 3.5 14 260 M M 0 18 250
12 69 45 57 0 8 0 0.00 M M 2.8 12 250 M M 0 18 250
13 62 47 55 -3 10 0 0.00 M M 6.0 15 220 M M 2 18 210
14 65 49 57 -1 8 0 0.00 M M 3.7 12 280 M M 0 16 260
15 66 48 57 -1 8 0 0.00 M M 2.9 12 260 M M 1 128 16 250
16 65 53 59 1 6 0 0.00 M M 4.6 14 250 M M 5 128 19 250
17 72 50 61 3 4 0 0.00 M M 2.4 10 250 M M 0 14 250
18 70 50 60 2 5 0 0.00 M M 3.7 10 250 M M 0 14 250
19 62 53 58 0 7 0 0.07 M M 6.7 14 250 M M 6 18 19 250
20 65 53 59 1 6 0 0.12 M M 5.5 16 260 M M 5 1 22 260
21 64 50 57 -1 8 0 0.00 M M 4.3 10 250 M M 1 16 250
22 75 52 64 6 1 0 0.00 M M 2.6 10 230 M M 0 14 250
23 87 58 73 15 0 8 0.00 M M 5.3 18 90 M M 0 24 110
24 73 57 65 7 0 0 0.00 M M 3.2 10 250 M M 1 12 12 260
25 66 54 60 2 5 0 0.00 M M 2.8 12 250 M M 5 128 14 240
26 66 52 59 1 6 0 0.00 M M 4.8 12 240 M M 7 128 16 230
27 63 55 59 1 6 0 0.00 M M 6.4 14 240 M M 7 18 17 210
28 66 53 60 2 5 0 0.85 M M 9.0 24 220 M M 9 1 29 200
29 62 52 57 -1 8 0 0.08 M M 5.1 15 260 M M 4 1 20 240
30 63 52 58 0 7 0 0.00 M M 6.0 15 260 M M 6 21 260
31 61 54 58 0 7 0 0.01 M M 5.7 15 200 M M 10 18 19 220
================================================================================
SM 2059 1562 207 8 1.65 M 155.1 M 95
================================================================================
AV 66.4 50.4 5.0 FASTST M M 3 MAX(MPH)
MISC ----> 24 220 31 250
================================================================================
NOTES:
# LAST OF SEVERAL OCCURRENCES
COLUMN 17 PEAK WIND IN M.P.H.
PRELIMINARY LOCAL CLIMATOLOGICAL DATA (WS FORM: F-6) , PAGE 2
STATION: CARLSBAD PALOMAR AIRPORT CA
MONTH: MARCH
YEAR: 2022
LATITUDE: 33 7 N
LONGITUDE: 117 17 W
[TEMPERATURE DATA] [PRECIPITATION DATA] SYMBOLS USED IN COLUMN 16
AVERAGE MONTHLY: 58.4 TOTAL FOR MONTH: 1.65 1 = FOG OR MIST
DPTR FM NORMAL: 0.8 DPTR FM NORMAL: 0.04 2 = FOG REDUCING VISIBILITY
HIGHEST: 87 ON 23 GRTST 24HR 0.93 ON 28-29 TO 1/4 MILE OR LESS
LOWEST: 44 ON 7, 8 3 = THUNDER
SNOW, ICE PELLETS, HAIL 4 = ICE PELLETS
TOTAL MONTH: M 5 = HAIL
GRTST 24HR M ON M 6 = FREEZING RAIN OR DRIZZLE
GRTST DEPTH: M ON M 7 = DUSTSTORM OR SANDSTORM:
VSBY 1/2 MILE OR LESS
8 = SMOKE OR HAZE
[NO. OF DAYS WITH] [WEATHER - DAYS WITH] 9 = BLOWING SNOW
X = TORNADO
MAX 32 OR BELOW: 0 0.01 INCH OR MORE: 7
MAX 90 OR ABOVE: 0 0.10 INCH OR MORE: 3
MIN 32 OR BELOW: 0 0.50 INCH OR MORE: 2
MIN 0 OR BELOW: 0 1.00 INCH OR MORE: 0
[HDD (BASE 65) ]
TOTAL THIS MO. 207 CLEAR (SCALE 0-3) 17
DPTR FM NORMAL -27 PTCLDY (SCALE 4-7) 11
TOTAL FM JUL 1 1188 CLOUDY (SCALE 8-10) 3
DPTR FM NORMAL -39
[CDD (BASE 65) ]
TOTAL THIS MO. 8
DPTR FM NORMAL 2 [PRESSURE DATA]
TOTAL FM JAN 1 28 HIGHEST SLP 30.28 ON 11
DPTR FM NORMAL 14 LOWEST SLP 29.76 ON 28
[REMARKS]
#FINAL-03-22#