000
CXUS54 KFWD 010731
CF6CRS
PRELIMINARY LOCAL CLIMATOLOGICAL DATA (WS FORM: F-6)
STATION: CORSICANA
MONTH: MAY
YEAR: 2020
LATITUDE: 32 1 N
LONGITUDE: 96 24 W
TEMPERATURE IN F: :PCPN: SNOW: WIND :SUNSHINE: SKY :PK WND
================================================================================
1 2 3 4 5 6A 6B 7 8 9 10 11 12 13 14 15 16 17 18
12Z AVG MX 2MIN
DY MAX MIN AVG DEP HDD CDD WTR SNW DPTH SPD SPD DIR MIN PSBL S-S WX SPD DR
================================================================================
1 85 58 72 2 0 7 0.00 0.0 0 12.4 22 180 M M 0 8 29 180
2 87 65 76 6 0 11 0.00 0.0 0 14.9 24 170 M M 2 18 33 160
3 88 71 80 10 0 15 0.00 0.0 0 13.2 21 190 M M 3 31 190
4 89 71 80 9 0 15 0.00 0.0 0 14.1 23 170 M M 3 30 180
5 79 62 71 0 0 6 0.68 0.0 0 10.1 22 350 M M 3 13 34 360
6 83 56 70 -1 0 5 0.00 0.0 0 4.3 10 80 M M 0 14 40
7 84 60 72 0 0 7 0.09 0.0 0 14.1 28 140 M M 3 3 37 170
8 78 57 68 -4 0 3 0.02 0.0 0 13.8 26 10 M M 5 1 39 10
9 73 54 64 -8 1 0 0.00 0.0 0 6.9 15 120 M M 1 22 110
10 77 54 66 -6 0 1 0.00 0.0 0 5.2 12 90 M M 0 18 120
11 81 56 69 -4 0 4 0.00 0.0 0 8.6 17 150 M M 0 23 130
12 79 66 73 0 0 8 0.05 0.0 0 10.5 21 170 M M 7 13 27 200
13 84 66 75 2 0 10 0.00 0.0 0 10.9 17 180 M M M 1 22 160
14 M M M M M M 0.00 0.0 0 M M M M M M M M
15 87 M M M M M T 0.0 0 10.9 26 160 M M M 3 36 40
16 70 64 67 -7 0 2 2.66 0.0 0 12.0 24 320 M M 9 13 35 310
17 86 66 76 2 0 11 0.01 0.0 0 9.8 18 340 M M 4 1 25 340
18 89 62 76 2 0 11 0.00 0.0 0 4.4 10 150 M M 0 14 200
19 93 70 82 7 0 17 0.00 0.0 0 7.8 14 190 M M 1 19 190
20 86 69 78 3 0 13 0.00 0.0 0 8.5 16 80 M M 4 25 70
21 87 69 78 3 0 13 T 0.0 0 9.7 20 150 M M 5 18 24 170
22 92 75 84 8 0 19 0.00 0.0 0 12.2 21 160 M M 3 28 170
23 91 68 80 4 0 15 0.02 0.0 0 10.3 20 170 M M 4 13 27 340
24 86 67 77 1 0 12 0.05 0.0 0 9.5 28 170 M M 7 138 37 160
25 73 63 68 -8 0 3 M 0.0 0 7.8 23 320 M M 8 1 31 320
26 80 63 72 -4 0 7 0.01 0.0 0 6.8 16 290 M M 5 1 22 300
27 84 62 73 -4 0 8 0.11 0.0 0 4.6 20 200 M M 2 30 210
28 85 63 74 -3 0 9 0.00 0.0 0 4.3 13 210 M M 2 17 230
29 88 66 77 0 0 12 0.00 0.0 0 7.1 18 10 M M 0 27 40
30 87 66 77 0 0 12 0.00 0.0 0 4.8 13 70 M M 0 19 80
31 87 66 77 -1 0 12 0.00 0.0 0 6.4 13 90 M M 1 20 80
================================================================================
SM 2518 1855 1 268 3.70 0.0 275.9 M 82
================================================================================
AV 83.9 64.0 9.2 FASTST M M 3 MAX(MPH)
MISC ----> # 28 140 # 39 10
================================================================================
NOTES:
# LAST OF SEVERAL OCCURRENCES
COLUMN 17 PEAK WIND IN M.P.H.
PRELIMINARY LOCAL CLIMATOLOGICAL DATA (WS FORM: F-6) , PAGE 2
STATION: CORSICANA
MONTH: MAY
YEAR: 2020
LATITUDE: 32 1 N
LONGITUDE: 96 24 W
[TEMPERATURE DATA] [PRECIPITATION DATA] SYMBOLS USED IN COLUMN 16
AVERAGE MONTHLY: 74.0 TOTAL FOR MONTH: 3.70 1 = FOG OR MIST
DPTR FM NORMAL: 0.0 DPTR FM NORMAL: -0.81 2 = FOG REDUCING VISIBILITY
HIGHEST: 93 ON 19 GRTST 24HR 2.66 ON 16-16 TO 1/4 MILE OR LESS
LOWEST: 54 ON 10, 9 3 = THUNDER
SNOW, ICE PELLETS, HAIL 4 = ICE PELLETS
TOTAL MONTH: 0.0 INCH 5 = HAIL
GRTST 24HR 0.0 6 = FREEZING RAIN OR DRIZZLE
GRTST DEPTH: 0 7 = DUSTSTORM OR SANDSTORM:
VSBY 1/2 MILE OR LESS
8 = SMOKE OR HAZE
[NO. OF DAYS WITH] [WEATHER - DAYS WITH] 9 = BLOWING SNOW
X = TORNADO
MAX 32 OR BELOW: 0 0.01 INCH OR MORE: 10
MAX 90 OR ABOVE: 3 0.10 INCH OR MORE: 3
MIN 32 OR BELOW: 0 0.50 INCH OR MORE: 2
MIN 0 OR BELOW: 0 1.00 INCH OR MORE: 1
[HDD (BASE 65) ]
TOTAL THIS MO. 1 CLEAR (SCALE 0-3) 18
DPTR FM NORMAL -4 PTCLDY (SCALE 4-7) 9
TOTAL FM JUL 1 1819 CLOUDY (SCALE 8-10) 1
DPTR FM NORMAL -272
[CDD (BASE 65) ]
TOTAL THIS MO. 268
DPTR FM NORMAL -13 [PRESSURE DATA]
TOTAL FM JAN 1 491 HIGHEST SLP M ON M
DPTR FM NORMAL 70 LOWEST SLP 29.63 ON M
[REMARKS]
#FINAL-05-20#