000
CXUS52 KFFC 011010
CF6CSG
PRELIMINARY LOCAL CLIMATOLOGICAL DATA (WS FORM: F-6)
STATION: COLUMBUS
MONTH: MARCH
YEAR: 2022
LATITUDE: 32 31 N
LONGITUDE: 84 56 W
TEMPERATURE IN F: :PCPN: SNOW: WIND :SUNSHINE: SKY :PK WND
================================================================================
1 2 3 4 5 6A 6B 7 8 9 10 11 12 13 14 15 16 17 18
12Z AVG MX 2MIN
DY MAX MIN AVG DEP HDD CDD WTR SNW DPTH SPD SPD DIR MIN PSBL S-S WX SPD DR
================================================================================
1 73 41 57 1 8 0 0.00 0.0 M 3.1 12 310 M M 0 17 310
2 79 38 59 3 6 0 0.00 0.0 M 2.1 12 320 M M 0 17 300
3 81 42 62 6 3 0 0.00 0.0 M 3.0 14 280 M M 0 19 280
4 84 43 64 8 1 0 0.00 0.0 M 3.4 13 140 M M 0 18 140
5 80 53 67 11 0 2 0.00 0.0 M 6.7 18 190 M M 1 18 26 160
6 84 54 69 12 0 4 0.00 0.0 M 6.2 18 190 M M 3 25 190
7 81 56 69 12 0 4 0.21 0.0 M 6.1 22 240 M M 7 18 33 300
8 61 53 57 0 8 0 T 0.0 M 6.2 14 20 M M 10 3 19 30
9 62 53 58 1 7 0 0.14 0.0 M 6.4 14 310 M M 8 13 19 310
10 72 52 62 4 3 0 0.00 0.0 M 1.9 10 90 M M 5 8 13 340
11 62 54 58 0 7 0 T 0.0 M 7.2 13 100 M M 10 1 19 90
12 60 32 46 -12 19 0 0.39 M M 16.0 35 320 M M 5 13 52 310
13 59 25 42 -16 23 0 0.00 0.0 M 2.4 9 20 M M 0 13 350
14 69 32 51 -7 14 0 T M M 3.4 16 200 M M 0 23 190
15 67 52 60 1 5 0 0.70 0.0 M 8.9 15 150 M M 8 1 23 100
16 74 53 64 5 1 0 0.15 0.0 M 5.5 18 240 M M 7 13 26 230
17 77 46 62 3 3 0 0.00 0.0 M 2.3 13 210 M M 0 16 210
18 61 51 56 -3 9 0 1.24 0.0 M 6.0 22 320 M M 6 13 29 310
19 70 55 63 3 2 0 0.00 0.0 M 10.2 17 310 M M 4 1 24 280
20 74 39 57 -3 8 0 0.00 0.0 0 5.0 23 310 M M 0 31 310
21 77 40 59 -1 6 0 0.00 0.0 M 6.0 17 150 M M 0 23 140
22 80 53 67 7 0 2 T 0.0 M 11.8 23 170 M M 2 32 170
23 79 62 71 11 0 6 0.26 0.0 M 11.8 25 200 M M 8 1 34 220
24 70 52 61 1 4 0 0.00 0.0 M 4.8 18 280 M M 2 24 300
25 68 48 58 -3 7 0 0.00 0.0 M 8.7 23 300 M M 3 34 290
26 70 47 59 -2 6 0 0.00 0.0 M 10.6 28 300 M M 0 41 290
27 73 42 58 -3 7 0 0.00 0.0 M 7.3 18 320 M M 1 8 30 350
28 77 44 61 0 4 0 0.00 0.0 M 3.4 13 340 M M 0 21 280
29 80 48 64 2 1 0 0.00 0.0 M M 10 M M M 0 M M
30 84 56 70 8 0 5 0.00 0.0 M 13.4 31 180 M M 2 42 200
31 76 59 68 6 0 3 1.60 0.0 M 10.3 22 230 M M 5 13 31 200
================================================================================
SM 2264 1475 162 26 4.69 0.0 200.1 M 97
================================================================================
AV 73.0 47.6 6.7 FASTST M M 3 MAX(MPH)
MISC ----> 35 320 52 310
================================================================================
NOTES:
# LAST OF SEVERAL OCCURRENCES
COLUMN 17 PEAK WIND IN M.P.H.
PRELIMINARY LOCAL CLIMATOLOGICAL DATA (WS FORM: F-6) , PAGE 2
STATION: COLUMBUS
MONTH: MARCH
YEAR: 2022
LATITUDE: 32 31 N
LONGITUDE: 84 56 W
[TEMPERATURE DATA] [PRECIPITATION DATA] SYMBOLS USED IN COLUMN 16
AVERAGE MONTHLY: 60.3 TOTAL FOR MONTH: 4.69 1 = FOG OR MIST
DPTR FM NORMAL: 1.4 DPTR FM NORMAL: -0.23 2 = FOG REDUCING VISIBILITY
HIGHEST: 84 ON 30, 6 GRTST 24HR 1.60 ON 31-31 TO 1/4 MILE OR LESS
LOWEST: 25 ON 13 3 = THUNDER
SNOW, ICE PELLETS, HAIL 4 = ICE PELLETS
TOTAL MONTH: 0.0 INCH 5 = HAIL
GRTST 24HR 0.0 6 = FREEZING RAIN OR DRIZZLE
GRTST DEPTH: 0 7 = DUSTSTORM OR SANDSTORM:
VSBY 1/2 MILE OR LESS
8 = SMOKE OR HAZE
[NO. OF DAYS WITH] [WEATHER - DAYS WITH] 9 = BLOWING SNOW
X = TORNADO
MAX 32 OR BELOW: 0 0.01 INCH OR MORE: 8
MAX 90 OR ABOVE: 0 0.10 INCH OR MORE: 8
MIN 32 OR BELOW: 3 0.50 INCH OR MORE: 3
MIN 0 OR BELOW: 0 1.00 INCH OR MORE: 2
[HDD (BASE 65) ]
TOTAL THIS MO. 162 CLEAR (SCALE 0-3) 19
DPTR FM NORMAL -60 PTCLDY (SCALE 4-7) 10
TOTAL FM JUL 1 1624 CLOUDY (SCALE 8-10) 2
DPTR FM NORMAL -242
[CDD (BASE 65) ]
TOTAL THIS MO. 26
DPTR FM NORMAL -5 [PRESSURE DATA]
TOTAL FM JAN 1 49 HIGHEST SLP 30.51 ON 13
DPTR FM NORMAL 9 LOWEST SLP 29.55 ON 12
[REMARKS]
#FINAL-03-22#