000
CXUS55 KOHX 011110
CF6CSV
PRELIMINARY LOCAL CLIMATOLOGICAL DATA (WS FORM: F-6)
STATION: CROSSVILLE
MONTH: JULY
YEAR: 2023
LATITUDE: 35 57 N
LONGITUDE: 85 5 W
TEMPERATURE IN F: :PCPN: SNOW: WIND :SUNSHINE: SKY :PK WND
================================================================================
1 2 3 4 5 6A 6B 7 8 9 10 11 12 13 14 15 16 17 18
12Z AVG MX 2MIN
DY MAX MIN AVG DEP HDD CDD WTR SNW DPTH SPD SPD DIR MIN PSBL S-S WX SPD DR
================================================================================
1 87 63 75 2 0 10 0.04 M M 4.3 31 310 M M 2 13 49 320
2 85 64 75 2 0 10 0.04 M M 5.8 20 260 M M 1 138 29 230
3 84 69 77 4 0 12 0.00 M M 6.3 16 280 M M 5 1 24 270
4 84 65 75 2 0 10 0.00 M M 2.6 13 80 M M 4 13 19 90
5 83 65 74 0 0 9 0.28 M M 2.0 20 250 M M 5 13 33 260
6 84 66 75 1 0 10 0.00 M M 4.2 14 280 M M 2 13 20 260
7 85 66 76 2 0 11 0.00 M M 3.4 10 340 M M 2 1 14 350
8 83 63 73 -1 0 8 0.06 M M 3.3 15 300 M M 3 13 26 300
9 74 65 70 -4 0 5 0.06 M M 5.1 13 260 M M 6 1 16 270
10 80 59 70 -4 0 5 0.00 M M 4.4 12 20 M M 1 1 19 50
11 82 54 68 -6 0 3 0.00 M M 1.7 9 250 M M 1 1 13 220
12 84 57 71 -3 0 6 0.00 M M 3.2 12 270 M M 1 19 260
13 85 70 78 4 0 13 0.00 M M 4.7 13 270 M M 4 20 260
14 86 71 79 5 0 14 T M M 4.4 10 280 M M 5 1 15 300
15 80 69 75 1 0 10 0.54 M M 4.8 16 270 M M 5 123 25 280
16 81 63 72 -2 0 7 0.00 M M 5.0 14 280 M M 5 18 20 340
17 84 60 72 -2 0 7 0.00 M M 2.3 18 330 M M 0 18 26 320
18 85 65 75 1 0 10 0.10 M M 3.5 32 280 M M 3 138 45 280
19 77 64 71 -3 0 6 0.65 M M 2.5 14 290 M M 5 13 25 220
20 73 64 69 -5 0 4 3.28 M M 4.2 31 60 M M 7 13 36 60
21 82 64 73 -1 0 8 0.04 M M 4.5 13 290 M M 5 123 18 350
22 78 63 71 -3 0 6 0.00 M M 3.5 12 330 M M 6 1 17 330
23 81 60 71 -3 0 6 0.00 M M 1.6 10 330 M M 2 1 15 330
24 82 58 70 -4 0 5 0.00 M M 2.8 9 250 M M 1 1 14 280
25 85 65 75 1 0 10 0.00 M M 4.3 14 280 M M 1 19 280
26 86 64 75 1 0 10 0.00 M M 3.0 14 270 M M 1 1 20 260
27 86 67 77 3 0 12 T M M 2.7 12 260 M M 2 17 260
28 88 66 77 3 0 12 0.00 M M 3.0 12 270 M M 0 1 14 280
29 87 67 77 3 0 12 0.41 M M 5.5 30 330 M M 2 13 45 340
30 82 66 74 0 0 9 0.06 M M 5.2 13 330 M M 4 1 17 360
31 83 63 73 -1 0 8 0.00 M M 3.8 12 320 M M 1 1 16 330
================================================================================
SM 2566 1985 0 268 5.56 M 117.6 M 92
================================================================================
AV 82.8 64.0 3.8 FASTST M M 3 MAX(MPH)
MISC ----> 32 280 49 320
================================================================================
NOTES:
# LAST OF SEVERAL OCCURRENCES
COLUMN 17 PEAK WIND IN M.P.H.
PRELIMINARY LOCAL CLIMATOLOGICAL DATA (WS FORM: F-6) , PAGE 2
STATION: CROSSVILLE
MONTH: JULY
YEAR: 2023
LATITUDE: 35 57 N
LONGITUDE: 85 5 W
[TEMPERATURE DATA] [PRECIPITATION DATA] SYMBOLS USED IN COLUMN 16
AVERAGE MONTHLY: 73.4 TOTAL FOR MONTH: 5.56 1 = FOG OR MIST
DPTR FM NORMAL: -0.4 DPTR FM NORMAL: 0.10 2 = FOG REDUCING VISIBILITY
HIGHEST: 88 ON 28 GRTST 24HR 3.28 ON 20-20 TO 1/4 MILE OR LESS
LOWEST: 54 ON 11 3 = THUNDER
SNOW, ICE PELLETS, HAIL 4 = ICE PELLETS
TOTAL MONTH: M 5 = HAIL
GRTST 24HR M ON M 6 = FREEZING RAIN OR DRIZZLE
GRTST DEPTH: M ON M 7 = DUSTSTORM OR SANDSTORM:
VSBY 1/2 MILE OR LESS
8 = SMOKE OR HAZE
[NO. OF DAYS WITH] [WEATHER - DAYS WITH] 9 = BLOWING SNOW
X = TORNADO
MAX 32 OR BELOW: 0 0.01 INCH OR MORE: 12
MAX 90 OR ABOVE: 0 0.10 INCH OR MORE: 6
MIN 32 OR BELOW: 0 0.50 INCH OR MORE: 3
MIN 0 OR BELOW: 0 1.00 INCH OR MORE: 1
[HDD (BASE 65) ]
TOTAL THIS MO. 0 CLEAR (SCALE 0-3) 17
DPTR FM NORMAL -1 PTCLDY (SCALE 4-7) 14
TOTAL FM JUL 1 0 CLOUDY (SCALE 8-10) 0
DPTR FM NORMAL 0
[CDD (BASE 65) ]
TOTAL THIS MO. 268
DPTR FM NORMAL -6 [PRESSURE DATA]
TOTAL FM JAN 1 411 HIGHEST SLP 30.22 ON 19
DPTR FM NORMAL -108 LOWEST SLP 29.83 ON 15
[REMARKS]
#FINAL-07-23#