000
CXUS56 KTFX 141427
CF6CTB
PRELIMINARY LOCAL CLIMATOLOGICAL DATA (WS FORM: F-6)
STATION: CUT BANK MT
MONTH: APRIL
YEAR: 2021
LATITUDE: 48 37 N
LONGITUDE: 112 23 W
TEMPERATURE IN F: :PCPN: SNOW: WIND :SUNSHINE: SKY :PK WND
================================================================================
1 2 3 4 5 6A 6B 7 8 9 10 11 12 13 14 15 16 17 18
12Z AVG MX 2MIN
DY MAX MIN AVG DEP HDD CDD WTR SNW DPTH SPD SPD DIR MIN PSBL S-S WX SPD DR
================================================================================
1 67 36 52 15 13 0 0.00 M 0 22.2 41 240 M M 0 52 250
2 63 36 50 13 15 0 0.00 M 0 17.1 35 250 M M 0 46 250
3 64 28 46 9 19 0 0.00 M 0 12.7 30 250 M M 0 39 250
4 61 32 47 10 18 0 0.03 M 0 22.1 44 240 M M 2 1 54 250
5 48 28 38 0 27 0 0.03 M T 8.5 17 200 M M 4 1 22 230
6 59 27 43 5 22 0 0.00 M 0 11.6 25 240 M M 0 31 240
7 64 40 52 14 13 0 0.00 M 0 21.3 32 250 M M 0 43 260
8 52 27 40 2 25 0 0.04 M 0 12.9 33 320 M M 6 12 42 260
9 49 23 36 -3 29 0 0.00 M T 19.5 35 240 M M 0 1 44 250
10 45 29 37 -2 28 0 0.06 M 0 24.0 38 240 M M 5 12 49 240
11 38 19 29 -10 36 0 T M 1 14.8 30 330 M M 6 1 36 320
12 39 14 27 -12 38 0 0.00 M 0 11.6 22 350 M M 6 30 10
13 38 16 27 -13 38 0 0.00 M 0 10.1 23 40 M M 6 29 40
14 43 24 34 -6 31 0 T M 0 7.2 15 10 M M 9 8 18 360
15 53 20 37 -3 28 0 0.00 M 0 9.6 21 30 M M 6 27 10
16 59 19 39 -1 26 0 0.00 M 0 5.5 16 330 M M 0 21 290
17 68 25 47 7 18 0 0.00 M 0 8.2 20 360 M M 0 28 340
18 44 24 34 -7 31 0 0.15 M 0 16.1 36 350 M M 5 12 45 350
19 36 19 28 -13 37 0 0.01 M 1 14.4 29 320 M M 7 1 35 340
20 46 26 36 -5 29 0 0.00 M 0 6.7 12 300 M M 5 15 350
21 60 22 41 0 24 0 0.00 M 0 8.5 20 250 M M 0 25 230
22 41 25 33 -9 32 0 0.03 M 0 18.7 37 360 M M 7 18 46 360
23 35 20 28 -14 37 0 0.02 M T 6.8 13 130 M M 8 18 18 130
24 34 27 31 -11 34 0 0.21 M 1 7.0 14 120 M M 10 18 18 120
25 43 31 37 -5 28 0 0.05 M T 4.1 10 20 M M 10 12 15 10
26 55 27 41 -2 24 0 0.00 M 0 9.1 22 260 M M 5 12 32 260
27 62 30 46 3 19 0 0.00 M 0 13.2 31 240 M M 0 41 230
28 65 40 53 10 12 0 0.00 M 0 20.6 36 240 M M 1 44 240
29 70 48 59 15 6 0 0.01 M 0 15.6 30 290 M M 3 37 280
30 73 52 63 19 2 0 0.00 M 0 18.3 41 240 M M 0 52 230
================================================================================
SM 1574 834 739 0 0.64 M 398.0 M 111
================================================================================
AV 52.5 27.8 13.3 FASTST M M 4 MAX(MPH)
MISC ----> 44 240 54 250
================================================================================
NOTES:
# LAST OF SEVERAL OCCURRENCES
COLUMN 17 PEAK WIND IN M.P.H.
PRELIMINARY LOCAL CLIMATOLOGICAL DATA (WS FORM: F-6) , PAGE 2
STATION: CUT BANK MT
MONTH: APRIL
YEAR: 2021
LATITUDE: 48 37 N
LONGITUDE: 112 23 W
[TEMPERATURE DATA] [PRECIPITATION DATA] SYMBOLS USED IN COLUMN 16
AVERAGE MONTHLY: 40.1 TOTAL FOR MONTH: 0.64 1 = FOG OR MIST
DPTR FM NORMAL: -0.1 DPTR FM NORMAL: -0.31 2 = FOG REDUCING VISIBILITY
HIGHEST: 73 ON 30 GRTST 24HR 0.21 ON 24-24 TO 1/4 MILE OR LESS
LOWEST: 14 ON 12 3 = THUNDER
SNOW, ICE PELLETS, HAIL 4 = ICE PELLETS
TOTAL MONTH: M 5 = HAIL
GRTST 24HR M ON M 6 = FREEZING RAIN OR DRIZZLE
GRTST DEPTH: 1 ON 24,19 7 = DUSTSTORM OR SANDSTORM:
VSBY 1/2 MILE OR LESS
8 = SMOKE OR HAZE
[NO. OF DAYS WITH] [WEATHER - DAYS WITH] 9 = BLOWING SNOW
X = TORNADO
MAX 32 OR BELOW: 0 0.01 INCH OR MORE: 11
MAX 90 OR ABOVE: 0 0.10 INCH OR MORE: 2
MIN 32 OR BELOW: 24 0.50 INCH OR MORE: 0
MIN 0 OR BELOW: 0 1.00 INCH OR MORE: 0
[HDD (BASE 65) ]
TOTAL THIS MO. 739 CLEAR (SCALE 0-3) 14
DPTR FM NORMAL -5 PTCLDY (SCALE 4-7) 12
TOTAL FM JUL 1 7546 CLOUDY (SCALE 8-10) 4
DPTR FM NORMAL -321
[CDD (BASE 65) ]
TOTAL THIS MO. 0
DPTR FM NORMAL 0 [PRESSURE DATA]
TOTAL FM JAN 1 0 HIGHEST SLP 30.59 ON 13
DPTR FM NORMAL 0 LOWEST SLP 29.62 ON 10
[REMARKS]
#FINAL-04-21#