000
CXUS52 KTAE 010800
CF6CTY
PRELIMINARY LOCAL CLIMATOLOGICAL DATA (WS FORM: F-6)
STATION: CROSS CITY
MONTH: APRIL
YEAR: 2021
LATITUDE: 29 37 N
LONGITUDE: 83 6 W
TEMPERATURE IN F: :PCPN: SNOW: WIND :SUNSHINE: SKY :PK WND
================================================================================
1 2 3 4 5 6A 6B 7 8 9 10 11 12 13 14 15 16 17 18
12Z AVG MX 2MIN
DY MAX MIN AVG DEP HDD CDD WTR SNW DPTH SPD SPD DIR MIN PSBL S-S WX SPD DR
================================================================================
1 68 50 59 -6 6 0 0.02 0.0 0 10.4 20 10 M M 3 27 10
2 64 41 53 -12 12 0 0.00 0.0 0 9.9 18 20 M M 0 24 50
3 72 33 53 -12 12 0 0.00 0.0 0 4.2 9 30 M M 0 16 50
4 75 42 59 -6 6 0 0.00 0.0 M 4.2 15 280 M M 0 8 M M
5 78 43 61 -4 4 0 0.00 0.0 M 3.6 12 240 M M 1 17 300
6 81 47 64 -1 1 0 0.00 M M 3.4 14 230 M M 1 16 220
7 82 46 64 -2 1 0 0.00 M M 3.6 13 260 M M 0 8 17 260
8 79 51 65 -1 0 0 0.00 0.0 M 5.0 22 170 M M 1 1 25 170
9 80 56 68 2 0 3 0.00 M M 4.0 14 180 M M 1 18 160
10 81 55 68 2 0 3 0.00 0.0 M 6.6 18 190 M M 3 31 170
11 69 54 62 -4 3 0 0.26 0.0 0 4.2 13 230 M M 5 13 M M
12 85 57 71 5 0 6 0.01 0.0 0 5.0 14 260 M M 3 1 18 260
13 92 50 71 5 0 6 0.01 0.0 0 3.2 10 230 M M 0 1 M M
14 85 60 73 6 0 8 0.00 0.0 0 6.2 13 200 M M 0 1 20 170
15 78 59 69 2 0 4 0.02 0.0 0 5.6 14 250 M M 2 1 23 250
16 74 63 69 2 0 4 0.44 0.0 0 3.5 M 99 M M 8 18 M M
17 79 60 70 3 0 5 0.67 0.0 0 3.6 10 20 M M 8 1 12 20
18 76 65 71 4 0 6 1.07 0.0 0 3.3 9 310 M M 8 1 M M
19 79 58 69 2 0 4 0.02 0.0 0 4.8 9 250 M M 3 M M
20 82 57 70 2 0 5 0.03 0.0 M 4.3 12 200 M M 5 M M
21 84 58 71 3 0 6 0.00 0.0 M 6.6 14 250 M M 0 1 20 300
22 74 51 63 -5 2 0 0.00 0.0 0 9.1 17 20 M M 0 21 20
23 81 50 66 -2 0 1 0.00 0.0 0 4.6 9 90 M M 0 M M
24 82 65 74 6 0 9 0.00 0.0 0 14.2 25 190 M M 7 18 35 190
25 83 61 72 3 0 7 0.00 0.0 0 8.8 17 220 M M 3 1 31 230
26 86 55 71 2 0 6 0.00 0.0 0 3.7 8 80 M M 1 M M
27 87 59 73 4 0 8 0.00 0.0 0 3.8 9 70 M M 0 M M
28 86 61 74 5 0 9 0.00 0.0 0 4.8 10 230 M M 0 16 160
29 86 62 74 4 0 9 0.00 0.0 0 6.2 16 200 M M 1 20 240
30 85 62 74 4 0 9 0.00 0.0 M 5.8 13 270 M M 4 1 20 260
================================================================================
SM 2393 1631 47 118 2.55 0.0 166.2 M 68
================================================================================
AV 79.8 54.4 5.5 FASTST M M 2 MAX(MPH)
MISC ----> 25 190 35 190
================================================================================
NOTES:
# LAST OF SEVERAL OCCURRENCES
COLUMN 17 PEAK WIND IN M.P.H.
PRELIMINARY LOCAL CLIMATOLOGICAL DATA (WS FORM: F-6) , PAGE 2
STATION: CROSS CITY
MONTH: APRIL
YEAR: 2021
LATITUDE: 29 37 N
LONGITUDE: 83 6 W
[TEMPERATURE DATA] [PRECIPITATION DATA] SYMBOLS USED IN COLUMN 16
AVERAGE MONTHLY: 67.1 TOTAL FOR MONTH: 2.55 1 = FOG OR MIST
DPTR FM NORMAL: 0.1 DPTR FM NORMAL: -0.41 2 = FOG REDUCING VISIBILITY
HIGHEST: 92 ON 13 GRTST 24HR 1.07 ON 18-18 TO 1/4 MILE OR LESS
LOWEST: 33 ON 3 3 = THUNDER
SNOW, ICE PELLETS, HAIL 4 = ICE PELLETS
TOTAL MONTH: 0.0 INCH 5 = HAIL
GRTST 24HR 0.0 6 = FREEZING RAIN OR DRIZZLE
GRTST DEPTH: 0 7 = DUSTSTORM OR SANDSTORM:
VSBY 1/2 MILE OR LESS
8 = SMOKE OR HAZE
[NO. OF DAYS WITH] [WEATHER - DAYS WITH] 9 = BLOWING SNOW
X = TORNADO
MAX 32 OR BELOW: 0 0.01 INCH OR MORE: 10
MAX 90 OR ABOVE: 1 0.10 INCH OR MORE: 4
MIN 32 OR BELOW: 0 0.50 INCH OR MORE: 2
MIN 0 OR BELOW: 0 1.00 INCH OR MORE: 1
[HDD (BASE 65) ]
TOTAL THIS MO. 47 CLEAR (SCALE 0-3) 22
DPTR FM NORMAL -1 PTCLDY (SCALE 4-7) 7
TOTAL FM JUL 1 1005 CLOUDY (SCALE 8-10) 1
DPTR FM NORMAL -300
[CDD (BASE 65) ]
TOTAL THIS MO. 118
DPTR FM NORMAL 10 [PRESSURE DATA]
TOTAL FM JAN 1 298 HIGHEST SLP M ON M
DPTR FM NORMAL 116 LOWEST SLP M ON M
[REMARKS]
#FINAL-04-21#