000
CXUS53 KUNR 011030
CF6CUT
PRELIMINARY LOCAL CLIMATOLOGICAL DATA (WS FORM: F-6)
STATION: CUSTER COUNTY AIRPORT SD
MONTH: JANUARY
YEAR: 2023
LATITUDE: 43 43 N
LONGITUDE: 103 37 W
TEMPERATURE IN F: :PCPN: SNOW: WIND :SUNSHINE: SKY :PK WND
================================================================================
1 2 3 4 5 6A 6B 7 8 9 10 11 12 13 14 15 16 17 18
12Z AVG MX 2MIN
DY MAX MIN AVG DEP HDD CDD WTR SNW DPTH SPD SPD DIR MIN PSBL S-S WX SPD DR
================================================================================
1 36 21 29 4 36 0 0.03 M M 4.5 10 50 M M 9 1 14 30
2 26 21 24 -1 41 0 0.22 M M 8.6 17 60 M M 10 16 22 60
3 29 13 21 -4 44 0 0.00 M M 2.9 10 260 M M 6 17 260
4 31 12 22 -3 43 0 0.00 M M 6.4 20 310 M M 3 34 270
5 36 12 24 -1 41 0 0.00 M M 6.1 18 270 M M 0 24 270
6 36 15 26 0 39 0 0.00 M M 2.6 14 270 M M 0 19 270
7 43 13 28 2 37 0 0.00 M M 4.4 14 270 M M 1 19 260
8 42 21 32 6 33 0 0.00 M M 10.6 23 250 M M 0 40 270
9 43 26 35 9 30 0 0.00 M M 7.8 15 280 M M 0 23 260
10 45 25 35 9 30 0 0.00 M M 4.7 17 250 M M 4 29 240
11 36 21 29 3 36 0 0.00 M M 2.9 10 360 M M 5 17 350
12 42 19 31 5 34 0 0.00 M M 4.0 13 260 M M 0 21 270
13 53 25 39 13 26 0 0.00 M M 6.1 16 270 M M 0 23 270
14 47 31 39 13 26 0 0.00 M M 9.4 23 260 M M 0 35 260
15 45 27 36 11 29 0 0.06 M M 5.8 16 270 M M 5 1 23 250
16 33 28 31 6 34 0 0.15 M M 1.2 7 60 M M 10 1 9 80
17 32 22 27 2 38 0 T M M 2.7 9 30 M M 9 12 12 20
18 31 17 24 -1 41 0 T M M 5.1 12 20 M M 6 1 18 10
19 35 10 23 -2 42 0 0.00 M M 4.9 15 290 M M 0 22 320
20 38 17 28 3 37 0 0.00 M M 3.6 13 80 M M 4 17 140
21 31 12 22 -3 43 0 T M M 5.9 17 280 M M 6 1 26 300
22 37 15 26 1 39 0 0.00 M M 3.3 10 270 M M 8 14 360
23 34 19 27 2 38 0 0.01 M M 6.2 15 270 M M 3 1 22 260
24 33 21 27 2 38 0 T M M 7.5 18 300 M M 5 33 310
25 28 19 24 -1 41 0 0.03 M M 6.2 15 320 M M 9 18 27 330
26 31 13 22 -3 43 0 0.04 M M 11.5 24 310 M M 7 128 43 310
27 35 20 28 4 37 0 0.05 M M 9.6 24 300 M M 6 1 42 300
28 22 -6 8 -16 57 0 0.16 M M 7.7 15 60 M M 10 18 21 50
29 -2 -19 -10 -34 75 0 0.04 M M 3.7 9 90 M M 9 18 14 230
30 8 -24 -8 -32 73 0 0.00 M M 6.9 16 270 M M 0 22 270
31 22 -2 10 -14 55 0 0.00 M M 7.6 18 280 M M 0 26 270
================================================================================
SM 1038 464 1256 0 0.79 M 180.4 M 135
================================================================================
AV 33.5 15.0 5.8 FASTST M M 4 MAX(MPH)
MISC ----> # 24 310 43 310
================================================================================
NOTES:
# LAST OF SEVERAL OCCURRENCES
COLUMN 17 PEAK WIND IN M.P.H.
PRELIMINARY LOCAL CLIMATOLOGICAL DATA (WS FORM: F-6) , PAGE 2
STATION: CUSTER COUNTY AIRPORT SD
MONTH: JANUARY
YEAR: 2023
LATITUDE: 43 43 N
LONGITUDE: 103 37 W
[TEMPERATURE DATA] [PRECIPITATION DATA] SYMBOLS USED IN COLUMN 16
AVERAGE MONTHLY: 24.2 TOTAL FOR MONTH: 0.79 1 = FOG OR MIST
DPTR FM NORMAL: -0.9 DPTR FM NORMAL: 0.38 2 = FOG REDUCING VISIBILITY
HIGHEST: 53 ON 13 GRTST 24HR 0.22 ON 2- 2 TO 1/4 MILE OR LESS
LOWEST: -24 ON 30 3 = THUNDER
SNOW, ICE PELLETS, HAIL 4 = ICE PELLETS
TOTAL MONTH: M 5 = HAIL
GRTST 24HR M ON M 6 = FREEZING RAIN OR DRIZZLE
GRTST DEPTH: M ON M 7 = DUSTSTORM OR SANDSTORM:
VSBY 1/2 MILE OR LESS
8 = SMOKE OR HAZE
[NO. OF DAYS WITH] [WEATHER - DAYS WITH] 9 = BLOWING SNOW
X = TORNADO
MAX 32 OR BELOW: 12 0.01 INCH OR MORE: 10
MAX 90 OR ABOVE: 0 0.10 INCH OR MORE: 3
MIN 32 OR BELOW: 31 0.50 INCH OR MORE: 0
MIN 0 OR BELOW: 4 1.00 INCH OR MORE: 0
[HDD (BASE 65) ]
TOTAL THIS MO. 1256 CLEAR (SCALE 0-3) 11
DPTR FM NORMAL 19 PTCLDY (SCALE 4-7) 13
TOTAL FM JUL 1 4499 CLOUDY (SCALE 8-10) 7
DPTR FM NORMAL -55
[CDD (BASE 65) ]
TOTAL THIS MO. 0
DPTR FM NORMAL 0 [PRESSURE DATA]
TOTAL FM JAN 1 0 HIGHEST SLP 30.47 ON 29
DPTR FM NORMAL 0 LOWEST SLP 29.44 ON 16
[REMARKS]
#FINAL-01-23#