000
CXUS54 KEWX 011111
CF6CVB
PRELIMINARY LOCAL CLIMATOLOGICAL DATA (WS FORM: F-6)
STATION: CASTROVILLE
MONTH: DECEMBER
YEAR: 2023
LATITUDE: 29 20 N
LONGITUDE: 98 51 W
TEMPERATURE IN F: :PCPN: SNOW: WIND :SUNSHINE: SKY :PK WND
================================================================================
1 2 3 4 5 6A 6B 7 8 9 10 11 12 13 14 15 16 17 18
12Z AVG MX 2MIN
DY MAX MIN AVG DEP HDD CDD WTR SNW DPTH SPD SPD DIR MIN PSBL S-S WX SPD DR
================================================================================
1 80 53 67 M 0 2 0.00 M M 4.8 12 330 M M 1 128 M M
2 75 49 62 M 3 0 0.00 M M 4.2 9 280 M M 2 8 M M
3 78 46 62 M 3 0 0.00 M M 6.8 13 240 M M 0 8 16 230
4 74 46 60 M 5 0 0.00 M M 5.5 12 40 M M 0 8 M M
5 75 42 59 M 6 0 0.00 M M 2.9 8 310 M M 0 M M
6 73 45 59 M 6 0 0.00 M M 4.1 8 120 M M 0 8 M M
7 74 46 60 M 5 0 0.00 M M 5.1 13 170 M M 9 8 17 190
8 75 58 67 M 0 2 0.00 M M 5.4 9 160 M M 6 18 M M
9 82 56 69 M 0 4 0.00 M M 7.0 18 360 M M 5 18 25 10
10 64 36 50 M 15 0 0.00 M M 5.6 14 360 M M 0 8 20 360
11 69 32 51 M 14 0 0.00 M M 3.9 7 200 M M 0 8 M M
12 72 39 56 M 9 0 0.00 M M 6.8 14 140 M M 8 18 22 140
13 62 55 59 M 6 0 0.15 M M 9.0 15 90 M M 10 18 21 90
14 64 54 59 M 6 0 0.01 M M 5.9 12 80 M M 10 18 M M
15 65 57 61 M 4 0 0.12 M M 4.6 9 110 M M 9 1 16 110
16 71 43 57 M 8 0 0.00 M M 6.2 13 340 M M 0 18 17 340
17 74 37 56 M 9 0 0.00 M M 5.2 12 220 M M 0 8 M M
18 76 43 60 M 5 0 0.00 M M 6.8 12 70 M M 0 8 M M
19 73 42 58 M 7 0 0.00 0.0 M 3.8 14 150 M M 0 8 17 150
20 75 47 61 M 4 0 0.00 M M 3.9 15 180 M M 6 18 21 170
21 68 62 65 M 0 0 0.00 M M 5.3 8 100 M M 10 18 M M
22 74 64 69 M 0 4 0.00 M M 2.1 6 100 M M 9 18 M M
23 73 66 70 M 0 5 0.00 M M 6.5 10 190 M M 9 18 18 170
24 77 52 65 M 0 0 0.48 M M 7.4 14 290 M M 5 1 21 280
25 60 45 53 M 12 0 0.00 M M 7.5 14 350 M M 1 8 23 360
26 62 38 50 M 15 0 0.00 M M 3.7 9 210 M M 4 18 M M
27 72 39 56 M 9 0 0.00 M M 6.6 13 280 M M 0 18 M M
28 65 37 51 M 14 0 0.00 M M 4.4 9 300 M M 0 18 M M
29 66 34 50 M 15 0 0.00 M M 5.9 12 290 M M 0 8 17 300
30 73 36 55 M 10 0 0.00 M M 6.1 10 240 M M 0 8 17 240
31 76 37 57 M 8 0 0.00 M M 4.7 8 200 M M 0 8 18 180
================================================================================
SM 2217 1436 198 17 0.76 0.0 167.7 M 104
================================================================================
AV 71.5 46.3 5.4 FASTST M M 3 MAX(MPH)
MISC ----> 18 360 25 10
================================================================================
NOTES:
# LAST OF SEVERAL OCCURRENCES
COLUMN 17 PEAK WIND IN M.P.H.
PRELIMINARY LOCAL CLIMATOLOGICAL DATA (WS FORM: F-6) , PAGE 2
STATION: CASTROVILLE
MONTH: DECEMBER
YEAR: 2023
LATITUDE: 29 20 N
LONGITUDE: 98 51 W
[TEMPERATURE DATA] [PRECIPITATION DATA] SYMBOLS USED IN COLUMN 16
AVERAGE MONTHLY: 58.9 TOTAL FOR MONTH: 0.76 1 = FOG OR MIST
DPTR FM NORMAL: 0.0 DPTR FM NORMAL: M 2 = FOG REDUCING VISIBILITY
HIGHEST: 82 ON 9 GRTST 24HR 0.48 ON 24-24 TO 1/4 MILE OR LESS
LOWEST: 32 ON 11 3 = THUNDER
SNOW, ICE PELLETS, HAIL 4 = ICE PELLETS
TOTAL MONTH: 0.0 INCH 5 = HAIL
GRTST 24HR 0.0 6 = FREEZING RAIN OR DRIZZLE
GRTST DEPTH: M ON M 7 = DUSTSTORM OR SANDSTORM:
VSBY 1/2 MILE OR LESS
8 = SMOKE OR HAZE
[NO. OF DAYS WITH] [WEATHER - DAYS WITH] 9 = BLOWING SNOW
X = TORNADO
MAX 32 OR BELOW: 0 0.01 INCH OR MORE: 4
MAX 90 OR ABOVE: 0 0.10 INCH OR MORE: 3
MIN 32 OR BELOW: 1 0.50 INCH OR MORE: 0
MIN 0 OR BELOW: 0 1.00 INCH OR MORE: 0
[HDD (BASE 65) ]
TOTAL THIS MO. 198 CLEAR (SCALE 0-3) 18
DPTR FM NORMAL M PTCLDY (SCALE 4-7) 6
TOTAL FM JUL 1 335 CLOUDY (SCALE 8-10) 7
DPTR FM NORMAL M
[CDD (BASE 65) ]
TOTAL THIS MO. 17
DPTR FM NORMAL M [PRESSURE DATA]
TOTAL FM JAN 1 3430 HIGHEST SLP M ON M
DPTR FM NORMAL M LOWEST SLP M ON M
[REMARKS]
#FINAL-12-23#