000
CXUS54 KEWX 011011
CF6CVB
PRELIMINARY LOCAL CLIMATOLOGICAL DATA (WS FORM: F-6)
STATION: CASTROVILLE
MONTH: OCTOBER
YEAR: 2023
LATITUDE: 29 20 N
LONGITUDE: 98 51 W
TEMPERATURE IN F: :PCPN: SNOW: WIND :SUNSHINE: SKY :PK WND
================================================================================
1 2 3 4 5 6A 6B 7 8 9 10 11 12 13 14 15 16 17 18
12Z AVG MX 2MIN
DY MAX MIN AVG DEP HDD CDD WTR SNW DPTH SPD SPD DIR MIN PSBL S-S WX SPD DR
================================================================================
1 94 78 86 M 0 21 0.00 M M 7.0 13 110 M M 6 8 21 130
2 90 74 82 M 0 17 0.00 M M 4.3 9 100 M M 5 18 18 150
3 97 72 85 M 0 20 0.00 M M 3.7 7 130 M M 5 18 M M
4 98 80 89 M 0 24 0.00 M M 7.0 12 180 M M 5 8 22 170
5 84 73 79 M 0 14 0.41 M M 6.3 13 330 M M 6 18 29 350
6 88 69 79 M 0 14 0.00 M M 6.5 13 60 M M 1 18 17 70
7 82 65 74 M 0 9 0.00 M M 5.6 13 50 M M 0 8 21 40
8 80 55 68 M 0 3 0.00 M M 3.6 8 190 M M 0 8 M M
9 84 59 72 M 0 7 0.00 M M 6.1 15 210 M M 2 8 23 210
10 79 68 74 M 0 9 0.00 M M 4.6 13 150 M M 9 18 16 170
11 78 67 73 M 0 8 0.19 M M 3.4 8 140 M M 9 18 M M
12 86 70 78 M 0 13 0.00 M M 7.6 13 210 M M 8 18 17 210
13 90 76 83 M 0 18 0.00 M M 3.9 13 50 M M 8 1 20 50
14 84 62 73 M 0 8 0.00 M M 7.1 14 50 M M 4 8 25 50
15 82 56 69 M 0 4 0.00 M M 7.3 15 360 M M 4 8 25 360
16 80 48 64 M 1 0 0.00 M M 6.4 15 340 M M 0 8 22 260
17 80 46 63 M 2 0 0.00 M M 3.4 7 220 M M 0 8 M M
18 86 48 67 M 0 2 0.00 M M 5.8 15 160 M M 0 8 20 190
19 93 58 76 M 0 11 0.00 M M 5.8 12 10 M M 0 18 10
20 97 56 77 M 0 12 0.00 M M 5.8 9 310 M M 0 M M
21 94 59 77 M 0 12 0.00 M M 6.5 13 160 M M 0 18 150
22 90 72 81 M 0 16 0.00 M M 6.3 12 140 M M 5 1 21 140
23 85 76 81 M 0 16 0.07 M M 11.9 20 140 M M 8 8 32 140
24 86 76 81 M 0 16 0.08 M M 13.2 20 170 M M 10 8 25 170
25 91 77 84 M 0 19 0.00 M M 12.1 18 170 M M 9 18 25 150
26 87 77 82 M 0 17 0.59 M M 8.8 17 150 M M 8 18 24 150
27 91 78 85 M 0 20 0.03 M M 7.4 10 130 M M 7 18 22 150
28 90 75 83 M 0 18 0.00 M M 8.3 17 150 M M 8 18 24 150
29 89 47 68 M 0 3 0.10 M M 10.0 16 30 M M 8 26 110
30 50 45 48 M 17 0 0.16 M M 11.2 20 10 M M 10 8 26 20
31 64 42 53 M 12 0 0.00 M M 6.4 12 50 M M 6 8 20 50
================================================================================
SM 2649 2004 32 351 1.63 M 213.5 M 151
================================================================================
AV 85.5 64.6 6.9 FASTST M M 5 MAX(MPH)
MISC ----> 20 170 32 140
================================================================================
NOTES:
# LAST OF SEVERAL OCCURRENCES
COLUMN 17 PEAK WIND IN M.P.H.
PRELIMINARY LOCAL CLIMATOLOGICAL DATA (WS FORM: F-6) , PAGE 2
STATION: CASTROVILLE
MONTH: OCTOBER
YEAR: 2023
LATITUDE: 29 20 N
LONGITUDE: 98 51 W
[TEMPERATURE DATA] [PRECIPITATION DATA] SYMBOLS USED IN COLUMN 16
AVERAGE MONTHLY: 75.0 TOTAL FOR MONTH: 1.63 1 = FOG OR MIST
DPTR FM NORMAL: 0.0 DPTR FM NORMAL: M 2 = FOG REDUCING VISIBILITY
HIGHEST: 98 ON 4 GRTST 24HR 0.59 ON 26-26 TO 1/4 MILE OR LESS
LOWEST: 42 ON 31 3 = THUNDER
SNOW, ICE PELLETS, HAIL 4 = ICE PELLETS
TOTAL MONTH: M 5 = HAIL
GRTST 24HR M ON M 6 = FREEZING RAIN OR DRIZZLE
GRTST DEPTH: M ON M 7 = DUSTSTORM OR SANDSTORM:
VSBY 1/2 MILE OR LESS
8 = SMOKE OR HAZE
[NO. OF DAYS WITH] [WEATHER - DAYS WITH] 9 = BLOWING SNOW
X = TORNADO
MAX 32 OR BELOW: 0 0.01 INCH OR MORE: 8
MAX 90 OR ABOVE: 12 0.10 INCH OR MORE: 5
MIN 32 OR BELOW: 0 0.50 INCH OR MORE: 1
MIN 0 OR BELOW: 0 1.00 INCH OR MORE: 0
[HDD (BASE 65) ]
TOTAL THIS MO. 32 CLEAR (SCALE 0-3) 10
DPTR FM NORMAL M PTCLDY (SCALE 4-7) 14
TOTAL FM JUL 1 32 CLOUDY (SCALE 8-10) 7
DPTR FM NORMAL M
[CDD (BASE 65) ]
TOTAL THIS MO. 351
DPTR FM NORMAL M [PRESSURE DATA]
TOTAL FM JAN 1 3391 HIGHEST SLP M ON M
DPTR FM NORMAL M LOWEST SLP M ON M
[REMARKS]
#FINAL-10-23#