000
CXUS51 KILN 010547
CF6CVG
PRELIMINARY LOCAL CLIMATOLOGICAL DATA (WS FORM: F-6)
STATION: CINCINNATI OH
MONTH: NOVEMBER
YEAR: 2020
LATITUDE: 39 2 N
LONGITUDE: 84 40 W
TEMPERATURE IN F: :PCPN: SNOW: WIND :SUNSHINE: SKY :PK WND
================================================================================
1 2 3 4 5 6A 6B 7 8 9 10 11 12 13 14 15 16 17 18
12Z AVG MX 2MIN
DY MAX MIN AVG DEP HDD CDD WTR SNW DPTH SPD SPD DIR MIN PSBL S-S WX SPD DR
================================================================================
1 53 32 43 -8 22 0 0.00 0.0 0 18.2 36 300 M M 5 45 300
2 50 26 38 -12 27 0 0.00 0.0 0 8.3 15 280 M M 2 23 230
3 64 36 50 0 15 0 0.00 0.0 0 8.5 13 200 M M 0 18 250
4 71 41 56 6 9 0 0.00 0.0 0 9.7 20 190 M M 2 23 180
5 66 48 57 8 8 0 0.00 0.0 0 8.2 14 190 M M 8 19 210
6 70 42 56 7 9 0 0.00 0.0 0 4.5 14 190 M M 2 17 190
7 74 42 58 9 7 0 0.00 0.0 0 3.0 12 180 M M 0 15 200
8 79 53 66 18 0 1 0.00 0.0 0 5.1 12 120 M M 1 13 120
9 79 56 68 20 0 3 0.00 0.0 0 6.4 13 160 M M 1 14 160
10 80 59 70 22 0 5 0.16 0.0 0 13.4 32 180 M M 5 1 43 170
11 68 38 53 6 12 0 0.53 0.0 0 9.7 28 310 M M 7 1 35 310
12 55 35 45 -2 20 0 0.00 0.0 0 6.7 15 70 M M 0 18 19 60
13 59 35 47 1 18 0 0.00 0.0 0 6.5 20 280 M M 3 22 310
14 56 33 45 -1 20 0 T 0.0 0 9.4 24 150 M M 8 33 140
15 62 43 53 7 12 0 0.35 0.0 0 17.5 44 270 M M 7 13 56 260
16 54 36 45 0 20 0 0.00 0.0 0 9.9 21 270 M M 1 28 280
17 46 29 38 -7 27 0 0.00 0.0 0 13.8 25 300 M M 2 31 290
18 48 29 39 -5 26 0 0.00 0.0 0 8.3 16 170 M M 4 20 160
19 64 36 50 6 15 0 0.00 0.0 0 14.2 23 190 M M 5 32 220
20 63 49 56 13 9 0 0.04 0.0 0 10.9 21 220 M M 7 1 30 220
21 56 45 51 8 14 0 0.11 0.0 0 8.5 18 10 M M 10 12 24 20
22 54 38 46 4 19 0 0.22 0.0 0 11.5 26 280 M M 10 12 32 290
23 50 36 43 1 22 0 0.00 0.0 0 6.2 12 310 M M 9 17 310
24 49 39 44 2 21 0 T 0.0 0 8.5 15 140 M M 10 18 130
25 59 44 52 11 13 0 1.37 0.0 0 13.5 25 160 M M 9 1 31 150
26 53 48 51 10 14 0 T 0.0 0 7.0 16 230 M M 10 1 21 240
27 56 43 50 10 15 0 0.00 0.0 0 5.2 13 320 M M 8 16 320
28 50 34 42 2 23 0 0.00 0.0 0 4.9 14 330 M M 2 8 17 340
29 54 29 42 3 23 0 T 0.0 0 3.6 15 320 M M 5 18 18 320
30 47 30 39 0 26 0 0.97 1.2 0 14.9 23 330 M M 10 1 29 290
================================================================================
SM 1789 1184 466 9 3.75 1.2 276.0 M 153
================================================================================
AV 59.6 39.5 9.2 FASTST M M 5 MAX(MPH)
MISC ----> 44 270 56 260
================================================================================
NOTES:
# LAST OF SEVERAL OCCURRENCES
COLUMN 17 PEAK WIND IN M.P.H.
PRELIMINARY LOCAL CLIMATOLOGICAL DATA (WS FORM: F-6) , PAGE 2
STATION: CINCINNATI OH
MONTH: NOVEMBER
YEAR: 2020
LATITUDE: 39 2 N
LONGITUDE: 84 40 W
[TEMPERATURE DATA] [PRECIPITATION DATA] SYMBOLS USED IN COLUMN 16
AVERAGE MONTHLY: 49.6 TOTAL FOR MONTH: 3.75 1 = FOG OR MIST
DPTR FM NORMAL: 4.5 DPTR FM NORMAL: 0.32 2 = FOG REDUCING VISIBILITY
HIGHEST: 80 ON 10 GRTST 24HR 1.37 ON 25-25 TO 1/4 MILE OR LESS
LOWEST: 26 ON 2 3 = THUNDER
SNOW, ICE PELLETS, HAIL 4 = ICE PELLETS
TOTAL MONTH: 1.2 INCHES 5 = HAIL
GRTST 24HR 1.2 ON 30-30 6 = FREEZING RAIN OR DRIZZLE
GRTST DEPTH: 0 7 = DUSTSTORM OR SANDSTORM:
VSBY 1/2 MILE OR LESS
8 = SMOKE OR HAZE
[NO. OF DAYS WITH] [WEATHER - DAYS WITH] 9 = BLOWING SNOW
X = TORNADO
MAX 32 OR BELOW: 0 0.01 INCH OR MORE: 8
MAX 90 OR ABOVE: 0 0.10 INCH OR MORE: 7
MIN 32 OR BELOW: 6 0.50 INCH OR MORE: 3
MIN 0 OR BELOW: 0 1.00 INCH OR MORE: 1
[HDD (BASE 65) ]
TOTAL THIS MO. 466 CLEAR (SCALE 0-3) 12
DPTR FM NORMAL -132 PTCLDY (SCALE 4-7) 11
TOTAL FM JUL 1 794 CLOUDY (SCALE 8-10) 7
DPTR FM NORMAL -166
[CDD (BASE 65) ]
TOTAL THIS MO. 9
DPTR FM NORMAL 9 [PRESSURE DATA]
TOTAL FM JAN 1 1274 HIGHEST SLP 30.65 ON 18
DPTR FM NORMAL 153 LOWEST SLP 29.54 ON 15
[REMARKS]
#FINAL-11-20#